{"id":50387,"date":"2021-04-15T01:07:41","date_gmt":"2021-04-14T23:07:41","guid":{"rendered":"https:\/\/controtempo.org\/location\/teatro-comunale-giuseppe-verdi\/"},"modified":"2021-04-15T01:07:41","modified_gmt":"2021-04-14T23:07:41","slug":"teatro-comunale-giuseppe-verdi","status":"publish","type":"location","link":"https:\/\/controtempo.org\/en\/location\/teatro-comunale-giuseppe-verdi\/","title":{"rendered":"Teatro Comunale Giuseppe Verdi"},"content":{"rendered":"<p style=\"text-align: justify; color: #000000;\">l <strong>teatro comunale Giuseppe Verdi<\/strong> di <strong>Gorizia<\/strong> ha alle spalle una storia lunga oltre 250 anni. Una storia complessa in cui le vicende del teatro si intrecciano, e come potrebbe essere diversamente, con quelle politiche, economiche e sociali della Citt\u00e0 oltre che, ovviamente, con quelle pi\u00f9 strettamente culturali. Un teatro che pu\u00f2 raccontare l&#8217;avvicendarsi di Stati, e all&#8217;interno dello stesso Stato il succedersi di fasi politiche profondamente diverse, che ha attraversato le campagne napoleoniche della fine settecento inizi ottocento e le due guerre mondiali del secolo scorso, che ha vissuto periodi di lustro e fama ma anche momenti di decadenza e marginalit\u00e0.<br \/>\nUna storia che, per sommi capi, inizia con l&#8217;inaugurazione nella primavera del 1740 del &#8220;Teatro nuovo di Gorizia&#8221; detto anche teatro Bandeu dal nome del fondatore e proprietario. Andato a fuoco nel 1779, venne riedificato, sempre dalla famiglia Bandeu, e riaperto nel 1781 con un numero superiore di palchi e con l&#8217;aggiunta di un ridotto per i nobili, sale da gioco, guardaroba e sale da bilardo nonch\u00e9 una bottega del caff\u00e8. Inoltre la facciata ottenne un portico per ricevere le carrozze. Dopo una serie di cambi di mano nella propriet\u00e0, nel 1810 il teatro divenne Teatro di Societ\u00e0, allorquando fu acquistato da una societ\u00e0, composta da una cinquantina di soci privati, che agiva con chiaro e deciso spirito imprenditoriale. Prima dell&#8217;inaugurazione, il 26 dicembre dello stesso anno, vennero eseguiti interventi di restauro e rinnovamento sia sulle opere murarie sia sulle decorazioni interne. Un&#8217;importante ristrutturazione ebbe poi luogo nel 1856 su progetto di Andrea Scala. In particolare venne demolito il quarto ordine dei palchi sostituito da una galleria ovvero dal loggione al tempo detto &#8220;gubbione&#8221; o &#8220;paradiso&#8221;. Inoltre vennero ridipinti palchi e platea e rifatte le dorature.<br \/>\nNegli anni seguenti furono apportate tutta una serie di migliorie all&#8217;esterno e l&#8217;apertura di nuovi spazi tra i quali, dal 1863, il Casino del teatro inizialmente aperto solo agli aristocratici e dal 1871 anche agli esponenti della &#8220;civile societ\u00e0&#8221;. Gli ultimi rilevanti interventi, peraltro preceduti da ammodernamenti ed adeguamenti tecnici, prima del conflitto mondiale furono eseguiti tra il 1887 e il 1899 anno nel quale, il 4 novembre, il teatro riapr\u00ec con la rappresentazione dell&#8217;Aida di Verdi. Nonostante i danni relativamente poco pesanti causati dai bombardamenti durante la Grande Guerra, il teatro, intitolato a Verdi dal novembre del 1901, negli anni successivi vide progressivamente ridurre l&#8217;attivit\u00e0 fino alla chiusura dello stabile avvenuta, per ragioni di sicurezza, nel 1932. La ristrutturazione venne, quindi, affidata ad Umberto Curzi, architetto razionalista, e quando il 15 febbraio 1938 viene inaugurato il nuovo &#8220;Cine-teatro Verdi&#8221; lo stabile, rimasto invariato all&#8217;esterno, appare completamente trasformato all&#8217;interno, divenuto ormai un contenitore plurifunzionale che, nel tempo, vedr\u00e0 prevalere la destinazione a cinematografo. Uso che verr\u00e0 mantenuto, pur con limitate eccezioni a favore di spettacoli di prosa e di musica, anche durante tutto il secondo dopoguerra fino a quando la crisi dei cinematografi, che incominci\u00f2 a manifestarsi dai primi anni &#8217;70, porter\u00e0 nel 1986 gli ultimi gestori privati a cedere il complesso del Verdi all&#8217;Amministrazione comunale, la quale, tra molte difficolt\u00e0, manterr\u00e0 lo stabile aperto fino al 1993.<br \/>\nIl resto \u00e8 storia recente, con i lavori dell&#8217;ultima ristrutturazione al termine della quale (aprile 2002) il teatro assume l&#8217;aspetto attuale. Una soluzione ricostruttiva\/innovativa, quella proposta dai progettisti, gli architetti Grusovin e Picotti, con la quale si \u00e8 voluto trovare una sintesi rispettosa della storia dell&#8217;edificio, evitando sia di ignorare la storia bicentenaria di quelle mura perimetrali e del loro contenuto, di quell&#8217;esser stato, il Verdi, un vero teatro all&#8217;italiana, sia di ignorare, per contro, l&#8217;esperienza razionalista degli anni trenta che ne aveva stravolto, per l&#8217;appunto, la fisionomia ottocentesca.<\/p>\n","protected":false},"excerpt":{"rendered":"<p>l teatro comunale Giuseppe Verdi di Gorizia ha alle spalle una storia lunga oltre 250 anni. Una storia complessa in&#8230;<\/p>\n","protected":false},"featured_media":48359,"template":"","meta":{"ngg_post_thumbnail":0,"footnotes":""},"posizione":[134,138],"class_list":["post-50387","location","type-location","status-publish","has-post-thumbnail","hentry","posizione-friuli-venezia-giulia","posizione-gorizia"],"yoast_head":"<!-- This site is optimized with the Yoast SEO plugin v27.4 - https:\/\/yoast.com\/product\/yoast-seo-wordpress\/ -->\n<title>Teatro Comunale Giuseppe Verdi - Circolo Controtempo<\/title>\n<meta name=\"robots\" content=\"index, follow, max-snippet:-1, max-image-preview:large, max-video-preview:-1\" \/>\n<link rel=\"canonical\" href=\"https:\/\/controtempo.org\/en\/location\/teatro-comunale-giuseppe-verdi\/\" \/>\n<meta property=\"og:locale\" content=\"en_US\" \/>\n<meta property=\"og:type\" content=\"article\" \/>\n<meta property=\"og:title\" content=\"Teatro Comunale Giuseppe Verdi - Circolo Controtempo\" \/>\n<meta property=\"og:description\" content=\"l teatro comunale Giuseppe Verdi di Gorizia ha alle spalle una storia lunga oltre 250 anni. Una storia complessa in...\" \/>\n<meta property=\"og:url\" content=\"https:\/\/controtempo.org\/en\/location\/teatro-comunale-giuseppe-verdi\/\" \/>\n<meta property=\"og:site_name\" content=\"Circolo Controtempo\" \/>\n<meta property=\"og:image\" content=\"https:\/\/controtempo.org\/wp-content\/uploads\/2021\/04\/560_315.jpg\" \/>\n\t<meta property=\"og:image:width\" content=\"560\" \/>\n\t<meta property=\"og:image:height\" content=\"315\" \/>\n\t<meta property=\"og:image:type\" content=\"image\/jpeg\" \/>\n<meta name=\"twitter:card\" content=\"summary_large_image\" \/>\n<meta name=\"twitter:label1\" content=\"Est. reading time\" \/>\n\t<meta name=\"twitter:data1\" content=\"3 minutes\" \/>\n<script type=\"application\/ld+json\" class=\"yoast-schema-graph\">{\"@context\":\"https:\\\/\\\/schema.org\",\"@graph\":[{\"@type\":\"WebPage\",\"@id\":\"https:\\\/\\\/controtempo.org\\\/en\\\/location\\\/teatro-comunale-giuseppe-verdi\\\/\",\"url\":\"https:\\\/\\\/controtempo.org\\\/en\\\/location\\\/teatro-comunale-giuseppe-verdi\\\/\",\"name\":\"Teatro Comunale Giuseppe Verdi - Circolo Controtempo\",\"isPartOf\":{\"@id\":\"https:\\\/\\\/controtempo.org\\\/en\\\/#website\"},\"primaryImageOfPage\":{\"@id\":\"https:\\\/\\\/controtempo.org\\\/en\\\/location\\\/teatro-comunale-giuseppe-verdi\\\/#primaryimage\"},\"image\":{\"@id\":\"https:\\\/\\\/controtempo.org\\\/en\\\/location\\\/teatro-comunale-giuseppe-verdi\\\/#primaryimage\"},\"thumbnailUrl\":\"https:\\\/\\\/controtempo.org\\\/wp-content\\\/uploads\\\/2021\\\/04\\\/560_315.jpg\",\"datePublished\":\"2021-04-14T23:07:41+00:00\",\"breadcrumb\":{\"@id\":\"https:\\\/\\\/controtempo.org\\\/en\\\/location\\\/teatro-comunale-giuseppe-verdi\\\/#breadcrumb\"},\"inLanguage\":\"en-US\",\"potentialAction\":[{\"@type\":\"ReadAction\",\"target\":[\"https:\\\/\\\/controtempo.org\\\/en\\\/location\\\/teatro-comunale-giuseppe-verdi\\\/\"]}]},{\"@type\":\"ImageObject\",\"inLanguage\":\"en-US\",\"@id\":\"https:\\\/\\\/controtempo.org\\\/en\\\/location\\\/teatro-comunale-giuseppe-verdi\\\/#primaryimage\",\"url\":\"https:\\\/\\\/controtempo.org\\\/wp-content\\\/uploads\\\/2021\\\/04\\\/560_315.jpg\",\"contentUrl\":\"https:\\\/\\\/controtempo.org\\\/wp-content\\\/uploads\\\/2021\\\/04\\\/560_315.jpg\",\"width\":560,\"height\":315},{\"@type\":\"BreadcrumbList\",\"@id\":\"https:\\\/\\\/controtempo.org\\\/en\\\/location\\\/teatro-comunale-giuseppe-verdi\\\/#breadcrumb\",\"itemListElement\":[{\"@type\":\"ListItem\",\"position\":1,\"name\":\"Home\",\"item\":\"https:\\\/\\\/controtempo.org\\\/en\\\/\"},{\"@type\":\"ListItem\",\"position\":2,\"name\":\"Locations\",\"item\":\"https:\\\/\\\/controtempo.org\\\/en\\\/location\\\/\"},{\"@type\":\"ListItem\",\"position\":3,\"name\":\"Teatro Comunale Giuseppe Verdi\"}]},{\"@type\":\"WebSite\",\"@id\":\"https:\\\/\\\/controtempo.org\\\/en\\\/#website\",\"url\":\"https:\\\/\\\/controtempo.org\\\/en\\\/\",\"name\":\"Circolo Controtempo\",\"description\":\"\",\"potentialAction\":[{\"@type\":\"SearchAction\",\"target\":{\"@type\":\"EntryPoint\",\"urlTemplate\":\"https:\\\/\\\/controtempo.org\\\/en\\\/?s={search_term_string}\"},\"query-input\":{\"@type\":\"PropertyValueSpecification\",\"valueRequired\":true,\"valueName\":\"search_term_string\"}}],\"inLanguage\":\"en-US\"}]}<\/script>\n<!-- \/ Yoast SEO plugin. -->","yoast_head_json":{"title":"Teatro Comunale Giuseppe Verdi - Circolo Controtempo","robots":{"index":"index","follow":"follow","max-snippet":"max-snippet:-1","max-image-preview":"max-image-preview:large","max-video-preview":"max-video-preview:-1"},"canonical":"https:\/\/controtempo.org\/en\/location\/teatro-comunale-giuseppe-verdi\/","og_locale":"en_US","og_type":"article","og_title":"Teatro Comunale Giuseppe Verdi - Circolo Controtempo","og_description":"l teatro comunale Giuseppe Verdi di Gorizia ha alle spalle una storia lunga oltre 250 anni. Una storia complessa in...","og_url":"https:\/\/controtempo.org\/en\/location\/teatro-comunale-giuseppe-verdi\/","og_site_name":"Circolo Controtempo","og_image":[{"width":560,"height":315,"url":"https:\/\/controtempo.org\/wp-content\/uploads\/2021\/04\/560_315.jpg","type":"image\/jpeg"}],"twitter_card":"summary_large_image","twitter_misc":{"Est. reading time":"3 minutes"},"schema":{"@context":"https:\/\/schema.org","@graph":[{"@type":"WebPage","@id":"https:\/\/controtempo.org\/en\/location\/teatro-comunale-giuseppe-verdi\/","url":"https:\/\/controtempo.org\/en\/location\/teatro-comunale-giuseppe-verdi\/","name":"Teatro Comunale Giuseppe Verdi - Circolo Controtempo","isPartOf":{"@id":"https:\/\/controtempo.org\/en\/#website"},"primaryImageOfPage":{"@id":"https:\/\/controtempo.org\/en\/location\/teatro-comunale-giuseppe-verdi\/#primaryimage"},"image":{"@id":"https:\/\/controtempo.org\/en\/location\/teatro-comunale-giuseppe-verdi\/#primaryimage"},"thumbnailUrl":"https:\/\/controtempo.org\/wp-content\/uploads\/2021\/04\/560_315.jpg","datePublished":"2021-04-14T23:07:41+00:00","breadcrumb":{"@id":"https:\/\/controtempo.org\/en\/location\/teatro-comunale-giuseppe-verdi\/#breadcrumb"},"inLanguage":"en-US","potentialAction":[{"@type":"ReadAction","target":["https:\/\/controtempo.org\/en\/location\/teatro-comunale-giuseppe-verdi\/"]}]},{"@type":"ImageObject","inLanguage":"en-US","@id":"https:\/\/controtempo.org\/en\/location\/teatro-comunale-giuseppe-verdi\/#primaryimage","url":"https:\/\/controtempo.org\/wp-content\/uploads\/2021\/04\/560_315.jpg","contentUrl":"https:\/\/controtempo.org\/wp-content\/uploads\/2021\/04\/560_315.jpg","width":560,"height":315},{"@type":"BreadcrumbList","@id":"https:\/\/controtempo.org\/en\/location\/teatro-comunale-giuseppe-verdi\/#breadcrumb","itemListElement":[{"@type":"ListItem","position":1,"name":"Home","item":"https:\/\/controtempo.org\/en\/"},{"@type":"ListItem","position":2,"name":"Locations","item":"https:\/\/controtempo.org\/en\/location\/"},{"@type":"ListItem","position":3,"name":"Teatro Comunale Giuseppe Verdi"}]},{"@type":"WebSite","@id":"https:\/\/controtempo.org\/en\/#website","url":"https:\/\/controtempo.org\/en\/","name":"Circolo Controtempo","description":"","potentialAction":[{"@type":"SearchAction","target":{"@type":"EntryPoint","urlTemplate":"https:\/\/controtempo.org\/en\/?s={search_term_string}"},"query-input":{"@type":"PropertyValueSpecification","valueRequired":true,"valueName":"search_term_string"}}],"inLanguage":"en-US"}]}},"_links":{"self":[{"href":"https:\/\/controtempo.org\/en\/wp-json\/wp\/v2\/location\/50387","targetHints":{"allow":["GET"]}}],"collection":[{"href":"https:\/\/controtempo.org\/en\/wp-json\/wp\/v2\/location"}],"about":[{"href":"https:\/\/controtempo.org\/en\/wp-json\/wp\/v2\/types\/location"}],"version-history":[{"count":0,"href":"https:\/\/controtempo.org\/en\/wp-json\/wp\/v2\/location\/50387\/revisions"}],"wp:featuredmedia":[{"embeddable":true,"href":"https:\/\/controtempo.org\/en\/wp-json\/wp\/v2\/media\/48359"}],"wp:attachment":[{"href":"https:\/\/controtempo.org\/en\/wp-json\/wp\/v2\/media?parent=50387"}],"wp:term":[{"taxonomy":"posizione","embeddable":true,"href":"https:\/\/controtempo.org\/en\/wp-json\/wp\/v2\/posizione?post=50387"}],"curies":[{"name":"wp","href":"https:\/\/api.w.org\/{rel}","templated":true}]}}

<p style="text-align: justify; color: #000000;">l <strong>teatro comunale Giuseppe Verdi</strong> di <strong>Gorizia</strong> ha alle spalle una storia lunga oltre 250 anni. Una storia complessa in cui le vicende del teatro si intrecciano, e come potrebbe essere diversamente, con quelle politiche, economiche e sociali della Città oltre che, ovviamente, con quelle più strettamente culturali. Un teatro che può raccontare l&#8217;avvicendarsi di Stati, e all&#8217;interno dello stesso Stato il succedersi di fasi politiche profondamente diverse, che ha attraversato le campagne napoleoniche della fine settecento inizi ottocento e le due guerre mondiali del secolo scorso, che ha vissuto periodi di lustro e fama ma anche momenti di decadenza e marginalità.<br />
Una storia che, per sommi capi, inizia con l&#8217;inaugurazione nella primavera del 1740 del &#8220;Teatro nuovo di Gorizia&#8221; detto anche teatro Bandeu dal nome del fondatore e proprietario. Andato a fuoco nel 1779, venne riedificato, sempre dalla famiglia Bandeu, e riaperto nel 1781 con un numero superiore di palchi e con l&#8217;aggiunta di un ridotto per i nobili, sale da gioco, guardaroba e sale da bilardo nonché una bottega del caffè. Inoltre la facciata ottenne un portico per ricevere le carrozze. Dopo una serie di cambi di mano nella proprietà, nel 1810 il teatro divenne Teatro di Società, allorquando fu acquistato da una società, composta da una cinquantina di soci privati, che agiva con chiaro e deciso spirito imprenditoriale. Prima dell&#8217;inaugurazione, il 26 dicembre dello stesso anno, vennero eseguiti interventi di restauro e rinnovamento sia sulle opere murarie sia sulle decorazioni interne. Un&#8217;importante ristrutturazione ebbe poi luogo nel 1856 su progetto di Andrea Scala. In particolare venne demolito il quarto ordine dei palchi sostituito da una galleria ovvero dal loggione al tempo detto &#8220;gubbione&#8221; o &#8220;paradiso&#8221;. Inoltre vennero ridipinti palchi e platea e rifatte le dorature.<br />
Negli anni seguenti furono apportate tutta una serie di migliorie all&#8217;esterno e l&#8217;apertura di nuovi spazi tra i quali, dal 1863, il Casino del teatro inizialmente aperto solo agli aristocratici e dal 1871 anche agli esponenti della &#8220;civile società&#8221;. Gli ultimi rilevanti interventi, peraltro preceduti da ammodernamenti ed adeguamenti tecnici, prima del conflitto mondiale furono eseguiti tra il 1887 e il 1899 anno nel quale, il 4 novembre, il teatro riaprì con la rappresentazione dell&#8217;Aida di Verdi. Nonostante i danni relativamente poco pesanti causati dai bombardamenti durante la Grande Guerra, il teatro, intitolato a Verdi dal novembre del 1901, negli anni successivi vide progressivamente ridurre l&#8217;attività fino alla chiusura dello stabile avvenuta, per ragioni di sicurezza, nel 1932. La ristrutturazione venne, quindi, affidata ad Umberto Curzi, architetto razionalista, e quando il 15 febbraio 1938 viene inaugurato il nuovo &#8220;Cine-teatro Verdi&#8221; lo stabile, rimasto invariato all&#8217;esterno, appare completamente trasformato all&#8217;interno, divenuto ormai un contenitore plurifunzionale che, nel tempo, vedrà prevalere la destinazione a cinematografo. Uso che verrà mantenuto, pur con limitate eccezioni a favore di spettacoli di prosa e di musica, anche durante tutto il secondo dopoguerra fino a quando la crisi dei cinematografi, che incominciò a manifestarsi dai primi anni &#8217;70, porterà nel 1986 gli ultimi gestori privati a cedere il complesso del Verdi all&#8217;Amministrazione comunale, la quale, tra molte difficoltà, manterrà lo stabile aperto fino al 1993.<br />
Il resto è storia recente, con i lavori dell&#8217;ultima ristrutturazione al termine della quale (aprile 2002) il teatro assume l&#8217;aspetto attuale. Una soluzione ricostruttiva/innovativa, quella proposta dai progettisti, gli architetti Grusovin e Picotti, con la quale si è voluto trovare una sintesi rispettosa della storia dell&#8217;edificio, evitando sia di ignorare la storia bicentenaria di quelle mura perimetrali e del loro contenuto, di quell&#8217;esser stato, il Verdi, un vero teatro all&#8217;italiana, sia di ignorare, per contro, l&#8217;esperienza razionalista degli anni trenta che ne aveva stravolto, per l&#8217;appunto, la fisionomia ottocentesca.</p>
