{"id":50380,"date":"2021-04-15T01:07:41","date_gmt":"2021-04-14T23:07:41","guid":{"rendered":"https:\/\/controtempo.org\/location\/teatro-comunale-di-cormons-2\/"},"modified":"2021-04-15T01:07:41","modified_gmt":"2021-04-14T23:07:41","slug":"teatro-comunale-di-cormons-2","status":"publish","type":"location","link":"https:\/\/controtempo.org\/en\/location\/teatro-comunale-di-cormons-2\/","title":{"rendered":"Teatro Comunale di Corm\u00f2ns"},"content":{"rendered":"<p style=\"text-align: justify;\">Il teatro Comunale di Corm\u00f2ns, dalla ristrutturazione del 1998, \u00e8 gestito da ArtistiAssociati, impresa di produzione teatrale. Qui vengono allestiti gli spettacoli che ArtistiAssociati distribuisce in Italia e all\u2019estero.<br \/>\nIl teatro, nei suoi 250 giorni di attivit\u00e0 annuali, ospita, oltre alla ricca stagione artistica e alla programmazione cinematografica, rassegne, importanti festival, la scuola di danza, e laboratori teatrali inseriti in un ampio progetto formativo.<br \/>\nIl teatro Comunale di Corm\u00f2ns \u00e8 un punto di riferimento culturale per l\u2019intero territorio regionale e viene frequentato da migliaia di spettatori italiani e stranieri ogni anno.<\/p>\n<p>&nbsp;<\/p>\n<p><img loading=\"lazy\" decoding=\"async\" class=\"alignnone wp-image-10401\" src=\"http:\/\/controtempo.org\/\/wp-content\/uploads\/2017\/07\/Artisti-associati_logo-300x46.png\" alt=\"\" width=\"209\" height=\"32\" \/><\/p>\n<blockquote class=\"wp-embedded-content\" data-secret=\"WQkyHgYoKe\"><p><a href=\"https:\/\/www.artistiassociatigorizia.it\/\">Home<\/a><\/p><\/blockquote>\n<p><iframe loading=\"lazy\" class=\"wp-embedded-content\" sandbox=\"allow-scripts\" security=\"restricted\" style=\"position: absolute; clip: rect(1px, 1px, 1px, 1px);\" title=\"&#8220;Home&#8221; &#8212; Artisti Associati Gorizia\" src=\"https:\/\/www.artistiassociatigorizia.it\/embed\/#?secret=WQkyHgYoKe\" data-secret=\"WQkyHgYoKe\" width=\"600\" height=\"338\" frameborder=\"0\" marginwidth=\"0\" marginheight=\"0\" scrolling=\"no\"><\/iframe><\/p>\n","protected":false},"excerpt":{"rendered":"<p>Il teatro Comunale di Corm\u00f2ns, dalla ristrutturazione del 1998, \u00e8 gestito da ArtistiAssociati, impresa di produzione teatrale. Qui vengono allestiti&#8230;<\/p>\n","protected":false},"featured_media":48347,"template":"","meta":{"ngg_post_thumbnail":0,"footnotes":""},"posizione":[139,134,138],"class_list":["post-50380","location","type-location","status-publish","has-post-thumbnail","hentry","posizione-cormons-go","posizione-friuli-venezia-giulia","posizione-gorizia"],"yoast_head":"<!-- This site is optimized with the Yoast SEO plugin v27.4 - https:\/\/yoast.com\/product\/yoast-seo-wordpress\/ -->\n<title>Teatro Comunale di Corm\u00f2ns - Circolo Controtempo<\/title>\n<meta name=\"robots\" content=\"index, follow, max-snippet:-1, max-image-preview:large, max-video-preview:-1\" \/>\n<link rel=\"canonical\" href=\"https:\/\/controtempo.org\/en\/location\/teatro-comunale-di-cormons-2\/\" \/>\n<meta property=\"og:locale\" content=\"en_US\" \/>\n<meta property=\"og:type\" content=\"article\" \/>\n<meta property=\"og:title\" content=\"Teatro Comunale di Corm\u00f2ns - Circolo Controtempo\" \/>\n<meta property=\"og:description\" content=\"Il teatro Comunale di Corm\u00f2ns, dalla ristrutturazione del 1998, \u00e8 gestito da ArtistiAssociati, impresa di produzione teatrale. Qui vengono allestiti...\" \/>\n<meta property=\"og:url\" content=\"https:\/\/controtempo.org\/en\/location\/teatro-comunale-di-cormons-2\/\" \/>\n<meta property=\"og:site_name\" content=\"Circolo Controtempo\" \/>\n<meta property=\"og:image\" content=\"https:\/\/controtempo.org\/wp-content\/uploads\/2021\/04\/teatro_comunale_cormons.jpg\" \/>\n\t<meta property=\"og:image:width\" content=\"1000\" \/>\n\t<meta property=\"og:image:height\" content=\"667\" \/>\n\t<meta property=\"og:image:type\" content=\"image\/jpeg\" \/>\n<meta name=\"twitter:card\" content=\"summary_large_image\" \/>\n<script type=\"application\/ld+json\" class=\"yoast-schema-graph\">{\"@context\":\"https:\\\/\\\/schema.org\",\"@graph\":[{\"@type\":\"WebPage\",\"@id\":\"https:\\\/\\\/controtempo.org\\\/en\\\/location\\\/teatro-comunale-di-cormons-2\\\/\",\"url\":\"https:\\\/\\\/controtempo.org\\\/en\\\/location\\\/teatro-comunale-di-cormons-2\\\/\",\"name\":\"Teatro Comunale di Corm\u00f2ns - Circolo Controtempo\",\"isPartOf\":{\"@id\":\"https:\\\/\\\/controtempo.org\\\/en\\\/#website\"},\"primaryImageOfPage\":{\"@id\":\"https:\\\/\\\/controtempo.org\\\/en\\\/location\\\/teatro-comunale-di-cormons-2\\\/#primaryimage\"},\"image\":{\"@id\":\"https:\\\/\\\/controtempo.org\\\/en\\\/location\\\/teatro-comunale-di-cormons-2\\\/#primaryimage\"},\"thumbnailUrl\":\"https:\\\/\\\/controtempo.org\\\/wp-content\\\/uploads\\\/2021\\\/04\\\/teatro_comunale_cormons.jpg\",\"datePublished\":\"2021-04-14T23:07:41+00:00\",\"breadcrumb\":{\"@id\":\"https:\\\/\\\/controtempo.org\\\/en\\\/location\\\/teatro-comunale-di-cormons-2\\\/#breadcrumb\"},\"inLanguage\":\"en-US\",\"potentialAction\":[{\"@type\":\"ReadAction\",\"target\":[\"https:\\\/\\\/controtempo.org\\\/en\\\/location\\\/teatro-comunale-di-cormons-2\\\/\"]}]},{\"@type\":\"ImageObject\",\"inLanguage\":\"en-US\",\"@id\":\"https:\\\/\\\/controtempo.org\\\/en\\\/location\\\/teatro-comunale-di-cormons-2\\\/#primaryimage\",\"url\":\"https:\\\/\\\/controtempo.org\\\/wp-content\\\/uploads\\\/2021\\\/04\\\/teatro_comunale_cormons.jpg\",\"contentUrl\":\"https:\\\/\\\/controtempo.org\\\/wp-content\\\/uploads\\\/2021\\\/04\\\/teatro_comunale_cormons.jpg\",\"width\":1000,\"height\":667},{\"@type\":\"BreadcrumbList\",\"@id\":\"https:\\\/\\\/controtempo.org\\\/en\\\/location\\\/teatro-comunale-di-cormons-2\\\/#breadcrumb\",\"itemListElement\":[{\"@type\":\"ListItem\",\"position\":1,\"name\":\"Home\",\"item\":\"https:\\\/\\\/controtempo.org\\\/en\\\/\"},{\"@type\":\"ListItem\",\"position\":2,\"name\":\"Locations\",\"item\":\"https:\\\/\\\/controtempo.org\\\/en\\\/location\\\/\"},{\"@type\":\"ListItem\",\"position\":3,\"name\":\"Teatro Comunale di Corm\u00f2ns\"}]},{\"@type\":\"WebSite\",\"@id\":\"https:\\\/\\\/controtempo.org\\\/en\\\/#website\",\"url\":\"https:\\\/\\\/controtempo.org\\\/en\\\/\",\"name\":\"Circolo Controtempo\",\"description\":\"\",\"potentialAction\":[{\"@type\":\"SearchAction\",\"target\":{\"@type\":\"EntryPoint\",\"urlTemplate\":\"https:\\\/\\\/controtempo.org\\\/en\\\/?s={search_term_string}\"},\"query-input\":{\"@type\":\"PropertyValueSpecification\",\"valueRequired\":true,\"valueName\":\"search_term_string\"}}],\"inLanguage\":\"en-US\"}]}<\/script>\n<!-- \/ Yoast SEO plugin. -->","yoast_head_json":{"title":"Teatro Comunale di Corm\u00f2ns - Circolo Controtempo","robots":{"index":"index","follow":"follow","max-snippet":"max-snippet:-1","max-image-preview":"max-image-preview:large","max-video-preview":"max-video-preview:-1"},"canonical":"https:\/\/controtempo.org\/en\/location\/teatro-comunale-di-cormons-2\/","og_locale":"en_US","og_type":"article","og_title":"Teatro Comunale di Corm\u00f2ns - Circolo Controtempo","og_description":"Il teatro Comunale di Corm\u00f2ns, dalla ristrutturazione del 1998, \u00e8 gestito da ArtistiAssociati, impresa di produzione teatrale. Qui vengono allestiti...","og_url":"https:\/\/controtempo.org\/en\/location\/teatro-comunale-di-cormons-2\/","og_site_name":"Circolo Controtempo","og_image":[{"width":1000,"height":667,"url":"https:\/\/controtempo.org\/wp-content\/uploads\/2021\/04\/teatro_comunale_cormons.jpg","type":"image\/jpeg"}],"twitter_card":"summary_large_image","schema":{"@context":"https:\/\/schema.org","@graph":[{"@type":"WebPage","@id":"https:\/\/controtempo.org\/en\/location\/teatro-comunale-di-cormons-2\/","url":"https:\/\/controtempo.org\/en\/location\/teatro-comunale-di-cormons-2\/","name":"Teatro Comunale di Corm\u00f2ns - Circolo Controtempo","isPartOf":{"@id":"https:\/\/controtempo.org\/en\/#website"},"primaryImageOfPage":{"@id":"https:\/\/controtempo.org\/en\/location\/teatro-comunale-di-cormons-2\/#primaryimage"},"image":{"@id":"https:\/\/controtempo.org\/en\/location\/teatro-comunale-di-cormons-2\/#primaryimage"},"thumbnailUrl":"https:\/\/controtempo.org\/wp-content\/uploads\/2021\/04\/teatro_comunale_cormons.jpg","datePublished":"2021-04-14T23:07:41+00:00","breadcrumb":{"@id":"https:\/\/controtempo.org\/en\/location\/teatro-comunale-di-cormons-2\/#breadcrumb"},"inLanguage":"en-US","potentialAction":[{"@type":"ReadAction","target":["https:\/\/controtempo.org\/en\/location\/teatro-comunale-di-cormons-2\/"]}]},{"@type":"ImageObject","inLanguage":"en-US","@id":"https:\/\/controtempo.org\/en\/location\/teatro-comunale-di-cormons-2\/#primaryimage","url":"https:\/\/controtempo.org\/wp-content\/uploads\/2021\/04\/teatro_comunale_cormons.jpg","contentUrl":"https:\/\/controtempo.org\/wp-content\/uploads\/2021\/04\/teatro_comunale_cormons.jpg","width":1000,"height":667},{"@type":"BreadcrumbList","@id":"https:\/\/controtempo.org\/en\/location\/teatro-comunale-di-cormons-2\/#breadcrumb","itemListElement":[{"@type":"ListItem","position":1,"name":"Home","item":"https:\/\/controtempo.org\/en\/"},{"@type":"ListItem","position":2,"name":"Locations","item":"https:\/\/controtempo.org\/en\/location\/"},{"@type":"ListItem","position":3,"name":"Teatro Comunale di Corm\u00f2ns"}]},{"@type":"WebSite","@id":"https:\/\/controtempo.org\/en\/#website","url":"https:\/\/controtempo.org\/en\/","name":"Circolo Controtempo","description":"","potentialAction":[{"@type":"SearchAction","target":{"@type":"EntryPoint","urlTemplate":"https:\/\/controtempo.org\/en\/?s={search_term_string}"},"query-input":{"@type":"PropertyValueSpecification","valueRequired":true,"valueName":"search_term_string"}}],"inLanguage":"en-US"}]}},"_links":{"self":[{"href":"https:\/\/controtempo.org\/en\/wp-json\/wp\/v2\/location\/50380","targetHints":{"allow":["GET"]}}],"collection":[{"href":"https:\/\/controtempo.org\/en\/wp-json\/wp\/v2\/location"}],"about":[{"href":"https:\/\/controtempo.org\/en\/wp-json\/wp\/v2\/types\/location"}],"version-history":[{"count":0,"href":"https:\/\/controtempo.org\/en\/wp-json\/wp\/v2\/location\/50380\/revisions"}],"wp:featuredmedia":[{"embeddable":true,"href":"https:\/\/controtempo.org\/en\/wp-json\/wp\/v2\/media\/48347"}],"wp:attachment":[{"href":"https:\/\/controtempo.org\/en\/wp-json\/wp\/v2\/media?parent=50380"}],"wp:term":[{"taxonomy":"posizione","embeddable":true,"href":"https:\/\/controtempo.org\/en\/wp-json\/wp\/v2\/posizione?post=50380"}],"curies":[{"name":"wp","href":"https:\/\/api.w.org\/{rel}","templated":true}]}}

Teatro Comunale di Cormòns

<p style="text-align: justify;">Il teatro Comunale di Cormòns, dalla ristrutturazione del 1998, è gestito da ArtistiAssociati, impresa di produzione teatrale. Qui vengono allestiti gli spettacoli che ArtistiAssociati distribuisce in Italia e all’estero.<br />
Il teatro, nei suoi 250 giorni di attività annuali, ospita, oltre alla ricca stagione artistica e alla programmazione cinematografica, rassegne, importanti festival, la scuola di danza, e laboratori teatrali inseriti in un ampio progetto formativo.<br />
Il teatro Comunale di Cormòns è un punto di riferimento culturale per l’intero territorio regionale e viene frequentato da migliaia di spettatori italiani e stranieri ogni anno.</p>
<p>&nbsp;</p>
<p><img loading="lazy" decoding="async" class="alignnone wp-image-10401" src="http://controtempo.org//wp-content/uploads/2017/07/Artisti-associati_logo-300x46.png" alt="" width="209" height="32" /></p>
<blockquote class="wp-embedded-content" data-secret="WQkyHgYoKe"><p><a href="https://www.artistiassociatigorizia.it/">Home</a></p></blockquote>
<p><iframe loading="lazy" class="wp-embedded-content" sandbox="allow-scripts" security="restricted" style="position: absolute; clip: rect(1px, 1px, 1px, 1px);" title="&#8220;Home&#8221; &#8212; Artisti Associati Gorizia" src="https://www.artistiassociatigorizia.it/embed/#?secret=WQkyHgYoKe" data-secret="WQkyHgYoKe" width="600" height="338" frameborder="0" marginwidth="0" marginheight="0" scrolling="no"></iframe></p>

<p>Il teatro Comunale di Cormòns, dalla ristrutturazione del 1998, è gestito da ArtistiAssociati, impresa di produzione teatrale. Qui vengono allestiti&#8230;</p>

<!-- This site is optimized with the Yoast SEO plugin v27.4 - https://yoast.com/product/yoast-seo-wordpress/ -->
<title>Teatro Comunale di Cormòns - Circolo Controtempo</title>
<meta name="robots" content="index, follow, max-snippet:-1, max-image-preview:large, max-video-preview:-1" />
<link rel="canonical" href="https://controtempo.org/en/location/teatro-comunale-di-cormons-2/" />
<meta property="og:locale" content="en_US" />
<meta property="og:type" content="article" />
<meta property="og:title" content="Teatro Comunale di Cormòns - Circolo Controtempo" />
<meta property="og:description" content="Il teatro Comunale di Cormòns, dalla ristrutturazione del 1998, è gestito da ArtistiAssociati, impresa di produzione teatrale. Qui vengono allestiti..." />
<meta property="og:url" content="https://controtempo.org/en/location/teatro-comunale-di-cormons-2/" />
<meta property="og:site_name" content="Circolo Controtempo" />
<meta property="og:image" content="https://controtempo.org/wp-content/uploads/2021/04/teatro_comunale_cormons.jpg" />
	<meta property="og:image:width" content="1000" />
	<meta property="og:image:height" content="667" />
	<meta property="og:image:type" content="image/jpeg" />
<meta name="twitter:card" content="summary_large_image" />
<script type="application/ld+json" class="yoast-schema-graph">{"@context":"https:\/\/schema.org","@graph":[{"@type":"WebPage","@id":"https:\/\/controtempo.org\/en\/location\/teatro-comunale-di-cormons-2\/","url":"https:\/\/controtempo.org\/en\/location\/teatro-comunale-di-cormons-2\/","name":"Teatro Comunale di Cormòns - Circolo Controtempo","isPartOf":{"@id":"https:\/\/controtempo.org\/en\/#website"},"primaryImageOfPage":{"@id":"https:\/\/controtempo.org\/en\/location\/teatro-comunale-di-cormons-2\/#primaryimage"},"image":{"@id":"https:\/\/controtempo.org\/en\/location\/teatro-comunale-di-cormons-2\/#primaryimage"},"thumbnailUrl":"https:\/\/controtempo.org\/wp-content\/uploads\/2021\/04\/teatro_comunale_cormons.jpg","datePublished":"2021-04-14T23:07:41+00:00","breadcrumb":{"@id":"https:\/\/controtempo.org\/en\/location\/teatro-comunale-di-cormons-2\/#breadcrumb"},"inLanguage":"en-US","potentialAction":[{"@type":"ReadAction","target":["https:\/\/controtempo.org\/en\/location\/teatro-comunale-di-cormons-2\/"]}]},{"@type":"ImageObject","inLanguage":"en-US","@id":"https:\/\/controtempo.org\/en\/location\/teatro-comunale-di-cormons-2\/#primaryimage","url":"https:\/\/controtempo.org\/wp-content\/uploads\/2021\/04\/teatro_comunale_cormons.jpg","contentUrl":"https:\/\/controtempo.org\/wp-content\/uploads\/2021\/04\/teatro_comunale_cormons.jpg","width":1000,"height":667},{"@type":"BreadcrumbList","@id":"https:\/\/controtempo.org\/en\/location\/teatro-comunale-di-cormons-2\/#breadcrumb","itemListElement":[{"@type":"ListItem","position":1,"name":"Home","item":"https:\/\/controtempo.org\/en\/"},{"@type":"ListItem","position":2,"name":"Locations","item":"https:\/\/controtempo.org\/en\/location\/"},{"@type":"ListItem","position":3,"name":"Teatro Comunale di Cormòns"}]},{"@type":"WebSite","@id":"https:\/\/controtempo.org\/en\/#website","url":"https:\/\/controtempo.org\/en\/","name":"Circolo Controtempo","description":"","potentialAction":[{"@type":"SearchAction","target":{"@type":"EntryPoint","urlTemplate":"https:\/\/controtempo.org\/en\/?s={search_term_string}"},"query-input":{"@type":"PropertyValueSpecification","valueRequired":true,"valueName":"search_term_string"}}],"inLanguage":"en-US"}]}</script>
<!-- / Yoast SEO plugin. -->

Teatro Comunale di Cormòns - Circolo Controtempo

Il teatro Comunale di Cormòns, dalla ristrutturazione del 1998, è gestito da ArtistiAssociati, impresa di produzione teatrale. Qui vengono allestiti...
