{"id":50375,"date":"2021-04-15T01:07:41","date_gmt":"2021-04-14T23:07:41","guid":{"rendered":"https:\/\/controtempo.org\/location\/festival-pordenone-legge-2017-palazzo-ricchieri\/"},"modified":"2021-04-15T01:07:41","modified_gmt":"2021-04-14T23:07:41","slug":"festival-pordenone-legge-2017-palazzo-ricchieri","status":"publish","type":"location","link":"https:\/\/controtempo.org\/en\/location\/festival-pordenone-legge-2017-palazzo-ricchieri\/","title":{"rendered":"Festival Pordenone Legge 2017 &#8211; Palazzo Ricchieri"},"content":{"rendered":"<p style=\"text-align: justify;\">Il progetto <b>pordenonelegge.it<\/b> ha origine nel 2000 a seguito di un\u2019intelligente intuizione dell\u2019allora presidente della Camera di Commercio di Pordenone, Augusto Antonucci.<br \/>\nLa volont\u00e0 era quella di attirare l\u2019attenzione sulle potenzialit\u00e0 turistiche e culturali della citt\u00e0 di Pordenone, fino ad allora conosciuta esclusivamente come una realt\u00e0 prettamente economica e manifatturiera.<\/p>\n<p style=\"text-align: justify;\">A sostenere il progetto si affianc\u00f2 da subito l\u2019Ente Fiera (che negli anni precedenti aveva organizzato Editexpo) e a ruota tutti gli enti e le istituzioni del territorio.<br \/>\nPer le prime due edizioni, l\u2019organizzazione fu affidata a curatori esterni che intervenivano esclusivamente per coordinare il lavoro della segreteria organizzativa seguita fin dalla prima edizione all\u2019Azienda Speciale della Camera di Commercio.<br \/>\nMa fu nel 2002 che avvenne la svolta, quando cio\u00e8 l\u2019Ente camerale decise di affidare la direzione artistica ad un gruppo di operatori culturali locali, ben radicati nel territorio, dalle grandi potenzialit\u00e0 e con relazioni consolidate in ambito editoriale.<\/p>\n<p style=\"text-align: justify;\">Oggi <b>pordenonelegge.it<\/b> \u00e8 la Festa del Libro con gli autori del Nord Est d\u2019Italia e vanta importanti relazioni con altri festival, collaborazioni con eventi internazionali e gioca un interessante ruolo di palcoscenico per autori famosi e scrittori emergenti.<br \/>\nE\u2019 un Festival che vuole continuare a crescere in qualit\u00e0 e che per farlo ha bisogno dell\u2019affetto di tutti i suoi affezionati protagonisti, primi tra tutti i visitatori.<\/p>\n<p style=\"text-align: justify;\">Nel 2013 \u00e8 nata la <b>Fondazione Pordenonelegge.it<\/b>, fortemente voluta dall&#8217;Ente camerale e dai rappresentanti delle associazioni di categoria che ne compongono la Giunta, per mettere in sicurezza una manifestazione che, grazie a un istituto giuridico di diritto privato, ne garantir\u00e0 esistenza e autonomia.<\/p>\n","protected":false},"excerpt":{"rendered":"<p>Il progetto pordenonelegge.it ha origine nel 2000 a seguito di un\u2019intelligente intuizione dell\u2019allora presidente della Camera di Commercio di Pordenone,&#8230;<\/p>\n","protected":false},"featured_media":48335,"template":"","meta":{"ngg_post_thumbnail":0,"footnotes":""},"posizione":[134,136],"class_list":["post-50375","location","type-location","status-publish","has-post-thumbnail","hentry","posizione-friuli-venezia-giulia","posizione-pordenone"],"yoast_head":"<!-- This site is optimized with the Yoast SEO plugin v27.4 - https:\/\/yoast.com\/product\/yoast-seo-wordpress\/ -->\n<title>Festival Pordenone Legge 2017 - Palazzo Ricchieri - Circolo Controtempo<\/title>\n<meta name=\"robots\" content=\"index, follow, max-snippet:-1, max-image-preview:large, max-video-preview:-1\" \/>\n<link rel=\"canonical\" href=\"https:\/\/controtempo.org\/en\/location\/festival-pordenone-legge-2017-palazzo-ricchieri\/\" \/>\n<meta property=\"og:locale\" content=\"en_US\" \/>\n<meta property=\"og:type\" content=\"article\" \/>\n<meta property=\"og:title\" content=\"Festival Pordenone Legge 2017 - Palazzo Ricchieri - Circolo Controtempo\" \/>\n<meta property=\"og:description\" content=\"Il progetto pordenonelegge.it ha origine nel 2000 a seguito di un\u2019intelligente intuizione dell\u2019allora presidente della Camera di Commercio di Pordenone,...\" \/>\n<meta property=\"og:url\" content=\"https:\/\/controtempo.org\/en\/location\/festival-pordenone-legge-2017-palazzo-ricchieri\/\" \/>\n<meta property=\"og:site_name\" content=\"Circolo Controtempo\" \/>\n<meta property=\"og:image\" content=\"https:\/\/controtempo.org\/wp-content\/uploads\/2021\/04\/logo-pordenone-legge.png\" \/>\n\t<meta property=\"og:image:width\" content=\"252\" \/>\n\t<meta property=\"og:image:height\" content=\"81\" \/>\n\t<meta property=\"og:image:type\" content=\"image\/png\" \/>\n<meta name=\"twitter:card\" content=\"summary_large_image\" \/>\n<meta name=\"twitter:label1\" content=\"Est. reading time\" \/>\n\t<meta name=\"twitter:data1\" content=\"1 minute\" \/>\n<script type=\"application\/ld+json\" class=\"yoast-schema-graph\">{\"@context\":\"https:\\\/\\\/schema.org\",\"@graph\":[{\"@type\":\"WebPage\",\"@id\":\"https:\\\/\\\/controtempo.org\\\/en\\\/location\\\/festival-pordenone-legge-2017-palazzo-ricchieri\\\/\",\"url\":\"https:\\\/\\\/controtempo.org\\\/en\\\/location\\\/festival-pordenone-legge-2017-palazzo-ricchieri\\\/\",\"name\":\"Festival Pordenone Legge 2017 - Palazzo Ricchieri - Circolo Controtempo\",\"isPartOf\":{\"@id\":\"https:\\\/\\\/controtempo.org\\\/en\\\/#website\"},\"primaryImageOfPage\":{\"@id\":\"https:\\\/\\\/controtempo.org\\\/en\\\/location\\\/festival-pordenone-legge-2017-palazzo-ricchieri\\\/#primaryimage\"},\"image\":{\"@id\":\"https:\\\/\\\/controtempo.org\\\/en\\\/location\\\/festival-pordenone-legge-2017-palazzo-ricchieri\\\/#primaryimage\"},\"thumbnailUrl\":\"https:\\\/\\\/controtempo.org\\\/wp-content\\\/uploads\\\/2021\\\/04\\\/logo-pordenone-legge.png\",\"datePublished\":\"2021-04-14T23:07:41+00:00\",\"breadcrumb\":{\"@id\":\"https:\\\/\\\/controtempo.org\\\/en\\\/location\\\/festival-pordenone-legge-2017-palazzo-ricchieri\\\/#breadcrumb\"},\"inLanguage\":\"en-US\",\"potentialAction\":[{\"@type\":\"ReadAction\",\"target\":[\"https:\\\/\\\/controtempo.org\\\/en\\\/location\\\/festival-pordenone-legge-2017-palazzo-ricchieri\\\/\"]}]},{\"@type\":\"ImageObject\",\"inLanguage\":\"en-US\",\"@id\":\"https:\\\/\\\/controtempo.org\\\/en\\\/location\\\/festival-pordenone-legge-2017-palazzo-ricchieri\\\/#primaryimage\",\"url\":\"https:\\\/\\\/controtempo.org\\\/wp-content\\\/uploads\\\/2021\\\/04\\\/logo-pordenone-legge.png\",\"contentUrl\":\"https:\\\/\\\/controtempo.org\\\/wp-content\\\/uploads\\\/2021\\\/04\\\/logo-pordenone-legge.png\",\"width\":252,\"height\":81},{\"@type\":\"BreadcrumbList\",\"@id\":\"https:\\\/\\\/controtempo.org\\\/en\\\/location\\\/festival-pordenone-legge-2017-palazzo-ricchieri\\\/#breadcrumb\",\"itemListElement\":[{\"@type\":\"ListItem\",\"position\":1,\"name\":\"Home\",\"item\":\"https:\\\/\\\/controtempo.org\\\/en\\\/\"},{\"@type\":\"ListItem\",\"position\":2,\"name\":\"Locations\",\"item\":\"https:\\\/\\\/controtempo.org\\\/en\\\/location\\\/\"},{\"@type\":\"ListItem\",\"position\":3,\"name\":\"Festival Pordenone Legge 2017 &#8211; Palazzo Ricchieri\"}]},{\"@type\":\"WebSite\",\"@id\":\"https:\\\/\\\/controtempo.org\\\/en\\\/#website\",\"url\":\"https:\\\/\\\/controtempo.org\\\/en\\\/\",\"name\":\"Circolo Controtempo\",\"description\":\"\",\"potentialAction\":[{\"@type\":\"SearchAction\",\"target\":{\"@type\":\"EntryPoint\",\"urlTemplate\":\"https:\\\/\\\/controtempo.org\\\/en\\\/?s={search_term_string}\"},\"query-input\":{\"@type\":\"PropertyValueSpecification\",\"valueRequired\":true,\"valueName\":\"search_term_string\"}}],\"inLanguage\":\"en-US\"}]}<\/script>\n<!-- \/ Yoast SEO plugin. -->","yoast_head_json":{"title":"Festival Pordenone Legge 2017 - Palazzo Ricchieri - Circolo Controtempo","robots":{"index":"index","follow":"follow","max-snippet":"max-snippet:-1","max-image-preview":"max-image-preview:large","max-video-preview":"max-video-preview:-1"},"canonical":"https:\/\/controtempo.org\/en\/location\/festival-pordenone-legge-2017-palazzo-ricchieri\/","og_locale":"en_US","og_type":"article","og_title":"Festival Pordenone Legge 2017 - Palazzo Ricchieri - Circolo Controtempo","og_description":"Il progetto pordenonelegge.it ha origine nel 2000 a seguito di un\u2019intelligente intuizione dell\u2019allora presidente della Camera di Commercio di Pordenone,...","og_url":"https:\/\/controtempo.org\/en\/location\/festival-pordenone-legge-2017-palazzo-ricchieri\/","og_site_name":"Circolo Controtempo","og_image":[{"width":252,"height":81,"url":"https:\/\/controtempo.org\/wp-content\/uploads\/2021\/04\/logo-pordenone-legge.png","type":"image\/png"}],"twitter_card":"summary_large_image","twitter_misc":{"Est. reading time":"1 minute"},"schema":{"@context":"https:\/\/schema.org","@graph":[{"@type":"WebPage","@id":"https:\/\/controtempo.org\/en\/location\/festival-pordenone-legge-2017-palazzo-ricchieri\/","url":"https:\/\/controtempo.org\/en\/location\/festival-pordenone-legge-2017-palazzo-ricchieri\/","name":"Festival Pordenone Legge 2017 - Palazzo Ricchieri - Circolo Controtempo","isPartOf":{"@id":"https:\/\/controtempo.org\/en\/#website"},"primaryImageOfPage":{"@id":"https:\/\/controtempo.org\/en\/location\/festival-pordenone-legge-2017-palazzo-ricchieri\/#primaryimage"},"image":{"@id":"https:\/\/controtempo.org\/en\/location\/festival-pordenone-legge-2017-palazzo-ricchieri\/#primaryimage"},"thumbnailUrl":"https:\/\/controtempo.org\/wp-content\/uploads\/2021\/04\/logo-pordenone-legge.png","datePublished":"2021-04-14T23:07:41+00:00","breadcrumb":{"@id":"https:\/\/controtempo.org\/en\/location\/festival-pordenone-legge-2017-palazzo-ricchieri\/#breadcrumb"},"inLanguage":"en-US","potentialAction":[{"@type":"ReadAction","target":["https:\/\/controtempo.org\/en\/location\/festival-pordenone-legge-2017-palazzo-ricchieri\/"]}]},{"@type":"ImageObject","inLanguage":"en-US","@id":"https:\/\/controtempo.org\/en\/location\/festival-pordenone-legge-2017-palazzo-ricchieri\/#primaryimage","url":"https:\/\/controtempo.org\/wp-content\/uploads\/2021\/04\/logo-pordenone-legge.png","contentUrl":"https:\/\/controtempo.org\/wp-content\/uploads\/2021\/04\/logo-pordenone-legge.png","width":252,"height":81},{"@type":"BreadcrumbList","@id":"https:\/\/controtempo.org\/en\/location\/festival-pordenone-legge-2017-palazzo-ricchieri\/#breadcrumb","itemListElement":[{"@type":"ListItem","position":1,"name":"Home","item":"https:\/\/controtempo.org\/en\/"},{"@type":"ListItem","position":2,"name":"Locations","item":"https:\/\/controtempo.org\/en\/location\/"},{"@type":"ListItem","position":3,"name":"Festival Pordenone Legge 2017 &#8211; Palazzo Ricchieri"}]},{"@type":"WebSite","@id":"https:\/\/controtempo.org\/en\/#website","url":"https:\/\/controtempo.org\/en\/","name":"Circolo Controtempo","description":"","potentialAction":[{"@type":"SearchAction","target":{"@type":"EntryPoint","urlTemplate":"https:\/\/controtempo.org\/en\/?s={search_term_string}"},"query-input":{"@type":"PropertyValueSpecification","valueRequired":true,"valueName":"search_term_string"}}],"inLanguage":"en-US"}]}},"_links":{"self":[{"href":"https:\/\/controtempo.org\/en\/wp-json\/wp\/v2\/location\/50375","targetHints":{"allow":["GET"]}}],"collection":[{"href":"https:\/\/controtempo.org\/en\/wp-json\/wp\/v2\/location"}],"about":[{"href":"https:\/\/controtempo.org\/en\/wp-json\/wp\/v2\/types\/location"}],"version-history":[{"count":0,"href":"https:\/\/controtempo.org\/en\/wp-json\/wp\/v2\/location\/50375\/revisions"}],"wp:featuredmedia":[{"embeddable":true,"href":"https:\/\/controtempo.org\/en\/wp-json\/wp\/v2\/media\/48335"}],"wp:attachment":[{"href":"https:\/\/controtempo.org\/en\/wp-json\/wp\/v2\/media?parent=50375"}],"wp:term":[{"taxonomy":"posizione","embeddable":true,"href":"https:\/\/controtempo.org\/en\/wp-json\/wp\/v2\/posizione?post=50375"}],"curies":[{"name":"wp","href":"https:\/\/api.w.org\/{rel}","templated":true}]}}

<p style="text-align: justify;">Il progetto <b>pordenonelegge.it</b> ha origine nel 2000 a seguito di un’intelligente intuizione dell’allora presidente della Camera di Commercio di Pordenone, Augusto Antonucci.<br />
La volontà era quella di attirare l’attenzione sulle potenzialità turistiche e culturali della città di Pordenone, fino ad allora conosciuta esclusivamente come una realtà prettamente economica e manifatturiera.</p>
<p style="text-align: justify;">A sostenere il progetto si affiancò da subito l’Ente Fiera (che negli anni precedenti aveva organizzato Editexpo) e a ruota tutti gli enti e le istituzioni del territorio.<br />
Per le prime due edizioni, l’organizzazione fu affidata a curatori esterni che intervenivano esclusivamente per coordinare il lavoro della segreteria organizzativa seguita fin dalla prima edizione all’Azienda Speciale della Camera di Commercio.<br />
Ma fu nel 2002 che avvenne la svolta, quando cioè l’Ente camerale decise di affidare la direzione artistica ad un gruppo di operatori culturali locali, ben radicati nel territorio, dalle grandi potenzialità e con relazioni consolidate in ambito editoriale.</p>
<p style="text-align: justify;">Oggi <b>pordenonelegge.it</b> è la Festa del Libro con gli autori del Nord Est d’Italia e vanta importanti relazioni con altri festival, collaborazioni con eventi internazionali e gioca un interessante ruolo di palcoscenico per autori famosi e scrittori emergenti.<br />
E’ un Festival che vuole continuare a crescere in qualità e che per farlo ha bisogno dell’affetto di tutti i suoi affezionati protagonisti, primi tra tutti i visitatori.</p>
<p style="text-align: justify;">Nel 2013 è nata la <b>Fondazione Pordenonelegge.it</b>, fortemente voluta dall&#8217;Ente camerale e dai rappresentanti delle associazioni di categoria che ne compongono la Giunta, per mettere in sicurezza una manifestazione che, grazie a un istituto giuridico di diritto privato, ne garantirà esistenza e autonomia.</p>
