{"id":50374,"date":"2021-04-15T01:07:41","date_gmt":"2021-04-14T23:07:41","guid":{"rendered":"https:\/\/controtempo.org\/location\/kulturni-dom-nova-gorica\/"},"modified":"2021-04-15T01:07:41","modified_gmt":"2021-04-14T23:07:41","slug":"kulturni-dom-nova-gorica","status":"publish","type":"location","link":"https:\/\/controtempo.org\/en\/location\/kulturni-dom-nova-gorica\/","title":{"rendered":"Kulturni dom Nova Gorica"},"content":{"rendered":"<p style=\"text-align: justify;\">In oltre trent&#8217;anni di attivit\u00e0, l&#8217;ente pubblico Kulturni dom Nova Gorica, fondato dal Comune di Nova Gorica, si \u00e8 affermato come la terza localit\u00e0 per concerti in Slovenia.<br \/>\nOltre al teatro, vi operano la\u00a0Galleria civica di Nova Gorica\u00a0con una ricca attivit\u00e0 espositiva ed educativa, il\u00a0Teatro del cinema\u00a0con proiezioni di\u00a0film d&#8217;autore, il\u00a0Girotondo del cinema, una serie di proiezioni per bambini e adolescenti oltre ad altre serie di proiezioni a tema.<br \/>\nI programmi del centro comprendono\u00a0l&#8217;Abbonamento stagionale per concerti di orchestre e cori, nonch\u00e9 per i cicli consolidati come\u00a0Art sredica,\u00a0Trio musicale d&#8217;autunno,\u00a0Musica dai giardini di San Francesco\u00a0e\u00a0Incontro internazionale dei sassofonisti.<br \/>\nSi presta particolare attenzione all&#8217;educazione alla musica in tutte le scuole primarie e secondarie dei sei comuni dell&#8217;area. Ogni anno il Kulturni Dom organizza circa cento programmi educativi e didattici per i giovani. Gli eventi si svolgono nelle due sale del centro oppure in altri luoghi della regione, come, per esempio, i concerti delle\u00a0Armonie al castello\u00a0e del festival\u00a0Giornate di musica antica.<br \/>\nA completare i programmi, una serie di spettacoli ospitati e cooperazioni transfrontaliere come\u00a0Nei suoni dei luoghi,\u00a0ECHOS &#8211; Echi transfrontalieri\u00a0e i progetti in\u00a0cooperazione con il Kulturni dom di Gorizia.<br \/>\nLa ricca attivit\u00e0 del Kulturni dom di Nova Gorica comprende oltre 350 eventi di vario genere organizzati nel corso dell&#8217;anno e visitati da quasi 40.000 spettatori.<br \/>\nLa cura dei valori della cultura e dell&#8217;arte con un&#8217;attenzione particolare sulle sfide creative e su programmi artistici di qualit\u00e0 restano il fulcro delle attivit\u00e0.<\/p>\n<p><strong>KULTURNI DOM NOVA GORICA<\/strong><br \/>\nBevkov Trg, 4<br \/>\nSI-5000 NOVA GORICA<br \/>\nT: + 386 5 335 40 10<br \/>\nwww.kulturnidom-ng.si<\/p>\n","protected":false},"excerpt":{"rendered":"<p>In oltre trent&#8217;anni di attivit\u00e0, l&#8217;ente pubblico Kulturni dom Nova Gorica, fondato dal Comune di Nova Gorica, si \u00e8 affermato&#8230;<\/p>\n","protected":false},"featured_media":48333,"template":"","meta":{"ngg_post_thumbnail":0,"footnotes":""},"posizione":[144,143],"class_list":["post-50374","location","type-location","status-publish","has-post-thumbnail","hentry","posizione-nova-gorica-slovenia","posizione-slovenia"],"yoast_head":"<!-- This site is optimized with the Yoast SEO plugin v27.4 - https:\/\/yoast.com\/product\/yoast-seo-wordpress\/ -->\n<title>Kulturni dom Nova Gorica - Circolo Controtempo<\/title>\n<meta name=\"robots\" content=\"index, follow, max-snippet:-1, max-image-preview:large, max-video-preview:-1\" \/>\n<link rel=\"canonical\" href=\"https:\/\/controtempo.org\/en\/location\/kulturni-dom-nova-gorica\/\" \/>\n<meta property=\"og:locale\" content=\"en_US\" \/>\n<meta property=\"og:type\" content=\"article\" \/>\n<meta property=\"og:title\" content=\"Kulturni dom Nova Gorica - Circolo Controtempo\" \/>\n<meta property=\"og:description\" content=\"In oltre trent&#8217;anni di attivit\u00e0, l&#8217;ente pubblico Kulturni dom Nova Gorica, fondato dal Comune di Nova Gorica, si \u00e8 affermato...\" \/>\n<meta property=\"og:url\" content=\"https:\/\/controtempo.org\/en\/location\/kulturni-dom-nova-gorica\/\" \/>\n<meta property=\"og:site_name\" content=\"Circolo Controtempo\" \/>\n<meta property=\"og:image\" content=\"https:\/\/controtempo.org\/wp-content\/uploads\/2021\/04\/kulturni-dom-nova-gorica.jpg\" \/>\n\t<meta property=\"og:image:width\" content=\"609\" \/>\n\t<meta property=\"og:image:height\" content=\"400\" \/>\n\t<meta property=\"og:image:type\" content=\"image\/jpeg\" \/>\n<meta name=\"twitter:card\" content=\"summary_large_image\" \/>\n<meta name=\"twitter:label1\" content=\"Est. reading time\" \/>\n\t<meta name=\"twitter:data1\" content=\"1 minute\" \/>\n<script type=\"application\/ld+json\" class=\"yoast-schema-graph\">{\"@context\":\"https:\\\/\\\/schema.org\",\"@graph\":[{\"@type\":\"WebPage\",\"@id\":\"https:\\\/\\\/controtempo.org\\\/en\\\/location\\\/kulturni-dom-nova-gorica\\\/\",\"url\":\"https:\\\/\\\/controtempo.org\\\/en\\\/location\\\/kulturni-dom-nova-gorica\\\/\",\"name\":\"Kulturni dom Nova Gorica - Circolo Controtempo\",\"isPartOf\":{\"@id\":\"https:\\\/\\\/controtempo.org\\\/en\\\/#website\"},\"primaryImageOfPage\":{\"@id\":\"https:\\\/\\\/controtempo.org\\\/en\\\/location\\\/kulturni-dom-nova-gorica\\\/#primaryimage\"},\"image\":{\"@id\":\"https:\\\/\\\/controtempo.org\\\/en\\\/location\\\/kulturni-dom-nova-gorica\\\/#primaryimage\"},\"thumbnailUrl\":\"https:\\\/\\\/controtempo.org\\\/wp-content\\\/uploads\\\/2021\\\/04\\\/kulturni-dom-nova-gorica.jpg\",\"datePublished\":\"2021-04-14T23:07:41+00:00\",\"breadcrumb\":{\"@id\":\"https:\\\/\\\/controtempo.org\\\/en\\\/location\\\/kulturni-dom-nova-gorica\\\/#breadcrumb\"},\"inLanguage\":\"en-US\",\"potentialAction\":[{\"@type\":\"ReadAction\",\"target\":[\"https:\\\/\\\/controtempo.org\\\/en\\\/location\\\/kulturni-dom-nova-gorica\\\/\"]}]},{\"@type\":\"ImageObject\",\"inLanguage\":\"en-US\",\"@id\":\"https:\\\/\\\/controtempo.org\\\/en\\\/location\\\/kulturni-dom-nova-gorica\\\/#primaryimage\",\"url\":\"https:\\\/\\\/controtempo.org\\\/wp-content\\\/uploads\\\/2021\\\/04\\\/kulturni-dom-nova-gorica.jpg\",\"contentUrl\":\"https:\\\/\\\/controtempo.org\\\/wp-content\\\/uploads\\\/2021\\\/04\\\/kulturni-dom-nova-gorica.jpg\",\"width\":609,\"height\":400},{\"@type\":\"BreadcrumbList\",\"@id\":\"https:\\\/\\\/controtempo.org\\\/en\\\/location\\\/kulturni-dom-nova-gorica\\\/#breadcrumb\",\"itemListElement\":[{\"@type\":\"ListItem\",\"position\":1,\"name\":\"Home\",\"item\":\"https:\\\/\\\/controtempo.org\\\/en\\\/\"},{\"@type\":\"ListItem\",\"position\":2,\"name\":\"Locations\",\"item\":\"https:\\\/\\\/controtempo.org\\\/en\\\/location\\\/\"},{\"@type\":\"ListItem\",\"position\":3,\"name\":\"Kulturni dom Nova Gorica\"}]},{\"@type\":\"WebSite\",\"@id\":\"https:\\\/\\\/controtempo.org\\\/en\\\/#website\",\"url\":\"https:\\\/\\\/controtempo.org\\\/en\\\/\",\"name\":\"Circolo Controtempo\",\"description\":\"\",\"potentialAction\":[{\"@type\":\"SearchAction\",\"target\":{\"@type\":\"EntryPoint\",\"urlTemplate\":\"https:\\\/\\\/controtempo.org\\\/en\\\/?s={search_term_string}\"},\"query-input\":{\"@type\":\"PropertyValueSpecification\",\"valueRequired\":true,\"valueName\":\"search_term_string\"}}],\"inLanguage\":\"en-US\"}]}<\/script>\n<!-- \/ Yoast SEO plugin. -->","yoast_head_json":{"title":"Kulturni dom Nova Gorica - Circolo Controtempo","robots":{"index":"index","follow":"follow","max-snippet":"max-snippet:-1","max-image-preview":"max-image-preview:large","max-video-preview":"max-video-preview:-1"},"canonical":"https:\/\/controtempo.org\/en\/location\/kulturni-dom-nova-gorica\/","og_locale":"en_US","og_type":"article","og_title":"Kulturni dom Nova Gorica - Circolo Controtempo","og_description":"In oltre trent&#8217;anni di attivit\u00e0, l&#8217;ente pubblico Kulturni dom Nova Gorica, fondato dal Comune di Nova Gorica, si \u00e8 affermato...","og_url":"https:\/\/controtempo.org\/en\/location\/kulturni-dom-nova-gorica\/","og_site_name":"Circolo Controtempo","og_image":[{"width":609,"height":400,"url":"https:\/\/controtempo.org\/wp-content\/uploads\/2021\/04\/kulturni-dom-nova-gorica.jpg","type":"image\/jpeg"}],"twitter_card":"summary_large_image","twitter_misc":{"Est. reading time":"1 minute"},"schema":{"@context":"https:\/\/schema.org","@graph":[{"@type":"WebPage","@id":"https:\/\/controtempo.org\/en\/location\/kulturni-dom-nova-gorica\/","url":"https:\/\/controtempo.org\/en\/location\/kulturni-dom-nova-gorica\/","name":"Kulturni dom Nova Gorica - Circolo Controtempo","isPartOf":{"@id":"https:\/\/controtempo.org\/en\/#website"},"primaryImageOfPage":{"@id":"https:\/\/controtempo.org\/en\/location\/kulturni-dom-nova-gorica\/#primaryimage"},"image":{"@id":"https:\/\/controtempo.org\/en\/location\/kulturni-dom-nova-gorica\/#primaryimage"},"thumbnailUrl":"https:\/\/controtempo.org\/wp-content\/uploads\/2021\/04\/kulturni-dom-nova-gorica.jpg","datePublished":"2021-04-14T23:07:41+00:00","breadcrumb":{"@id":"https:\/\/controtempo.org\/en\/location\/kulturni-dom-nova-gorica\/#breadcrumb"},"inLanguage":"en-US","potentialAction":[{"@type":"ReadAction","target":["https:\/\/controtempo.org\/en\/location\/kulturni-dom-nova-gorica\/"]}]},{"@type":"ImageObject","inLanguage":"en-US","@id":"https:\/\/controtempo.org\/en\/location\/kulturni-dom-nova-gorica\/#primaryimage","url":"https:\/\/controtempo.org\/wp-content\/uploads\/2021\/04\/kulturni-dom-nova-gorica.jpg","contentUrl":"https:\/\/controtempo.org\/wp-content\/uploads\/2021\/04\/kulturni-dom-nova-gorica.jpg","width":609,"height":400},{"@type":"BreadcrumbList","@id":"https:\/\/controtempo.org\/en\/location\/kulturni-dom-nova-gorica\/#breadcrumb","itemListElement":[{"@type":"ListItem","position":1,"name":"Home","item":"https:\/\/controtempo.org\/en\/"},{"@type":"ListItem","position":2,"name":"Locations","item":"https:\/\/controtempo.org\/en\/location\/"},{"@type":"ListItem","position":3,"name":"Kulturni dom Nova Gorica"}]},{"@type":"WebSite","@id":"https:\/\/controtempo.org\/en\/#website","url":"https:\/\/controtempo.org\/en\/","name":"Circolo Controtempo","description":"","potentialAction":[{"@type":"SearchAction","target":{"@type":"EntryPoint","urlTemplate":"https:\/\/controtempo.org\/en\/?s={search_term_string}"},"query-input":{"@type":"PropertyValueSpecification","valueRequired":true,"valueName":"search_term_string"}}],"inLanguage":"en-US"}]}},"_links":{"self":[{"href":"https:\/\/controtempo.org\/en\/wp-json\/wp\/v2\/location\/50374","targetHints":{"allow":["GET"]}}],"collection":[{"href":"https:\/\/controtempo.org\/en\/wp-json\/wp\/v2\/location"}],"about":[{"href":"https:\/\/controtempo.org\/en\/wp-json\/wp\/v2\/types\/location"}],"version-history":[{"count":0,"href":"https:\/\/controtempo.org\/en\/wp-json\/wp\/v2\/location\/50374\/revisions"}],"wp:featuredmedia":[{"embeddable":true,"href":"https:\/\/controtempo.org\/en\/wp-json\/wp\/v2\/media\/48333"}],"wp:attachment":[{"href":"https:\/\/controtempo.org\/en\/wp-json\/wp\/v2\/media?parent=50374"}],"wp:term":[{"taxonomy":"posizione","embeddable":true,"href":"https:\/\/controtempo.org\/en\/wp-json\/wp\/v2\/posizione?post=50374"}],"curies":[{"name":"wp","href":"https:\/\/api.w.org\/{rel}","templated":true}]}}

<p style="text-align: justify;">In oltre trent&#8217;anni di attività, l&#8217;ente pubblico Kulturni dom Nova Gorica, fondato dal Comune di Nova Gorica, si è affermato come la terza località per concerti in Slovenia.<br />
Oltre al teatro, vi operano la Galleria civica di Nova Gorica con una ricca attività espositiva ed educativa, il Teatro del cinema con proiezioni di film d&#8217;autore, il Girotondo del cinema, una serie di proiezioni per bambini e adolescenti oltre ad altre serie di proiezioni a tema.<br />
I programmi del centro comprendono l&#8217;Abbonamento stagionale per concerti di orchestre e cori, nonché per i cicli consolidati come Art sredica, Trio musicale d&#8217;autunno, Musica dai giardini di San Francesco e Incontro internazionale dei sassofonisti.<br />
Si presta particolare attenzione all&#8217;educazione alla musica in tutte le scuole primarie e secondarie dei sei comuni dell&#8217;area. Ogni anno il Kulturni Dom organizza circa cento programmi educativi e didattici per i giovani. Gli eventi si svolgono nelle due sale del centro oppure in altri luoghi della regione, come, per esempio, i concerti delle Armonie al castello e del festival Giornate di musica antica.<br />
A completare i programmi, una serie di spettacoli ospitati e cooperazioni transfrontaliere come Nei suoni dei luoghi, ECHOS &#8211; Echi transfrontalieri e i progetti in cooperazione con il Kulturni dom di Gorizia.<br />
La ricca attività del Kulturni dom di Nova Gorica comprende oltre 350 eventi di vario genere organizzati nel corso dell&#8217;anno e visitati da quasi 40.000 spettatori.<br />
La cura dei valori della cultura e dell&#8217;arte con un&#8217;attenzione particolare sulle sfide creative e su programmi artistici di qualità restano il fulcro delle attività.</p>
<p><strong>KULTURNI DOM NOVA GORICA</strong><br />
Bevkov Trg, 4<br />
SI-5000 NOVA GORICA<br />
T: + 386 5 335 40 10<br />
www.kulturnidom-ng.si</p>

<p>In oltre trent&#8217;anni di attività, l&#8217;ente pubblico Kulturni dom Nova Gorica, fondato dal Comune di Nova Gorica, si è affermato&#8230;</p>

<!-- This site is optimized with the Yoast SEO plugin v27.4 - https://yoast.com/product/yoast-seo-wordpress/ -->
<title>Kulturni dom Nova Gorica - Circolo Controtempo</title>
<meta name="robots" content="index, follow, max-snippet:-1, max-image-preview:large, max-video-preview:-1" />
<link rel="canonical" href="https://controtempo.org/en/location/kulturni-dom-nova-gorica/" />
<meta property="og:locale" content="en_US" />
<meta property="og:type" content="article" />
<meta property="og:title" content="Kulturni dom Nova Gorica - Circolo Controtempo" />
<meta property="og:description" content="In oltre trent&#8217;anni di attività, l&#8217;ente pubblico Kulturni dom Nova Gorica, fondato dal Comune di Nova Gorica, si è affermato..." />
<meta property="og:url" content="https://controtempo.org/en/location/kulturni-dom-nova-gorica/" />
<meta property="og:site_name" content="Circolo Controtempo" />
<meta property="og:image" content="https://controtempo.org/wp-content/uploads/2021/04/kulturni-dom-nova-gorica.jpg" />
	<meta property="og:image:width" content="609" />
	<meta property="og:image:height" content="400" />
	<meta property="og:image:type" content="image/jpeg" />
<meta name="twitter:card" content="summary_large_image" />
<meta name="twitter:label1" content="Est. reading time" />
	<meta name="twitter:data1" content="1 minute" />
<script type="application/ld+json" class="yoast-schema-graph">{"@context":"https:\/\/schema.org","@graph":[{"@type":"WebPage","@id":"https:\/\/controtempo.org\/en\/location\/kulturni-dom-nova-gorica\/","url":"https:\/\/controtempo.org\/en\/location\/kulturni-dom-nova-gorica\/","name":"Kulturni dom Nova Gorica - Circolo Controtempo","isPartOf":{"@id":"https:\/\/controtempo.org\/en\/#website"},"primaryImageOfPage":{"@id":"https:\/\/controtempo.org\/en\/location\/kulturni-dom-nova-gorica\/#primaryimage"},"image":{"@id":"https:\/\/controtempo.org\/en\/location\/kulturni-dom-nova-gorica\/#primaryimage"},"thumbnailUrl":"https:\/\/controtempo.org\/wp-content\/uploads\/2021\/04\/kulturni-dom-nova-gorica.jpg","datePublished":"2021-04-14T23:07:41+00:00","breadcrumb":{"@id":"https:\/\/controtempo.org\/en\/location\/kulturni-dom-nova-gorica\/#breadcrumb"},"inLanguage":"en-US","potentialAction":[{"@type":"ReadAction","target":["https:\/\/controtempo.org\/en\/location\/kulturni-dom-nova-gorica\/"]}]},{"@type":"ImageObject","inLanguage":"en-US","@id":"https:\/\/controtempo.org\/en\/location\/kulturni-dom-nova-gorica\/#primaryimage","url":"https:\/\/controtempo.org\/wp-content\/uploads\/2021\/04\/kulturni-dom-nova-gorica.jpg","contentUrl":"https:\/\/controtempo.org\/wp-content\/uploads\/2021\/04\/kulturni-dom-nova-gorica.jpg","width":609,"height":400},{"@type":"BreadcrumbList","@id":"https:\/\/controtempo.org\/en\/location\/kulturni-dom-nova-gorica\/#breadcrumb","itemListElement":[{"@type":"ListItem","position":1,"name":"Home","item":"https:\/\/controtempo.org\/en\/"},{"@type":"ListItem","position":2,"name":"Locations","item":"https:\/\/controtempo.org\/en\/location\/"},{"@type":"ListItem","position":3,"name":"Kulturni dom Nova Gorica"}]},{"@type":"WebSite","@id":"https:\/\/controtempo.org\/en\/#website","url":"https:\/\/controtempo.org\/en\/","name":"Circolo Controtempo","description":"","potentialAction":[{"@type":"SearchAction","target":{"@type":"EntryPoint","urlTemplate":"https:\/\/controtempo.org\/en\/?s={search_term_string}"},"query-input":{"@type":"PropertyValueSpecification","valueRequired":true,"valueName":"search_term_string"}}],"inLanguage":"en-US"}]}</script>
<!-- / Yoast SEO plugin. -->

In oltre trent&#8217;anni di attività, l&#8217;ente pubblico Kulturni dom Nova Gorica, fondato dal Comune di Nova Gorica, si è affermato...
