{"id":73093,"date":"2023-10-03T15:46:51","date_gmt":"2023-10-03T13:46:51","guid":{"rendered":"https:\/\/controtempo.org\/?post_type=evento&#038;p=73093"},"modified":"2023-10-10T19:10:38","modified_gmt":"2023-10-10T17:10:38","slug":"zerorchestra-orchestra-of-the-imaginary-erotikon","status":"publish","type":"evento","link":"https:\/\/controtempo.org\/en\/evento\/zerorchestra-orchestra-of-the-imaginary-erotikon\/","title":{"rendered":"Zerorchestra + Orchestra of the Imaginary \u201cEROTIKON\u201d"},"content":{"rendered":"<p><strong>Andrej Goricar<\/strong>: pianoforte, composizione e conduzione<br \/>\n<strong>Francesco Bearzatti<\/strong>: sax tenore<br \/>\n<strong>Didier Ortolan<\/strong>: clarinetti<br \/>\nGaspare Pasini: sax alto<br \/>\n<strong>Romano Todesco<\/strong>: contrabasso<br \/>\n<strong>Luigi Vitale<\/strong>: vibrafono<br \/>\n<strong>Ana Mezgec<\/strong>: violino<br \/>\n<strong>Domen Lorenz<\/strong>: violino<br \/>\n<strong>Gea Pantner Volfand<\/strong>: viola<br \/>\n<strong>Milan Hudnik<\/strong>: violoncello<\/p>\n<p>&#8220;Erotikon&#8221; (1929), diretto da Gustav Machat\u00fd, \u00e8 un film cecoslovacco che esplora il desiderio e la morale nella societ\u00e0 borghese. La trama ruota attorno a un triangolo amoroso tra un professore, una moglie insoddisfatta e una ballerina, esplorando il tab\u00f9 dell&#8217;erotismo e della passione. Il compositore musicale Andrej Gori\u010dar \u00e8 affascinato da &#8220;Erotikon&#8221; di Machat\u00fd, attratto dalla delicatezza di alcune scene e dall&#8217;importanza del silenzio nel film. Per la colonna sonora, ha cercato di infondere un&#8217;anima nella musica, prendendo ispirazione da momenti di improvvisazione al pianoforte durante la proiezione.<\/p>\n<p>In questa occasione, il film verr\u00e0 musicato da artisti di due orchestre, la Orchestra of the Imaginary slovena e la Zerochestra Italiana, guidati dal maestro Andrej Goricar.<\/p>\n<p>Un\u2019iniziativa di: <strong>Zerorchestra<\/strong><br \/>\nEnte organizzatore: <strong>Circolo Controtempo<\/strong> e <strong>Palazzo del Cinema<\/strong><br \/>\nIn collaborazione con: <strong>Cinemazero<\/strong>, <strong>Le Giornate del Cinema Muto<\/strong>, <strong>Amici del Cuore<\/strong>, <strong>Kulturni Dom<\/strong><\/p>\n<p>Il ricavato verr\u00e0 devoluto all\u2019associazione Amici del Cuore di Trieste.<\/p>\n","protected":false},"excerpt":{"rendered":"<p>Andrej Goricar: pianoforte, composizione e conduzione Francesco Bearzatti: sax tenore Didier Ortolan: clarinetti Gaspare Pasini: sax alto Romano Todesco: contrabasso&#8230;<\/p>\n","protected":false},"featured_media":73094,"comment_status":"open","ping_status":"closed","template":"","meta":{"ngg_post_thumbnail":0,"footnotes":""},"festival":[299],"class_list":["post-73093","evento","type-evento","status-publish","has-post-thumbnail","hentry","festival-jazzwine-of-peace-2023"],"yoast_head":"<!-- This site is optimized with the Yoast SEO plugin v27.5 - https:\/\/yoast.com\/product\/yoast-seo-wordpress\/ -->\n<title>Zerorchestra + Orchestra of the Imaginary \u201cEROTIKON\u201d - Circolo Controtempo<\/title>\n<meta name=\"robots\" content=\"index, follow, max-snippet:-1, max-image-preview:large, max-video-preview:-1\" \/>\n<link rel=\"canonical\" href=\"https:\/\/controtempo.org\/en\/evento\/zerorchestra-orchestra-of-the-imaginary-erotikon\/\" \/>\n<meta property=\"og:locale\" content=\"en_US\" \/>\n<meta property=\"og:type\" content=\"article\" \/>\n<meta property=\"og:title\" content=\"Zerorchestra + Orchestra of the Imaginary \u201cEROTIKON\u201d - Circolo Controtempo\" \/>\n<meta property=\"og:description\" content=\"Andrej Goricar: pianoforte, composizione e conduzione Francesco Bearzatti: sax tenore Didier Ortolan: clarinetti Gaspare Pasini: sax alto Romano Todesco: contrabasso...\" \/>\n<meta property=\"og:url\" content=\"https:\/\/controtempo.org\/en\/evento\/zerorchestra-orchestra-of-the-imaginary-erotikon\/\" \/>\n<meta property=\"og:site_name\" content=\"Circolo Controtempo\" \/>\n<meta property=\"article:modified_time\" content=\"2023-10-10T17:10:38+00:00\" \/>\n<meta property=\"og:image\" content=\"https:\/\/controtempo.org\/wp-content\/uploads\/2023\/10\/Anteprima-jazz.jpg\" \/>\n\t<meta property=\"og:image:width\" content=\"800\" \/>\n\t<meta property=\"og:image:height\" content=\"600\" \/>\n\t<meta property=\"og:image:type\" content=\"image\/jpeg\" \/>\n<meta name=\"twitter:card\" content=\"summary_large_image\" \/>\n<meta name=\"twitter:label1\" content=\"Est. reading time\" \/>\n\t<meta name=\"twitter:data1\" content=\"1 minute\" \/>\n<script type=\"application\/ld+json\" class=\"yoast-schema-graph\">{\"@context\":\"https:\\\/\\\/schema.org\",\"@graph\":[{\"@type\":\"WebPage\",\"@id\":\"https:\\\/\\\/controtempo.org\\\/en\\\/evento\\\/zerorchestra-orchestra-of-the-imaginary-erotikon\\\/\",\"url\":\"https:\\\/\\\/controtempo.org\\\/en\\\/evento\\\/zerorchestra-orchestra-of-the-imaginary-erotikon\\\/\",\"name\":\"Zerorchestra + Orchestra of the Imaginary \u201cEROTIKON\u201d - Circolo Controtempo\",\"isPartOf\":{\"@id\":\"https:\\\/\\\/controtempo.org\\\/en\\\/#website\"},\"primaryImageOfPage\":{\"@id\":\"https:\\\/\\\/controtempo.org\\\/en\\\/evento\\\/zerorchestra-orchestra-of-the-imaginary-erotikon\\\/#primaryimage\"},\"image\":{\"@id\":\"https:\\\/\\\/controtempo.org\\\/en\\\/evento\\\/zerorchestra-orchestra-of-the-imaginary-erotikon\\\/#primaryimage\"},\"thumbnailUrl\":\"https:\\\/\\\/controtempo.org\\\/wp-content\\\/uploads\\\/2023\\\/10\\\/Anteprima-jazz.jpg\",\"datePublished\":\"2023-10-03T13:46:51+00:00\",\"dateModified\":\"2023-10-10T17:10:38+00:00\",\"breadcrumb\":{\"@id\":\"https:\\\/\\\/controtempo.org\\\/en\\\/evento\\\/zerorchestra-orchestra-of-the-imaginary-erotikon\\\/#breadcrumb\"},\"inLanguage\":\"en-US\",\"potentialAction\":[{\"@type\":\"ReadAction\",\"target\":[\"https:\\\/\\\/controtempo.org\\\/en\\\/evento\\\/zerorchestra-orchestra-of-the-imaginary-erotikon\\\/\"]}]},{\"@type\":\"ImageObject\",\"inLanguage\":\"en-US\",\"@id\":\"https:\\\/\\\/controtempo.org\\\/en\\\/evento\\\/zerorchestra-orchestra-of-the-imaginary-erotikon\\\/#primaryimage\",\"url\":\"https:\\\/\\\/controtempo.org\\\/wp-content\\\/uploads\\\/2023\\\/10\\\/Anteprima-jazz.jpg\",\"contentUrl\":\"https:\\\/\\\/controtempo.org\\\/wp-content\\\/uploads\\\/2023\\\/10\\\/Anteprima-jazz.jpg\",\"width\":800,\"height\":600},{\"@type\":\"BreadcrumbList\",\"@id\":\"https:\\\/\\\/controtempo.org\\\/en\\\/evento\\\/zerorchestra-orchestra-of-the-imaginary-erotikon\\\/#breadcrumb\",\"itemListElement\":[{\"@type\":\"ListItem\",\"position\":1,\"name\":\"Home\",\"item\":\"https:\\\/\\\/controtempo.org\\\/en\\\/\"},{\"@type\":\"ListItem\",\"position\":2,\"name\":\"Eventi\",\"item\":\"https:\\\/\\\/controtempo.org\\\/en\\\/evento\\\/\"},{\"@type\":\"ListItem\",\"position\":3,\"name\":\"Zerorchestra + Orchestra of the Imaginary \u201cEROTIKON\u201d\"}]},{\"@type\":\"WebSite\",\"@id\":\"https:\\\/\\\/controtempo.org\\\/en\\\/#website\",\"url\":\"https:\\\/\\\/controtempo.org\\\/en\\\/\",\"name\":\"Circolo Controtempo\",\"description\":\"\",\"potentialAction\":[{\"@type\":\"SearchAction\",\"target\":{\"@type\":\"EntryPoint\",\"urlTemplate\":\"https:\\\/\\\/controtempo.org\\\/en\\\/?s={search_term_string}\"},\"query-input\":{\"@type\":\"PropertyValueSpecification\",\"valueRequired\":true,\"valueName\":\"search_term_string\"}}],\"inLanguage\":\"en-US\"}]}<\/script>\n<!-- \/ Yoast SEO plugin. -->","yoast_head_json":{"title":"Zerorchestra + Orchestra of the Imaginary \u201cEROTIKON\u201d - Circolo Controtempo","robots":{"index":"index","follow":"follow","max-snippet":"max-snippet:-1","max-image-preview":"max-image-preview:large","max-video-preview":"max-video-preview:-1"},"canonical":"https:\/\/controtempo.org\/en\/evento\/zerorchestra-orchestra-of-the-imaginary-erotikon\/","og_locale":"en_US","og_type":"article","og_title":"Zerorchestra + Orchestra of the Imaginary \u201cEROTIKON\u201d - Circolo Controtempo","og_description":"Andrej Goricar: pianoforte, composizione e conduzione Francesco Bearzatti: sax tenore Didier Ortolan: clarinetti Gaspare Pasini: sax alto Romano Todesco: contrabasso...","og_url":"https:\/\/controtempo.org\/en\/evento\/zerorchestra-orchestra-of-the-imaginary-erotikon\/","og_site_name":"Circolo Controtempo","article_modified_time":"2023-10-10T17:10:38+00:00","og_image":[{"width":800,"height":600,"url":"https:\/\/controtempo.org\/wp-content\/uploads\/2023\/10\/Anteprima-jazz.jpg","type":"image\/jpeg"}],"twitter_card":"summary_large_image","twitter_misc":{"Est. reading time":"1 minute"},"schema":{"@context":"https:\/\/schema.org","@graph":[{"@type":"WebPage","@id":"https:\/\/controtempo.org\/en\/evento\/zerorchestra-orchestra-of-the-imaginary-erotikon\/","url":"https:\/\/controtempo.org\/en\/evento\/zerorchestra-orchestra-of-the-imaginary-erotikon\/","name":"Zerorchestra + Orchestra of the Imaginary \u201cEROTIKON\u201d - Circolo Controtempo","isPartOf":{"@id":"https:\/\/controtempo.org\/en\/#website"},"primaryImageOfPage":{"@id":"https:\/\/controtempo.org\/en\/evento\/zerorchestra-orchestra-of-the-imaginary-erotikon\/#primaryimage"},"image":{"@id":"https:\/\/controtempo.org\/en\/evento\/zerorchestra-orchestra-of-the-imaginary-erotikon\/#primaryimage"},"thumbnailUrl":"https:\/\/controtempo.org\/wp-content\/uploads\/2023\/10\/Anteprima-jazz.jpg","datePublished":"2023-10-03T13:46:51+00:00","dateModified":"2023-10-10T17:10:38+00:00","breadcrumb":{"@id":"https:\/\/controtempo.org\/en\/evento\/zerorchestra-orchestra-of-the-imaginary-erotikon\/#breadcrumb"},"inLanguage":"en-US","potentialAction":[{"@type":"ReadAction","target":["https:\/\/controtempo.org\/en\/evento\/zerorchestra-orchestra-of-the-imaginary-erotikon\/"]}]},{"@type":"ImageObject","inLanguage":"en-US","@id":"https:\/\/controtempo.org\/en\/evento\/zerorchestra-orchestra-of-the-imaginary-erotikon\/#primaryimage","url":"https:\/\/controtempo.org\/wp-content\/uploads\/2023\/10\/Anteprima-jazz.jpg","contentUrl":"https:\/\/controtempo.org\/wp-content\/uploads\/2023\/10\/Anteprima-jazz.jpg","width":800,"height":600},{"@type":"BreadcrumbList","@id":"https:\/\/controtempo.org\/en\/evento\/zerorchestra-orchestra-of-the-imaginary-erotikon\/#breadcrumb","itemListElement":[{"@type":"ListItem","position":1,"name":"Home","item":"https:\/\/controtempo.org\/en\/"},{"@type":"ListItem","position":2,"name":"Eventi","item":"https:\/\/controtempo.org\/en\/evento\/"},{"@type":"ListItem","position":3,"name":"Zerorchestra + Orchestra of the Imaginary \u201cEROTIKON\u201d"}]},{"@type":"WebSite","@id":"https:\/\/controtempo.org\/en\/#website","url":"https:\/\/controtempo.org\/en\/","name":"Circolo Controtempo","description":"","potentialAction":[{"@type":"SearchAction","target":{"@type":"EntryPoint","urlTemplate":"https:\/\/controtempo.org\/en\/?s={search_term_string}"},"query-input":{"@type":"PropertyValueSpecification","valueRequired":true,"valueName":"search_term_string"}}],"inLanguage":"en-US"}]}},"_links":{"self":[{"href":"https:\/\/controtempo.org\/en\/wp-json\/wp\/v2\/evento\/73093","targetHints":{"allow":["GET"]}}],"collection":[{"href":"https:\/\/controtempo.org\/en\/wp-json\/wp\/v2\/evento"}],"about":[{"href":"https:\/\/controtempo.org\/en\/wp-json\/wp\/v2\/types\/evento"}],"replies":[{"embeddable":true,"href":"https:\/\/controtempo.org\/en\/wp-json\/wp\/v2\/comments?post=73093"}],"version-history":[{"count":0,"href":"https:\/\/controtempo.org\/en\/wp-json\/wp\/v2\/evento\/73093\/revisions"}],"wp:featuredmedia":[{"embeddable":true,"href":"https:\/\/controtempo.org\/en\/wp-json\/wp\/v2\/media\/73094"}],"wp:attachment":[{"href":"https:\/\/controtempo.org\/en\/wp-json\/wp\/v2\/media?parent=73093"}],"wp:term":[{"taxonomy":"festival","embeddable":true,"href":"https:\/\/controtempo.org\/en\/wp-json\/wp\/v2\/festival?post=73093"}],"curies":[{"name":"wp","href":"https:\/\/api.w.org\/{rel}","templated":true}]}}

<p><strong>Andrej Goricar</strong>: pianoforte, composizione e conduzione<br />
<strong>Francesco Bearzatti</strong>: sax tenore<br />
<strong>Didier Ortolan</strong>: clarinetti<br />
Gaspare Pasini: sax alto<br />
<strong>Romano Todesco</strong>: contrabasso<br />
<strong>Luigi Vitale</strong>: vibrafono<br />
<strong>Ana Mezgec</strong>: violino<br />
<strong>Domen Lorenz</strong>: violino<br />
<strong>Gea Pantner Volfand</strong>: viola<br />
<strong>Milan Hudnik</strong>: violoncello</p>
<p>&#8220;Erotikon&#8221; (1929), diretto da Gustav Machatý, è un film cecoslovacco che esplora il desiderio e la morale nella società borghese. La trama ruota attorno a un triangolo amoroso tra un professore, una moglie insoddisfatta e una ballerina, esplorando il tabù dell&#8217;erotismo e della passione. Il compositore musicale Andrej Goričar è affascinato da &#8220;Erotikon&#8221; di Machatý, attratto dalla delicatezza di alcune scene e dall&#8217;importanza del silenzio nel film. Per la colonna sonora, ha cercato di infondere un&#8217;anima nella musica, prendendo ispirazione da momenti di improvvisazione al pianoforte durante la proiezione.</p>
<p>In questa occasione, il film verrà musicato da artisti di due orchestre, la Orchestra of the Imaginary slovena e la Zerochestra Italiana, guidati dal maestro Andrej Goricar.</p>
<p>Un’iniziativa di: <strong>Zerorchestra</strong><br />
Ente organizzatore: <strong>Circolo Controtempo</strong> e <strong>Palazzo del Cinema</strong><br />
In collaborazione con: <strong>Cinemazero</strong>, <strong>Le Giornate del Cinema Muto</strong>, <strong>Amici del Cuore</strong>, <strong>Kulturni Dom</strong></p>
<p>Il ricavato verrà devoluto all’associazione Amici del Cuore di Trieste.</p>
