{"id":49691,"date":"2018-09-10T00:00:00","date_gmt":"2018-09-09T22:00:00","guid":{"rendered":"https:\/\/controtempo.org\/evento\/sulle-tracce-dellavventura-omaggio-a-hugo-pratt\/"},"modified":"2018-09-10T00:00:00","modified_gmt":"2018-09-09T22:00:00","slug":"sulle-tracce-dellavventura-omaggio-a-hugo-pratt","status":"publish","type":"evento","link":"https:\/\/controtempo.org\/en\/evento\/sulle-tracce-dellavventura-omaggio-a-hugo-pratt\/","title":{"rendered":"SULLE TRACCE DELL&#8217;AVVENTURA &#8211; OMAGGIO A HUGO PRATT"},"content":{"rendered":"\n<p style=\"text-align: justify;\"><span style=\"color: #000000;\"><strong>SULLE TRACCE DELL&#8217;AVVENTURA &#8211; OMAGGIO A HUGO PRATT<br \/>\nGiovanni Falzone: <\/strong>tromba e elettronica<br \/>\n<\/span><span style=\"color: #000000;\"><strong>Alessandro Rossi: <\/strong>batteria e elettronica<br \/>\n<\/span><span style=\"color: #000000;\"><strong>Progetto e fotografie a cura di Pino Ninfa<\/strong><\/span><\/p>\n<p style=\"text-align: justify;\"><span style=\"color: #000000;\">Ideato e curato da <strong>Pino Ninfa<\/strong>, <strong>\u201cOmaggio a Hugo Pratt. Sulle strade dell\u2019avventura\u201d<\/strong> \u00e8 un evento multimediale che prevede una performance di musica e fotografia, incentrato sul tema dell\u2019avventura, immaginaria ed immaginata.<\/span><\/p>\n<p style=\"text-align: justify;\"><span style=\"color: #000000;\">Un catalogo, pubblicato da Casadei Libri, racconta con le immagini in nove capitoli viaggi che risuonano dei luoghi dei personaggi prattiani, da Corto Maltese agli Scorpioni del deserto, come l\u2019Argentina e il Tango, L\u2019Etiopia e i suoi deserti del sud, Cuba, gli Stati Uniti, il poeta Rimbaud e Venezia, insieme a una serie di ritratti fatti a Pratt nella sua casa studio in Svizzera.<\/span><\/p>\n<p style=\"text-align: justify;\"><span style=\"color: #000000;\">&nbsp;\u201c<em>Nel vocabolario privato di Hugo Pratt la parola avventura \u00e8 sicuramente quella che amava di pi\u00f9,quella che riempiva con pi\u00f9 significati,quella che lo ha accompagnato anche quando stava immobile e non c&#8217;era una nuova partenza a sollecitare la sua fantasia. (\u2026) Con questo sentimento prattiano, Pino Ninfa ha concepito questa performance e il suo lavoro artistico, che esprime attraverso la fotografia, alimentandola di sostanza pittorica e simbolica. Guardando le fotografie di Ninfa \u00e8 palese quanto ami le opere e il vivere di Pratt, che vengono evocati con un sentimento poetico, seguendo le tracce lasciate dal Maestro<\/em>\u201d (Vincenzo Mollica).<\/span><\/p>\n<p style=\"text-align: justify;\"><span style=\"color: #000000;\">Il progetto, rende omaggio alla creativit\u00e0 e alla fantasia del suo veneziano di adozione, che a Venezia ha dedicato molte delle sue strisce e dove ha ambientato molte delle storie che vedono protagonista il suo celebre alter ego, <em>Corto Maltese<\/em>, flemmatico marinaio, come lui instancabile viaggiatore e romantico sognatore.<\/span><\/p>\n<p style=\"text-align: justify;\"><span style=\"color: #000000;\">La musica di questo viaggio \u00e8 firmata da Giovanni Falzone e Alessandro Rossi che con le loro atmosfere ci porteranno a incontrare l\u2019avventura sotto varie forme, creando un connubio intrigante e stimolante con le immagini all\u2019insegna di una passione comune che li lega a Pino Ninfa: il jazz.<\/span><\/p>\n<p>&nbsp;<\/p>\n<p style=\"text-align: center;\"><span style=\"color: #000000;\"><em>Evento in collaborazione con Cinemazero Pordenone<\/em><\/span><\/p>\n<p><a href=\"https:\/\/cinemazero.it\/novita\/2018\/09\/17\/sulle-tracce-dellavventura\/\"><img loading=\"lazy\" decoding=\"async\" class=\"alignnone wp-image-13197 aligncenter\" src=\"http:\/\/controtempo.org\/wp-content\/uploads\/2017\/09\/cinemazero.jpg\" alt=\"\" width=\"199\" height=\"106\"><\/a><\/p>\n<p>&nbsp;<\/p>\n","protected":false},"excerpt":{"rendered":"<p>SULLE TRACCE DELL&#8217;AVVENTURA &#8211; OMAGGIO A HUGO PRATT Giovanni Falzone: tromba e elettronica Alessandro Rossi: batteria e elettronica Progetto e&#8230;<\/p>\n","protected":false},"featured_media":48124,"comment_status":"closed","ping_status":"closed","template":"","meta":{"ngg_post_thumbnail":0,"footnotes":""},"festival":[154],"class_list":["post-49691","evento","type-evento","status-publish","has-post-thumbnail","hentry","festival-il-volo-del-jazz-2018"],"yoast_head":"<!-- This site is optimized with the Yoast SEO plugin v27.5 - https:\/\/yoast.com\/product\/yoast-seo-wordpress\/ -->\n<title>SULLE TRACCE DELL&#039;AVVENTURA - OMAGGIO A HUGO PRATT - Circolo Controtempo<\/title>\n<meta name=\"robots\" content=\"index, follow, max-snippet:-1, max-image-preview:large, max-video-preview:-1\" \/>\n<link rel=\"canonical\" href=\"https:\/\/controtempo.org\/en\/evento\/sulle-tracce-dellavventura-omaggio-a-hugo-pratt\/\" \/>\n<meta property=\"og:locale\" content=\"en_US\" \/>\n<meta property=\"og:type\" content=\"article\" \/>\n<meta property=\"og:title\" content=\"SULLE TRACCE DELL&#039;AVVENTURA - OMAGGIO A HUGO PRATT - Circolo Controtempo\" \/>\n<meta property=\"og:description\" content=\"SULLE TRACCE DELL&#8217;AVVENTURA &#8211; OMAGGIO A HUGO PRATT Giovanni Falzone: tromba e elettronica Alessandro Rossi: batteria e elettronica Progetto e...\" \/>\n<meta property=\"og:url\" content=\"https:\/\/controtempo.org\/en\/evento\/sulle-tracce-dellavventura-omaggio-a-hugo-pratt\/\" \/>\n<meta property=\"og:site_name\" content=\"Circolo Controtempo\" \/>\n<meta property=\"og:image\" content=\"https:\/\/controtempo.org\/wp-content\/uploads\/2021\/03\/\u00a9-marco-nicolini-falzoneninfa-e-rossi-DSCF7266-2.jpg\" \/>\n\t<meta property=\"og:image:width\" content=\"2362\" \/>\n\t<meta property=\"og:image:height\" content=\"1788\" \/>\n\t<meta property=\"og:image:type\" content=\"image\/jpeg\" \/>\n<meta name=\"twitter:card\" content=\"summary_large_image\" \/>\n<meta name=\"twitter:label1\" content=\"Est. reading time\" \/>\n\t<meta name=\"twitter:data1\" content=\"16 minutes\" \/>\n<script type=\"application\/ld+json\" class=\"yoast-schema-graph\">{\"@context\":\"https:\\\/\\\/schema.org\",\"@graph\":[{\"@type\":\"WebPage\",\"@id\":\"https:\\\/\\\/controtempo.org\\\/en\\\/evento\\\/sulle-tracce-dellavventura-omaggio-a-hugo-pratt\\\/\",\"url\":\"https:\\\/\\\/controtempo.org\\\/en\\\/evento\\\/sulle-tracce-dellavventura-omaggio-a-hugo-pratt\\\/\",\"name\":\"SULLE TRACCE DELL'AVVENTURA - OMAGGIO A HUGO PRATT - Circolo Controtempo\",\"isPartOf\":{\"@id\":\"https:\\\/\\\/controtempo.org\\\/en\\\/#website\"},\"primaryImageOfPage\":{\"@id\":\"https:\\\/\\\/controtempo.org\\\/en\\\/evento\\\/sulle-tracce-dellavventura-omaggio-a-hugo-pratt\\\/#primaryimage\"},\"image\":{\"@id\":\"https:\\\/\\\/controtempo.org\\\/en\\\/evento\\\/sulle-tracce-dellavventura-omaggio-a-hugo-pratt\\\/#primaryimage\"},\"thumbnailUrl\":\"https:\\\/\\\/controtempo.org\\\/wp-content\\\/uploads\\\/2021\\\/03\\\/\u00a9-marco-nicolini-falzoneninfa-e-rossi-DSCF7266-2.jpg\",\"datePublished\":\"2018-09-09T22:00:00+00:00\",\"breadcrumb\":{\"@id\":\"https:\\\/\\\/controtempo.org\\\/en\\\/evento\\\/sulle-tracce-dellavventura-omaggio-a-hugo-pratt\\\/#breadcrumb\"},\"inLanguage\":\"en-US\",\"potentialAction\":[{\"@type\":\"ReadAction\",\"target\":[\"https:\\\/\\\/controtempo.org\\\/en\\\/evento\\\/sulle-tracce-dellavventura-omaggio-a-hugo-pratt\\\/\"]}]},{\"@type\":\"ImageObject\",\"inLanguage\":\"en-US\",\"@id\":\"https:\\\/\\\/controtempo.org\\\/en\\\/evento\\\/sulle-tracce-dellavventura-omaggio-a-hugo-pratt\\\/#primaryimage\",\"url\":\"https:\\\/\\\/controtempo.org\\\/wp-content\\\/uploads\\\/2021\\\/03\\\/\u00a9-marco-nicolini-falzoneninfa-e-rossi-DSCF7266-2.jpg\",\"contentUrl\":\"https:\\\/\\\/controtempo.org\\\/wp-content\\\/uploads\\\/2021\\\/03\\\/\u00a9-marco-nicolini-falzoneninfa-e-rossi-DSCF7266-2.jpg\",\"width\":2362,\"height\":1788},{\"@type\":\"BreadcrumbList\",\"@id\":\"https:\\\/\\\/controtempo.org\\\/en\\\/evento\\\/sulle-tracce-dellavventura-omaggio-a-hugo-pratt\\\/#breadcrumb\",\"itemListElement\":[{\"@type\":\"ListItem\",\"position\":1,\"name\":\"Home\",\"item\":\"https:\\\/\\\/controtempo.org\\\/en\\\/\"},{\"@type\":\"ListItem\",\"position\":2,\"name\":\"Eventi\",\"item\":\"https:\\\/\\\/controtempo.org\\\/en\\\/evento\\\/\"},{\"@type\":\"ListItem\",\"position\":3,\"name\":\"SULLE TRACCE DELL&#8217;AVVENTURA &#8211; OMAGGIO A HUGO PRATT\"}]},{\"@type\":\"WebSite\",\"@id\":\"https:\\\/\\\/controtempo.org\\\/en\\\/#website\",\"url\":\"https:\\\/\\\/controtempo.org\\\/en\\\/\",\"name\":\"Circolo Controtempo\",\"description\":\"\",\"potentialAction\":[{\"@type\":\"SearchAction\",\"target\":{\"@type\":\"EntryPoint\",\"urlTemplate\":\"https:\\\/\\\/controtempo.org\\\/en\\\/?s={search_term_string}\"},\"query-input\":{\"@type\":\"PropertyValueSpecification\",\"valueRequired\":true,\"valueName\":\"search_term_string\"}}],\"inLanguage\":\"en-US\"}]}<\/script>\n<!-- \/ Yoast SEO plugin. -->","yoast_head_json":{"title":"SULLE TRACCE DELL'AVVENTURA - OMAGGIO A HUGO PRATT - Circolo Controtempo","robots":{"index":"index","follow":"follow","max-snippet":"max-snippet:-1","max-image-preview":"max-image-preview:large","max-video-preview":"max-video-preview:-1"},"canonical":"https:\/\/controtempo.org\/en\/evento\/sulle-tracce-dellavventura-omaggio-a-hugo-pratt\/","og_locale":"en_US","og_type":"article","og_title":"SULLE TRACCE DELL'AVVENTURA - OMAGGIO A HUGO PRATT - Circolo Controtempo","og_description":"SULLE TRACCE DELL&#8217;AVVENTURA &#8211; OMAGGIO A HUGO PRATT Giovanni Falzone: tromba e elettronica Alessandro Rossi: batteria e elettronica Progetto e...","og_url":"https:\/\/controtempo.org\/en\/evento\/sulle-tracce-dellavventura-omaggio-a-hugo-pratt\/","og_site_name":"Circolo Controtempo","og_image":[{"width":2362,"height":1788,"url":"https:\/\/controtempo.org\/wp-content\/uploads\/2021\/03\/\u00a9-marco-nicolini-falzoneninfa-e-rossi-DSCF7266-2.jpg","type":"image\/jpeg"}],"twitter_card":"summary_large_image","twitter_misc":{"Est. reading time":"16 minutes"},"schema":{"@context":"https:\/\/schema.org","@graph":[{"@type":"WebPage","@id":"https:\/\/controtempo.org\/en\/evento\/sulle-tracce-dellavventura-omaggio-a-hugo-pratt\/","url":"https:\/\/controtempo.org\/en\/evento\/sulle-tracce-dellavventura-omaggio-a-hugo-pratt\/","name":"SULLE TRACCE DELL'AVVENTURA - OMAGGIO A HUGO PRATT - Circolo Controtempo","isPartOf":{"@id":"https:\/\/controtempo.org\/en\/#website"},"primaryImageOfPage":{"@id":"https:\/\/controtempo.org\/en\/evento\/sulle-tracce-dellavventura-omaggio-a-hugo-pratt\/#primaryimage"},"image":{"@id":"https:\/\/controtempo.org\/en\/evento\/sulle-tracce-dellavventura-omaggio-a-hugo-pratt\/#primaryimage"},"thumbnailUrl":"https:\/\/controtempo.org\/wp-content\/uploads\/2021\/03\/\u00a9-marco-nicolini-falzoneninfa-e-rossi-DSCF7266-2.jpg","datePublished":"2018-09-09T22:00:00+00:00","breadcrumb":{"@id":"https:\/\/controtempo.org\/en\/evento\/sulle-tracce-dellavventura-omaggio-a-hugo-pratt\/#breadcrumb"},"inLanguage":"en-US","potentialAction":[{"@type":"ReadAction","target":["https:\/\/controtempo.org\/en\/evento\/sulle-tracce-dellavventura-omaggio-a-hugo-pratt\/"]}]},{"@type":"ImageObject","inLanguage":"en-US","@id":"https:\/\/controtempo.org\/en\/evento\/sulle-tracce-dellavventura-omaggio-a-hugo-pratt\/#primaryimage","url":"https:\/\/controtempo.org\/wp-content\/uploads\/2021\/03\/\u00a9-marco-nicolini-falzoneninfa-e-rossi-DSCF7266-2.jpg","contentUrl":"https:\/\/controtempo.org\/wp-content\/uploads\/2021\/03\/\u00a9-marco-nicolini-falzoneninfa-e-rossi-DSCF7266-2.jpg","width":2362,"height":1788},{"@type":"BreadcrumbList","@id":"https:\/\/controtempo.org\/en\/evento\/sulle-tracce-dellavventura-omaggio-a-hugo-pratt\/#breadcrumb","itemListElement":[{"@type":"ListItem","position":1,"name":"Home","item":"https:\/\/controtempo.org\/en\/"},{"@type":"ListItem","position":2,"name":"Eventi","item":"https:\/\/controtempo.org\/en\/evento\/"},{"@type":"ListItem","position":3,"name":"SULLE TRACCE DELL&#8217;AVVENTURA &#8211; OMAGGIO A HUGO PRATT"}]},{"@type":"WebSite","@id":"https:\/\/controtempo.org\/en\/#website","url":"https:\/\/controtempo.org\/en\/","name":"Circolo Controtempo","description":"","potentialAction":[{"@type":"SearchAction","target":{"@type":"EntryPoint","urlTemplate":"https:\/\/controtempo.org\/en\/?s={search_term_string}"},"query-input":{"@type":"PropertyValueSpecification","valueRequired":true,"valueName":"search_term_string"}}],"inLanguage":"en-US"}]}},"_links":{"self":[{"href":"https:\/\/controtempo.org\/en\/wp-json\/wp\/v2\/evento\/49691","targetHints":{"allow":["GET"]}}],"collection":[{"href":"https:\/\/controtempo.org\/en\/wp-json\/wp\/v2\/evento"}],"about":[{"href":"https:\/\/controtempo.org\/en\/wp-json\/wp\/v2\/types\/evento"}],"replies":[{"embeddable":true,"href":"https:\/\/controtempo.org\/en\/wp-json\/wp\/v2\/comments?post=49691"}],"version-history":[{"count":0,"href":"https:\/\/controtempo.org\/en\/wp-json\/wp\/v2\/evento\/49691\/revisions"}],"wp:featuredmedia":[{"embeddable":true,"href":"https:\/\/controtempo.org\/en\/wp-json\/wp\/v2\/media\/48124"}],"wp:attachment":[{"href":"https:\/\/controtempo.org\/en\/wp-json\/wp\/v2\/media?parent=49691"}],"wp:term":[{"taxonomy":"festival","embeddable":true,"href":"https:\/\/controtempo.org\/en\/wp-json\/wp\/v2\/festival?post=49691"}],"curies":[{"name":"wp","href":"https:\/\/api.w.org\/{rel}","templated":true}]}}

<p style="text-align: justify;"><span style="color: #000000;"><strong>SULLE TRACCE DELL&#8217;AVVENTURA &#8211; OMAGGIO A HUGO PRATT<br />
Giovanni Falzone: </strong>tromba e elettronica<br />
</span><span style="color: #000000;"><strong>Alessandro Rossi: </strong>batteria e elettronica<br />
</span><span style="color: #000000;"><strong>Progetto e fotografie a cura di Pino Ninfa</strong></span></p>
<p style="text-align: justify;"><span style="color: #000000;">Ideato e curato da <strong>Pino Ninfa</strong>, <strong>“Omaggio a Hugo Pratt. Sulle strade dell’avventura”</strong> è un evento multimediale che prevede una performance di musica e fotografia, incentrato sul tema dell’avventura, immaginaria ed immaginata.</span></p>
<p style="text-align: justify;"><span style="color: #000000;">Un catalogo, pubblicato da Casadei Libri, racconta con le immagini in nove capitoli viaggi che risuonano dei luoghi dei personaggi prattiani, da Corto Maltese agli Scorpioni del deserto, come l’Argentina e il Tango, L’Etiopia e i suoi deserti del sud, Cuba, gli Stati Uniti, il poeta Rimbaud e Venezia, insieme a una serie di ritratti fatti a Pratt nella sua casa studio in Svizzera.</span></p>
<p style="text-align: justify;"><span style="color: #000000;">&nbsp;“<em>Nel vocabolario privato di Hugo Pratt la parola avventura è sicuramente quella che amava di più,quella che riempiva con più significati,quella che lo ha accompagnato anche quando stava immobile e non c&#8217;era una nuova partenza a sollecitare la sua fantasia. (…) Con questo sentimento prattiano, Pino Ninfa ha concepito questa performance e il suo lavoro artistico, che esprime attraverso la fotografia, alimentandola di sostanza pittorica e simbolica. Guardando le fotografie di Ninfa è palese quanto ami le opere e il vivere di Pratt, che vengono evocati con un sentimento poetico, seguendo le tracce lasciate dal Maestro</em>” (Vincenzo Mollica).</span></p>
<p style="text-align: justify;"><span style="color: #000000;">Il progetto, rende omaggio alla creatività e alla fantasia del suo veneziano di adozione, che a Venezia ha dedicato molte delle sue strisce e dove ha ambientato molte delle storie che vedono protagonista il suo celebre alter ego, <em>Corto Maltese</em>, flemmatico marinaio, come lui instancabile viaggiatore e romantico sognatore.</span></p>
<p style="text-align: justify;"><span style="color: #000000;">La musica di questo viaggio è firmata da Giovanni Falzone e Alessandro Rossi che con le loro atmosfere ci porteranno a incontrare l’avventura sotto varie forme, creando un connubio intrigante e stimolante con le immagini all’insegna di una passione comune che li lega a Pino Ninfa: il jazz.</span></p>
<p>&nbsp;</p>
<p style="text-align: center;"><span style="color: #000000;"><em>Evento in collaborazione con Cinemazero Pordenone</em></span></p>
<p><a href="https://cinemazero.it/novita/2018/09/17/sulle-tracce-dellavventura/"><img loading="lazy" decoding="async" class="alignnone wp-image-13197 aligncenter" src="http://controtempo.org/wp-content/uploads/2017/09/cinemazero.jpg" alt="" width="199" height="106"></a></p>
<p>&nbsp;</p>
