{"id":50140,"date":"2017-08-22T00:00:00","date_gmt":"2017-08-21T22:00:00","guid":{"rendered":"https:\/\/controtempo.org\/eventi-collaterali\/guida-slowfood-osterie-ditalia-2018\/"},"modified":"2017-08-22T00:00:00","modified_gmt":"2017-08-21T22:00:00","slug":"guida-slowfood-osterie-ditalia-2018","status":"publish","type":"eventi-collaterali","link":"https:\/\/controtempo.org\/en\/eventi-collaterali\/guida-slowfood-osterie-ditalia-2018\/","title":{"rendered":"Guida Slowfood &#8220;OSTERIE D&#8217;ITALIA 2018&#8221;"},"content":{"rendered":"\n<p>Domenica 29 ottobre \u00a0&#8211; Ore 10:30<br \/>\nTenuta Villanova &#8211; Farra di Isonzo (Go)<\/p>\n<p><strong>Presentazione Guida Slowfood &#8220;Osterie d\u2019Italia 2018&#8221; <\/strong>a cura di <strong>Gabriele Giuga<\/strong>, coordinatore regionale FVG della Guida Osterie d&#8217;Italiae giornalista.<br \/>\n<em>Interverranno Sergio Bolzonello, Vice Presidente della Regione Friuli Venezia Giulia, e Marco Tullio Petrangelo, direttore generale di PromoTurismo FVG.<\/em><\/p>\n<p style=\"text-align: justify;\"><strong>Osterie d\u2019Italia 2018,<\/strong> la guida pi\u00f9 venduta in Italia, compie quest\u2019anno quasi trent\u2019anni, vent\u2019otto per l\u2019esattezza. Anni in cui Slow Food ha raccontato un modo di trattare il cibo e il commensale poco frequente. Lo era ai tempi della prima edizione nel \u201991, e lo \u00e8 ancora oggi, perch\u00e9 cura, attenzione, calma e dedizione non sono caratteri permanenti.<br \/>\n\u00c8 per questa ragione che al di l\u00e0 delle classifiche, dei punteggi da attribuire a questo a o quel locale, ci\u00f2 che interessa di pi\u00f9 chi la consulta \u00e8 ritrovare atmosfere autentiche, passioni costanti, durature, genuine.<br \/>\nEppure in questi trent\u2019anni circa le cose sono cambiate. \u00c8 mutato il mondo del food, l\u2019immaginario collettivo che lo avvolge, il modo di stare a tavola, e perfino il gusto di chi si accosta al cibo. Ed \u00e8 inevitabile pure che il racconto di quanto succede nel mondo della ristorazione, di un certo tipo di ristorazione per lo meno, sia soggetto anch\u2019esso alle mutazioni obbligate dal tempo. Come la maggiore attenzione ai luoghi e alle persone, per esempio, oltre a quella per i piatti che ne esprimono il lavoro.<br \/>\nEd \u00e8 cos\u00ec, per esempio, che sfogliando la guida come un piccolo manuale di viaggio, si pu\u00f2 scoprire che nel territorio di Jazz &amp; Wine ci sono ben cinque luoghi da visitare.<br \/>\nTre di questi sono chiocciole, Borgo Colmello, una perla a Farra d\u2019Isonzo da sempre custode di una cultura contadina preziosa come poche;\u00a0Rosenbar, interprete a Gorizia di una cucina mitteleuropea con una preferenza per l\u2019aria del mare; e Devetak a San Michele al Carso, avamposto di cosa significa amore per il territorio e piacere dell\u2019ospitalit\u00e0.<br \/>\nNon sono da meno Blanch, a Mossa dal 1904, due guerre mondiali e il confine a pochi passi non ne hanno mutato lo spirito di ricchezza e tradizione; o la generosa piacevolezza che si vive assaggiando i piatti di Claudia nell\u2019osteria Al Piave, a Mariano del Friuli, tappa d\u2019obbligo per chi ama la selvaggina.<\/p>\n<p style=\"text-align: justify;\"><strong><em>Gabriele Giuga<\/em><\/strong>\u00a0scrive per il Messaggero Veneto occupandosi di spettacoli, cultura ed enogastronomia.<\/p>\n<p><img loading=\"lazy\" decoding=\"async\" class=\"alignnone wp-image-10399\" style=\"line-height: 1.5;\" src=\"http:\/\/controtempo.org\/\/wp-content\/uploads\/2017\/08\/osterie-diitalia-2018-183x300.jpg\" alt=\"\" width=\"138\" height=\"227\" \/><\/p>\n<p><img loading=\"lazy\" decoding=\"async\" class=\"alignnone wp-image-10400\" style=\"line-height: 1.5;\" src=\"http:\/\/controtempo.org\/\/wp-content\/uploads\/2017\/08\/Slow_Food_FVG-copia-1-300x243.jpg\" alt=\"\" width=\"138\" height=\"112\" \/><\/p>\n","protected":false},"excerpt":{"rendered":"<p>Domenica 29 ottobre \u00a0&#8211; Ore 10:30 Tenuta Villanova &#8211; Farra di Isonzo (Go) Presentazione Guida Slowfood &#8220;Osterie d\u2019Italia 2018&#8221; a&#8230;<\/p>\n","protected":false},"featured_media":48552,"comment_status":"open","ping_status":"closed","template":"","meta":{"ngg_post_thumbnail":0,"footnotes":""},"festival":[158],"class_list":["post-50140","eventi-collaterali","type-eventi-collaterali","status-publish","has-post-thumbnail","hentry","festival-2017-en"],"yoast_head":"<!-- This site is optimized with the Yoast SEO plugin v27.5 - https:\/\/yoast.com\/product\/yoast-seo-wordpress\/ -->\n<title>Guida Slowfood &quot;OSTERIE D&#039;ITALIA 2018&quot; - Circolo Controtempo<\/title>\n<meta name=\"robots\" content=\"index, follow, max-snippet:-1, max-image-preview:large, max-video-preview:-1\" \/>\n<link rel=\"canonical\" href=\"https:\/\/controtempo.org\/en\/eventi-collaterali\/guida-slowfood-osterie-ditalia-2018\/\" \/>\n<meta property=\"og:locale\" content=\"en_US\" \/>\n<meta property=\"og:type\" content=\"article\" \/>\n<meta property=\"og:title\" content=\"Guida Slowfood &quot;OSTERIE D&#039;ITALIA 2018&quot; - Circolo Controtempo\" \/>\n<meta property=\"og:description\" content=\"Domenica 29 ottobre \u00a0&#8211; Ore 10:30 Tenuta Villanova &#8211; Farra di Isonzo (Go) Presentazione Guida Slowfood &#8220;Osterie d\u2019Italia 2018&#8221; a...\" \/>\n<meta property=\"og:url\" content=\"https:\/\/controtempo.org\/en\/eventi-collaterali\/guida-slowfood-osterie-ditalia-2018\/\" \/>\n<meta property=\"og:site_name\" content=\"Circolo Controtempo\" \/>\n<meta property=\"og:image\" content=\"https:\/\/controtempo.org\/wp-content\/uploads\/2021\/04\/osterie-diitalia-2018-QUADRATO.jpg\" \/>\n\t<meta property=\"og:image:width\" content=\"1444\" \/>\n\t<meta property=\"og:image:height\" content=\"1278\" \/>\n\t<meta property=\"og:image:type\" content=\"image\/jpeg\" \/>\n<meta name=\"twitter:card\" content=\"summary_large_image\" \/>\n<meta name=\"twitter:label1\" content=\"Est. reading time\" \/>\n\t<meta name=\"twitter:data1\" content=\"3 minutes\" \/>\n<script type=\"application\/ld+json\" class=\"yoast-schema-graph\">{\"@context\":\"https:\\\/\\\/schema.org\",\"@graph\":[{\"@type\":\"WebPage\",\"@id\":\"https:\\\/\\\/controtempo.org\\\/en\\\/eventi-collaterali\\\/guida-slowfood-osterie-ditalia-2018\\\/\",\"url\":\"https:\\\/\\\/controtempo.org\\\/en\\\/eventi-collaterali\\\/guida-slowfood-osterie-ditalia-2018\\\/\",\"name\":\"Guida Slowfood \\\"OSTERIE D'ITALIA 2018\\\" - Circolo Controtempo\",\"isPartOf\":{\"@id\":\"https:\\\/\\\/controtempo.org\\\/en\\\/#website\"},\"primaryImageOfPage\":{\"@id\":\"https:\\\/\\\/controtempo.org\\\/en\\\/eventi-collaterali\\\/guida-slowfood-osterie-ditalia-2018\\\/#primaryimage\"},\"image\":{\"@id\":\"https:\\\/\\\/controtempo.org\\\/en\\\/eventi-collaterali\\\/guida-slowfood-osterie-ditalia-2018\\\/#primaryimage\"},\"thumbnailUrl\":\"https:\\\/\\\/controtempo.org\\\/wp-content\\\/uploads\\\/2021\\\/04\\\/osterie-diitalia-2018-QUADRATO.jpg\",\"datePublished\":\"2017-08-21T22:00:00+00:00\",\"breadcrumb\":{\"@id\":\"https:\\\/\\\/controtempo.org\\\/en\\\/eventi-collaterali\\\/guida-slowfood-osterie-ditalia-2018\\\/#breadcrumb\"},\"inLanguage\":\"en-US\",\"potentialAction\":[{\"@type\":\"ReadAction\",\"target\":[\"https:\\\/\\\/controtempo.org\\\/en\\\/eventi-collaterali\\\/guida-slowfood-osterie-ditalia-2018\\\/\"]}]},{\"@type\":\"ImageObject\",\"inLanguage\":\"en-US\",\"@id\":\"https:\\\/\\\/controtempo.org\\\/en\\\/eventi-collaterali\\\/guida-slowfood-osterie-ditalia-2018\\\/#primaryimage\",\"url\":\"https:\\\/\\\/controtempo.org\\\/wp-content\\\/uploads\\\/2021\\\/04\\\/osterie-diitalia-2018-QUADRATO.jpg\",\"contentUrl\":\"https:\\\/\\\/controtempo.org\\\/wp-content\\\/uploads\\\/2021\\\/04\\\/osterie-diitalia-2018-QUADRATO.jpg\",\"width\":1444,\"height\":1278},{\"@type\":\"BreadcrumbList\",\"@id\":\"https:\\\/\\\/controtempo.org\\\/en\\\/eventi-collaterali\\\/guida-slowfood-osterie-ditalia-2018\\\/#breadcrumb\",\"itemListElement\":[{\"@type\":\"ListItem\",\"position\":1,\"name\":\"Home\",\"item\":\"https:\\\/\\\/controtempo.org\\\/en\\\/\"},{\"@type\":\"ListItem\",\"position\":2,\"name\":\"Collaterali\",\"item\":\"https:\\\/\\\/controtempo.org\\\/en\\\/eventi-collaterali\\\/\"},{\"@type\":\"ListItem\",\"position\":3,\"name\":\"Guida Slowfood &#8220;OSTERIE D&#8217;ITALIA 2018&#8221;\"}]},{\"@type\":\"WebSite\",\"@id\":\"https:\\\/\\\/controtempo.org\\\/en\\\/#website\",\"url\":\"https:\\\/\\\/controtempo.org\\\/en\\\/\",\"name\":\"Circolo Controtempo\",\"description\":\"\",\"potentialAction\":[{\"@type\":\"SearchAction\",\"target\":{\"@type\":\"EntryPoint\",\"urlTemplate\":\"https:\\\/\\\/controtempo.org\\\/en\\\/?s={search_term_string}\"},\"query-input\":{\"@type\":\"PropertyValueSpecification\",\"valueRequired\":true,\"valueName\":\"search_term_string\"}}],\"inLanguage\":\"en-US\"}]}<\/script>\n<!-- \/ Yoast SEO plugin. -->","yoast_head_json":{"title":"Guida Slowfood \"OSTERIE D'ITALIA 2018\" - Circolo Controtempo","robots":{"index":"index","follow":"follow","max-snippet":"max-snippet:-1","max-image-preview":"max-image-preview:large","max-video-preview":"max-video-preview:-1"},"canonical":"https:\/\/controtempo.org\/en\/eventi-collaterali\/guida-slowfood-osterie-ditalia-2018\/","og_locale":"en_US","og_type":"article","og_title":"Guida Slowfood \"OSTERIE D'ITALIA 2018\" - Circolo Controtempo","og_description":"Domenica 29 ottobre \u00a0&#8211; Ore 10:30 Tenuta Villanova &#8211; Farra di Isonzo (Go) Presentazione Guida Slowfood &#8220;Osterie d\u2019Italia 2018&#8221; a...","og_url":"https:\/\/controtempo.org\/en\/eventi-collaterali\/guida-slowfood-osterie-ditalia-2018\/","og_site_name":"Circolo Controtempo","og_image":[{"width":1444,"height":1278,"url":"https:\/\/controtempo.org\/wp-content\/uploads\/2021\/04\/osterie-diitalia-2018-QUADRATO.jpg","type":"image\/jpeg"}],"twitter_card":"summary_large_image","twitter_misc":{"Est. reading time":"3 minutes"},"schema":{"@context":"https:\/\/schema.org","@graph":[{"@type":"WebPage","@id":"https:\/\/controtempo.org\/en\/eventi-collaterali\/guida-slowfood-osterie-ditalia-2018\/","url":"https:\/\/controtempo.org\/en\/eventi-collaterali\/guida-slowfood-osterie-ditalia-2018\/","name":"Guida Slowfood \"OSTERIE D'ITALIA 2018\" - Circolo Controtempo","isPartOf":{"@id":"https:\/\/controtempo.org\/en\/#website"},"primaryImageOfPage":{"@id":"https:\/\/controtempo.org\/en\/eventi-collaterali\/guida-slowfood-osterie-ditalia-2018\/#primaryimage"},"image":{"@id":"https:\/\/controtempo.org\/en\/eventi-collaterali\/guida-slowfood-osterie-ditalia-2018\/#primaryimage"},"thumbnailUrl":"https:\/\/controtempo.org\/wp-content\/uploads\/2021\/04\/osterie-diitalia-2018-QUADRATO.jpg","datePublished":"2017-08-21T22:00:00+00:00","breadcrumb":{"@id":"https:\/\/controtempo.org\/en\/eventi-collaterali\/guida-slowfood-osterie-ditalia-2018\/#breadcrumb"},"inLanguage":"en-US","potentialAction":[{"@type":"ReadAction","target":["https:\/\/controtempo.org\/en\/eventi-collaterali\/guida-slowfood-osterie-ditalia-2018\/"]}]},{"@type":"ImageObject","inLanguage":"en-US","@id":"https:\/\/controtempo.org\/en\/eventi-collaterali\/guida-slowfood-osterie-ditalia-2018\/#primaryimage","url":"https:\/\/controtempo.org\/wp-content\/uploads\/2021\/04\/osterie-diitalia-2018-QUADRATO.jpg","contentUrl":"https:\/\/controtempo.org\/wp-content\/uploads\/2021\/04\/osterie-diitalia-2018-QUADRATO.jpg","width":1444,"height":1278},{"@type":"BreadcrumbList","@id":"https:\/\/controtempo.org\/en\/eventi-collaterali\/guida-slowfood-osterie-ditalia-2018\/#breadcrumb","itemListElement":[{"@type":"ListItem","position":1,"name":"Home","item":"https:\/\/controtempo.org\/en\/"},{"@type":"ListItem","position":2,"name":"Collaterali","item":"https:\/\/controtempo.org\/en\/eventi-collaterali\/"},{"@type":"ListItem","position":3,"name":"Guida Slowfood &#8220;OSTERIE D&#8217;ITALIA 2018&#8221;"}]},{"@type":"WebSite","@id":"https:\/\/controtempo.org\/en\/#website","url":"https:\/\/controtempo.org\/en\/","name":"Circolo Controtempo","description":"","potentialAction":[{"@type":"SearchAction","target":{"@type":"EntryPoint","urlTemplate":"https:\/\/controtempo.org\/en\/?s={search_term_string}"},"query-input":{"@type":"PropertyValueSpecification","valueRequired":true,"valueName":"search_term_string"}}],"inLanguage":"en-US"}]}},"_links":{"self":[{"href":"https:\/\/controtempo.org\/en\/wp-json\/wp\/v2\/eventi-collaterali\/50140","targetHints":{"allow":["GET"]}}],"collection":[{"href":"https:\/\/controtempo.org\/en\/wp-json\/wp\/v2\/eventi-collaterali"}],"about":[{"href":"https:\/\/controtempo.org\/en\/wp-json\/wp\/v2\/types\/eventi-collaterali"}],"replies":[{"embeddable":true,"href":"https:\/\/controtempo.org\/en\/wp-json\/wp\/v2\/comments?post=50140"}],"version-history":[{"count":0,"href":"https:\/\/controtempo.org\/en\/wp-json\/wp\/v2\/eventi-collaterali\/50140\/revisions"}],"wp:featuredmedia":[{"embeddable":true,"href":"https:\/\/controtempo.org\/en\/wp-json\/wp\/v2\/media\/48552"}],"wp:attachment":[{"href":"https:\/\/controtempo.org\/en\/wp-json\/wp\/v2\/media?parent=50140"}],"wp:term":[{"taxonomy":"festival","embeddable":true,"href":"https:\/\/controtempo.org\/en\/wp-json\/wp\/v2\/festival?post=50140"}],"curies":[{"name":"wp","href":"https:\/\/api.w.org\/{rel}","templated":true}]}}

<p>Domenica 29 ottobre  &#8211; Ore 10:30<br />
Tenuta Villanova &#8211; Farra di Isonzo (Go)</p>
<p><strong>Presentazione Guida Slowfood &#8220;Osterie d’Italia 2018&#8221; </strong>a cura di <strong>Gabriele Giuga</strong>, coordinatore regionale FVG della Guida Osterie d&#8217;Italiae giornalista.<br />
<em>Interverranno Sergio Bolzonello, Vice Presidente della Regione Friuli Venezia Giulia, e Marco Tullio Petrangelo, direttore generale di PromoTurismo FVG.</em></p>
<p style="text-align: justify;"><strong>Osterie d’Italia 2018,</strong> la guida più venduta in Italia, compie quest’anno quasi trent’anni, vent’otto per l’esattezza. Anni in cui Slow Food ha raccontato un modo di trattare il cibo e il commensale poco frequente. Lo era ai tempi della prima edizione nel ’91, e lo è ancora oggi, perché cura, attenzione, calma e dedizione non sono caratteri permanenti.<br />
È per questa ragione che al di là delle classifiche, dei punteggi da attribuire a questo a o quel locale, ciò che interessa di più chi la consulta è ritrovare atmosfere autentiche, passioni costanti, durature, genuine.<br />
Eppure in questi trent’anni circa le cose sono cambiate. È mutato il mondo del food, l’immaginario collettivo che lo avvolge, il modo di stare a tavola, e perfino il gusto di chi si accosta al cibo. Ed è inevitabile pure che il racconto di quanto succede nel mondo della ristorazione, di un certo tipo di ristorazione per lo meno, sia soggetto anch’esso alle mutazioni obbligate dal tempo. Come la maggiore attenzione ai luoghi e alle persone, per esempio, oltre a quella per i piatti che ne esprimono il lavoro.<br />
Ed è così, per esempio, che sfogliando la guida come un piccolo manuale di viaggio, si può scoprire che nel territorio di Jazz &amp; Wine ci sono ben cinque luoghi da visitare.<br />
Tre di questi sono chiocciole, Borgo Colmello, una perla a Farra d’Isonzo da sempre custode di una cultura contadina preziosa come poche; Rosenbar, interprete a Gorizia di una cucina mitteleuropea con una preferenza per l’aria del mare; e Devetak a San Michele al Carso, avamposto di cosa significa amore per il territorio e piacere dell’ospitalità.<br />
Non sono da meno Blanch, a Mossa dal 1904, due guerre mondiali e il confine a pochi passi non ne hanno mutato lo spirito di ricchezza e tradizione; o la generosa piacevolezza che si vive assaggiando i piatti di Claudia nell’osteria Al Piave, a Mariano del Friuli, tappa d’obbligo per chi ama la selvaggina.</p>
<p style="text-align: justify;"><strong><em>Gabriele Giuga</em></strong> scrive per il Messaggero Veneto occupandosi di spettacoli, cultura ed enogastronomia.</p>
<p><img loading="lazy" decoding="async" class="alignnone wp-image-10399" style="line-height: 1.5;" src="http://controtempo.org//wp-content/uploads/2017/08/osterie-diitalia-2018-183x300.jpg" alt="" width="138" height="227" /></p>
<p><img loading="lazy" decoding="async" class="alignnone wp-image-10400" style="line-height: 1.5;" src="http://controtempo.org//wp-content/uploads/2017/08/Slow_Food_FVG-copia-1-300x243.jpg" alt="" width="138" height="112" /></p>
