{"id":50076,"date":"2020-07-20T00:00:00","date_gmt":"2020-07-19T22:00:00","guid":{"rendered":"https:\/\/controtempo.org\/eventi-collaterali\/jazz-wine-italia-margherita-baggi\/"},"modified":"2020-07-20T00:00:00","modified_gmt":"2020-07-19T22:00:00","slug":"jazz-wine-italia-margherita-baggi","status":"publish","type":"eventi-collaterali","link":"https:\/\/controtempo.org\/en\/eventi-collaterali\/jazz-wine-italia-margherita-baggi\/","title":{"rendered":"Jazz &#038; Wine Italia: Margherita Baggi"},"content":{"rendered":"<p style=\"text-align: justify;\"><span style=\"color: #000000;\"><strong>Margherita Baggi (voce)\u00a0<\/strong><\/span><\/p>\n<p>Gioved\u00ec 27 agosto<br \/>\nOre 19:00<br \/>\nBorgocastello3<br \/>\nBorgo Castello 3, 34170 Gorizia, Friuli-Venezia Giulia<\/p>\n<p style=\"text-align: justify;\"><span lang=\"SL\" style=\"color: #000000;\">BC3 Gorizia\u00a0organizza eventi, mostre d\u2019arte, degustazioni di vini del\u00a0Collio\u00a0accompagnati dalle eccellenze gastronomiche che il territorio di\u00a0Gorizia\u00a0offre al mondo intero. BC3 Gorizia\u00a0non \u00e8 un wine bar tradizionale, \u00e8 il luogo in cui \u00e8 possibile scoprire le peculiarit\u00e0 di un\u00a0territorio, un luogo in cui interessi ed esperienze\u00a0culturali, storici e\u00a0artistici\u00a0possono incontrarsi, svilupparsi e contribuire alla\u00a0promozione\u00a0turistica dell\u2019area.<br \/>\nIn occasione della serata verranno degustati i vini di <b>tenuta Villanova:<br \/>\n<\/b><\/span><span style=\"color: #000000;\">Pinot 3 _ Vino Spumante di qualit\u00e0<\/span><br \/>\n<span style=\"color: #000000;\">Ribolla Gialla DOC Collio<\/span><br \/>\n<span style=\"color: #000000;\">Refosco dal Peduncolo Rosso DOC Friuli Isonzo<\/span><b><\/b><\/p>\n<p style=\"text-align: justify;\"><span style=\"color: #000000;\">euro 15,00 \u2013 prenotazione obbligatoria: <strong>ticket@controtmepo.org<\/strong><\/span><\/p>\n<p style=\"text-align: justify;\"><span style=\"color: #000000;\">In collaborazione con<\/span><\/p>\n<p><a href=\"https:\/\/www.bc3gorizia.it\"><img loading=\"lazy\" decoding=\"async\" class=\"alignnone wp-image-25058\" src=\"http:\/\/controtempo.org\/wp-content\/uploads\/2020\/07\/LOGO-BC-3-001-scaled.jpg\" alt=\"\" width=\"122\" height=\"104\" \/><\/a>\u00a0 \u00a0\u00a0<a href=\"https:\/\/www.tenutavillanova.com\"><img loading=\"lazy\" decoding=\"async\" class=\"alignnone wp-image-10392\" src=\"http:\/\/controtempo.org\/wp-content\/uploads\/2017\/08\/Tenuta-Villanova_LOGO-1.jpg\" alt=\"\" width=\"122\" height=\"92\" \/><\/a><\/p>\n","protected":false},"excerpt":{"rendered":"<p>Margherita Baggi (voce)\u00a0 Gioved\u00ec 27 agosto Ore 19:00 Borgocastello3 Borgo Castello 3, 34170 Gorizia, Friuli-Venezia Giulia BC3 Gorizia\u00a0organizza eventi, mostre&#8230;<\/p>\n","protected":false},"featured_media":48434,"comment_status":"open","ping_status":"closed","template":"","meta":{"ngg_post_thumbnail":0,"footnotes":""},"festival":[169],"class_list":["post-50076","eventi-collaterali","type-eventi-collaterali","status-publish","has-post-thumbnail","hentry","festival-musiche-dal-mondo-2020-en"],"yoast_head":"<!-- This site is optimized with the Yoast SEO plugin v27.4 - https:\/\/yoast.com\/product\/yoast-seo-wordpress\/ -->\n<title>Jazz &amp; Wine Italia: Margherita Baggi - Circolo Controtempo<\/title>\n<meta name=\"robots\" content=\"index, follow, max-snippet:-1, max-image-preview:large, max-video-preview:-1\" \/>\n<link rel=\"canonical\" href=\"https:\/\/controtempo.org\/en\/eventi-collaterali\/jazz-wine-italia-margherita-baggi\/\" \/>\n<meta property=\"og:locale\" content=\"en_US\" \/>\n<meta property=\"og:type\" content=\"article\" \/>\n<meta property=\"og:title\" content=\"Jazz &amp; Wine Italia: Margherita Baggi - Circolo Controtempo\" \/>\n<meta property=\"og:description\" content=\"Margherita Baggi (voce)\u00a0 Gioved\u00ec 27 agosto Ore 19:00 Borgocastello3 Borgo Castello 3, 34170 Gorizia, Friuli-Venezia Giulia BC3 Gorizia\u00a0organizza eventi, mostre...\" \/>\n<meta property=\"og:url\" content=\"https:\/\/controtempo.org\/en\/eventi-collaterali\/jazz-wine-italia-margherita-baggi\/\" \/>\n<meta property=\"og:site_name\" content=\"Circolo Controtempo\" \/>\n<meta property=\"og:image\" content=\"https:\/\/controtempo.org\/wp-content\/uploads\/2021\/04\/image0-e1595285883588-1.jpeg\" \/>\n\t<meta property=\"og:image:width\" content=\"400\" \/>\n\t<meta property=\"og:image:height\" content=\"400\" \/>\n\t<meta property=\"og:image:type\" content=\"image\/jpeg\" \/>\n<meta name=\"twitter:card\" content=\"summary_large_image\" \/>\n<meta name=\"twitter:label1\" content=\"Est. reading time\" \/>\n\t<meta name=\"twitter:data1\" content=\"1 minute\" \/>\n<script type=\"application\/ld+json\" class=\"yoast-schema-graph\">{\"@context\":\"https:\\\/\\\/schema.org\",\"@graph\":[{\"@type\":\"WebPage\",\"@id\":\"https:\\\/\\\/controtempo.org\\\/en\\\/eventi-collaterali\\\/jazz-wine-italia-margherita-baggi\\\/\",\"url\":\"https:\\\/\\\/controtempo.org\\\/en\\\/eventi-collaterali\\\/jazz-wine-italia-margherita-baggi\\\/\",\"name\":\"Jazz & Wine Italia: Margherita Baggi - Circolo Controtempo\",\"isPartOf\":{\"@id\":\"https:\\\/\\\/controtempo.org\\\/en\\\/#website\"},\"primaryImageOfPage\":{\"@id\":\"https:\\\/\\\/controtempo.org\\\/en\\\/eventi-collaterali\\\/jazz-wine-italia-margherita-baggi\\\/#primaryimage\"},\"image\":{\"@id\":\"https:\\\/\\\/controtempo.org\\\/en\\\/eventi-collaterali\\\/jazz-wine-italia-margherita-baggi\\\/#primaryimage\"},\"thumbnailUrl\":\"https:\\\/\\\/controtempo.org\\\/wp-content\\\/uploads\\\/2021\\\/04\\\/image0-e1595285883588-1.jpeg\",\"datePublished\":\"2020-07-19T22:00:00+00:00\",\"breadcrumb\":{\"@id\":\"https:\\\/\\\/controtempo.org\\\/en\\\/eventi-collaterali\\\/jazz-wine-italia-margherita-baggi\\\/#breadcrumb\"},\"inLanguage\":\"en-US\",\"potentialAction\":[{\"@type\":\"ReadAction\",\"target\":[\"https:\\\/\\\/controtempo.org\\\/en\\\/eventi-collaterali\\\/jazz-wine-italia-margherita-baggi\\\/\"]}]},{\"@type\":\"ImageObject\",\"inLanguage\":\"en-US\",\"@id\":\"https:\\\/\\\/controtempo.org\\\/en\\\/eventi-collaterali\\\/jazz-wine-italia-margherita-baggi\\\/#primaryimage\",\"url\":\"https:\\\/\\\/controtempo.org\\\/wp-content\\\/uploads\\\/2021\\\/04\\\/image0-e1595285883588-1.jpeg\",\"contentUrl\":\"https:\\\/\\\/controtempo.org\\\/wp-content\\\/uploads\\\/2021\\\/04\\\/image0-e1595285883588-1.jpeg\",\"width\":400,\"height\":400},{\"@type\":\"BreadcrumbList\",\"@id\":\"https:\\\/\\\/controtempo.org\\\/en\\\/eventi-collaterali\\\/jazz-wine-italia-margherita-baggi\\\/#breadcrumb\",\"itemListElement\":[{\"@type\":\"ListItem\",\"position\":1,\"name\":\"Home\",\"item\":\"https:\\\/\\\/controtempo.org\\\/en\\\/\"},{\"@type\":\"ListItem\",\"position\":2,\"name\":\"Collaterali\",\"item\":\"https:\\\/\\\/controtempo.org\\\/en\\\/eventi-collaterali\\\/\"},{\"@type\":\"ListItem\",\"position\":3,\"name\":\"Jazz &#038; Wine Italia: Margherita Baggi\"}]},{\"@type\":\"WebSite\",\"@id\":\"https:\\\/\\\/controtempo.org\\\/en\\\/#website\",\"url\":\"https:\\\/\\\/controtempo.org\\\/en\\\/\",\"name\":\"Circolo Controtempo\",\"description\":\"\",\"potentialAction\":[{\"@type\":\"SearchAction\",\"target\":{\"@type\":\"EntryPoint\",\"urlTemplate\":\"https:\\\/\\\/controtempo.org\\\/en\\\/?s={search_term_string}\"},\"query-input\":{\"@type\":\"PropertyValueSpecification\",\"valueRequired\":true,\"valueName\":\"search_term_string\"}}],\"inLanguage\":\"en-US\"}]}<\/script>\n<!-- \/ Yoast SEO plugin. -->","yoast_head_json":{"title":"Jazz & Wine Italia: Margherita Baggi - Circolo Controtempo","robots":{"index":"index","follow":"follow","max-snippet":"max-snippet:-1","max-image-preview":"max-image-preview:large","max-video-preview":"max-video-preview:-1"},"canonical":"https:\/\/controtempo.org\/en\/eventi-collaterali\/jazz-wine-italia-margherita-baggi\/","og_locale":"en_US","og_type":"article","og_title":"Jazz & Wine Italia: Margherita Baggi - Circolo Controtempo","og_description":"Margherita Baggi (voce)\u00a0 Gioved\u00ec 27 agosto Ore 19:00 Borgocastello3 Borgo Castello 3, 34170 Gorizia, Friuli-Venezia Giulia BC3 Gorizia\u00a0organizza eventi, mostre...","og_url":"https:\/\/controtempo.org\/en\/eventi-collaterali\/jazz-wine-italia-margherita-baggi\/","og_site_name":"Circolo Controtempo","og_image":[{"width":400,"height":400,"url":"https:\/\/controtempo.org\/wp-content\/uploads\/2021\/04\/image0-e1595285883588-1.jpeg","type":"image\/jpeg"}],"twitter_card":"summary_large_image","twitter_misc":{"Est. reading time":"1 minute"},"schema":{"@context":"https:\/\/schema.org","@graph":[{"@type":"WebPage","@id":"https:\/\/controtempo.org\/en\/eventi-collaterali\/jazz-wine-italia-margherita-baggi\/","url":"https:\/\/controtempo.org\/en\/eventi-collaterali\/jazz-wine-italia-margherita-baggi\/","name":"Jazz & Wine Italia: Margherita Baggi - Circolo Controtempo","isPartOf":{"@id":"https:\/\/controtempo.org\/en\/#website"},"primaryImageOfPage":{"@id":"https:\/\/controtempo.org\/en\/eventi-collaterali\/jazz-wine-italia-margherita-baggi\/#primaryimage"},"image":{"@id":"https:\/\/controtempo.org\/en\/eventi-collaterali\/jazz-wine-italia-margherita-baggi\/#primaryimage"},"thumbnailUrl":"https:\/\/controtempo.org\/wp-content\/uploads\/2021\/04\/image0-e1595285883588-1.jpeg","datePublished":"2020-07-19T22:00:00+00:00","breadcrumb":{"@id":"https:\/\/controtempo.org\/en\/eventi-collaterali\/jazz-wine-italia-margherita-baggi\/#breadcrumb"},"inLanguage":"en-US","potentialAction":[{"@type":"ReadAction","target":["https:\/\/controtempo.org\/en\/eventi-collaterali\/jazz-wine-italia-margherita-baggi\/"]}]},{"@type":"ImageObject","inLanguage":"en-US","@id":"https:\/\/controtempo.org\/en\/eventi-collaterali\/jazz-wine-italia-margherita-baggi\/#primaryimage","url":"https:\/\/controtempo.org\/wp-content\/uploads\/2021\/04\/image0-e1595285883588-1.jpeg","contentUrl":"https:\/\/controtempo.org\/wp-content\/uploads\/2021\/04\/image0-e1595285883588-1.jpeg","width":400,"height":400},{"@type":"BreadcrumbList","@id":"https:\/\/controtempo.org\/en\/eventi-collaterali\/jazz-wine-italia-margherita-baggi\/#breadcrumb","itemListElement":[{"@type":"ListItem","position":1,"name":"Home","item":"https:\/\/controtempo.org\/en\/"},{"@type":"ListItem","position":2,"name":"Collaterali","item":"https:\/\/controtempo.org\/en\/eventi-collaterali\/"},{"@type":"ListItem","position":3,"name":"Jazz &#038; Wine Italia: Margherita Baggi"}]},{"@type":"WebSite","@id":"https:\/\/controtempo.org\/en\/#website","url":"https:\/\/controtempo.org\/en\/","name":"Circolo Controtempo","description":"","potentialAction":[{"@type":"SearchAction","target":{"@type":"EntryPoint","urlTemplate":"https:\/\/controtempo.org\/en\/?s={search_term_string}"},"query-input":{"@type":"PropertyValueSpecification","valueRequired":true,"valueName":"search_term_string"}}],"inLanguage":"en-US"}]}},"_links":{"self":[{"href":"https:\/\/controtempo.org\/en\/wp-json\/wp\/v2\/eventi-collaterali\/50076","targetHints":{"allow":["GET"]}}],"collection":[{"href":"https:\/\/controtempo.org\/en\/wp-json\/wp\/v2\/eventi-collaterali"}],"about":[{"href":"https:\/\/controtempo.org\/en\/wp-json\/wp\/v2\/types\/eventi-collaterali"}],"replies":[{"embeddable":true,"href":"https:\/\/controtempo.org\/en\/wp-json\/wp\/v2\/comments?post=50076"}],"version-history":[{"count":0,"href":"https:\/\/controtempo.org\/en\/wp-json\/wp\/v2\/eventi-collaterali\/50076\/revisions"}],"wp:featuredmedia":[{"embeddable":true,"href":"https:\/\/controtempo.org\/en\/wp-json\/wp\/v2\/media\/48434"}],"wp:attachment":[{"href":"https:\/\/controtempo.org\/en\/wp-json\/wp\/v2\/media?parent=50076"}],"wp:term":[{"taxonomy":"festival","embeddable":true,"href":"https:\/\/controtempo.org\/en\/wp-json\/wp\/v2\/festival?post=50076"}],"curies":[{"name":"wp","href":"https:\/\/api.w.org\/{rel}","templated":true}]}}

<p style="text-align: justify;"><span style="color: #000000;"><strong>Margherita Baggi (voce) </strong></span></p>
<p>Giovedì 27 agosto<br />
Ore 19:00<br />
Borgocastello3<br />
Borgo Castello 3, 34170 Gorizia, Friuli-Venezia Giulia</p>
<p style="text-align: justify;"><span lang="SL" style="color: #000000;">BC3 Gorizia organizza eventi, mostre d’arte, degustazioni di vini del Collio accompagnati dalle eccellenze gastronomiche che il territorio di Gorizia offre al mondo intero. BC3 Gorizia non è un wine bar tradizionale, è il luogo in cui è possibile scoprire le peculiarità di un territorio, un luogo in cui interessi ed esperienze culturali, storici e artistici possono incontrarsi, svilupparsi e contribuire alla promozione turistica dell’area.<br />
In occasione della serata verranno degustati i vini di <b>tenuta Villanova:<br />
</b></span><span style="color: #000000;">Pinot 3 _ Vino Spumante di qualità</span><br />
<span style="color: #000000;">Ribolla Gialla DOC Collio</span><br />
<span style="color: #000000;">Refosco dal Peduncolo Rosso DOC Friuli Isonzo</span><b></b></p>
<p style="text-align: justify;"><span style="color: #000000;">euro 15,00 – prenotazione obbligatoria: <strong>ticket@controtmepo.org</strong></span></p>
<p style="text-align: justify;"><span style="color: #000000;">In collaborazione con</span></p>
<p><a href="https://www.bc3gorizia.it"><img loading="lazy" decoding="async" class="alignnone wp-image-25058" src="http://controtempo.org/wp-content/uploads/2020/07/LOGO-BC-3-001-scaled.jpg" alt="" width="122" height="104" /></a>    <a href="https://www.tenutavillanova.com"><img loading="lazy" decoding="async" class="alignnone wp-image-10392" src="http://controtempo.org/wp-content/uploads/2017/08/Tenuta-Villanova_LOGO-1.jpg" alt="" width="122" height="92" /></a></p>

<p>Margherita Baggi (voce)  Giovedì 27 agosto Ore 19:00 Borgocastello3 Borgo Castello 3, 34170 Gorizia, Friuli-Venezia Giulia BC3 Gorizia organizza eventi, mostre&#8230;</p>

<!-- This site is optimized with the Yoast SEO plugin v27.4 - https://yoast.com/product/yoast-seo-wordpress/ -->
<title>Jazz &amp; Wine Italia: Margherita Baggi - Circolo Controtempo</title>
<meta name="robots" content="index, follow, max-snippet:-1, max-image-preview:large, max-video-preview:-1" />
<link rel="canonical" href="https://controtempo.org/en/eventi-collaterali/jazz-wine-italia-margherita-baggi/" />
<meta property="og:locale" content="en_US" />
<meta property="og:type" content="article" />
<meta property="og:title" content="Jazz &amp; Wine Italia: Margherita Baggi - Circolo Controtempo" />
<meta property="og:description" content="Margherita Baggi (voce)  Giovedì 27 agosto Ore 19:00 Borgocastello3 Borgo Castello 3, 34170 Gorizia, Friuli-Venezia Giulia BC3 Gorizia organizza eventi, mostre..." />
<meta property="og:url" content="https://controtempo.org/en/eventi-collaterali/jazz-wine-italia-margherita-baggi/" />
<meta property="og:site_name" content="Circolo Controtempo" />
<meta property="og:image" content="https://controtempo.org/wp-content/uploads/2021/04/image0-e1595285883588-1.jpeg" />
	<meta property="og:image:width" content="400" />
	<meta property="og:image:height" content="400" />
	<meta property="og:image:type" content="image/jpeg" />
<meta name="twitter:card" content="summary_large_image" />
<meta name="twitter:label1" content="Est. reading time" />
	<meta name="twitter:data1" content="1 minute" />
<script type="application/ld+json" class="yoast-schema-graph">{"@context":"https:\/\/schema.org","@graph":[{"@type":"WebPage","@id":"https:\/\/controtempo.org\/en\/eventi-collaterali\/jazz-wine-italia-margherita-baggi\/","url":"https:\/\/controtempo.org\/en\/eventi-collaterali\/jazz-wine-italia-margherita-baggi\/","name":"Jazz & Wine Italia: Margherita Baggi - Circolo Controtempo","isPartOf":{"@id":"https:\/\/controtempo.org\/en\/#website"},"primaryImageOfPage":{"@id":"https:\/\/controtempo.org\/en\/eventi-collaterali\/jazz-wine-italia-margherita-baggi\/#primaryimage"},"image":{"@id":"https:\/\/controtempo.org\/en\/eventi-collaterali\/jazz-wine-italia-margherita-baggi\/#primaryimage"},"thumbnailUrl":"https:\/\/controtempo.org\/wp-content\/uploads\/2021\/04\/image0-e1595285883588-1.jpeg","datePublished":"2020-07-19T22:00:00+00:00","breadcrumb":{"@id":"https:\/\/controtempo.org\/en\/eventi-collaterali\/jazz-wine-italia-margherita-baggi\/#breadcrumb"},"inLanguage":"en-US","potentialAction":[{"@type":"ReadAction","target":["https:\/\/controtempo.org\/en\/eventi-collaterali\/jazz-wine-italia-margherita-baggi\/"]}]},{"@type":"ImageObject","inLanguage":"en-US","@id":"https:\/\/controtempo.org\/en\/eventi-collaterali\/jazz-wine-italia-margherita-baggi\/#primaryimage","url":"https:\/\/controtempo.org\/wp-content\/uploads\/2021\/04\/image0-e1595285883588-1.jpeg","contentUrl":"https:\/\/controtempo.org\/wp-content\/uploads\/2021\/04\/image0-e1595285883588-1.jpeg","width":400,"height":400},{"@type":"BreadcrumbList","@id":"https:\/\/controtempo.org\/en\/eventi-collaterali\/jazz-wine-italia-margherita-baggi\/#breadcrumb","itemListElement":[{"@type":"ListItem","position":1,"name":"Home","item":"https:\/\/controtempo.org\/en\/"},{"@type":"ListItem","position":2,"name":"Collaterali","item":"https:\/\/controtempo.org\/en\/eventi-collaterali\/"},{"@type":"ListItem","position":3,"name":"Jazz &#038; Wine Italia: Margherita Baggi"}]},{"@type":"WebSite","@id":"https:\/\/controtempo.org\/en\/#website","url":"https:\/\/controtempo.org\/en\/","name":"Circolo Controtempo","description":"","potentialAction":[{"@type":"SearchAction","target":{"@type":"EntryPoint","urlTemplate":"https:\/\/controtempo.org\/en\/?s={search_term_string}"},"query-input":{"@type":"PropertyValueSpecification","valueRequired":true,"valueName":"search_term_string"}}],"inLanguage":"en-US"}]}</script>
<!-- / Yoast SEO plugin. -->

Margherita Baggi (voce)  Giovedì 27 agosto Ore 19:00 Borgocastello3 Borgo Castello 3, 34170 Gorizia, Friuli-Venezia Giulia BC3 Gorizia organizza eventi, mostre...
