{"id":50071,"date":"2020-07-20T00:00:00","date_gmt":"2020-07-19T22:00:00","guid":{"rendered":"https:\/\/controtempo.org\/eventi-collaterali\/escursione-transfrontaliera-in-bici-con-visita-guidate-al-castello-di-kromberk\/"},"modified":"2020-07-20T00:00:00","modified_gmt":"2020-07-19T22:00:00","slug":"escursione-transfrontaliera-in-bici-con-visita-guidate-al-castello-di-kromberk","status":"publish","type":"eventi-collaterali","link":"https:\/\/controtempo.org\/en\/eventi-collaterali\/escursione-transfrontaliera-in-bici-con-visita-guidate-al-castello-di-kromberk\/","title":{"rendered":"Escursione transfrontaliera in bici con visita guidate al castello di Kromberk"},"content":{"rendered":"<h3 style=\"text-align: justify;\"><span style=\"color: #000000;\">Escursione transfrontaliera in bici con visita guidate al castello di Kromberk<\/span><\/h3>\n<p>Sabato 29 agosto<br \/>\nOre 08:30<\/p>\n<p style=\"text-align: justify;\"><span style=\"color: #000000;\">Il castello fu chiamato con il come del suo proprietario Giovanni Maria Coronini, al quale l\u2019imperatore confer\u00ec nel 1609 il titolo \u00bbvon Cronberg\u00ab e la competenza giuridica. Il maniero \u00e8 una struttura rinascimentale tipica con pianta quadrata e torri angolari. Nelle due guerre il castello sub\u00ec forti danni, ma venne ristrutturato ogni volta. Dal 1954 fino 2012 vi ha sede il Museo del Goriziano (Gori\u0161ki muzej). Al interno ancora oggi si trovano le sue ricche collezioni di pittura, storia culturale e con locali che ospitano mostre temporanee. L\u2019interno \u00e8 stato ideato dall\u2019architetto Janez Suhadolc.<\/span><\/p>\n<p style=\"text-align: justify;\"><span style=\"color: #000000;\">Il maniero \u00e8 circondato da un giardino a terrazze, in parte originale e in parte ricostruito. La ricostruzione fu effettuata secondo i dati risalenti al sec. XVIII. Il parterre nella parte settentrionale \u00e8 ideato in stile barocco. La modesta fontana di pietra come motivo centrale dell\u2019asse, \u00e8 divisa in quattro sezioni. Il parterre un tempo veniva circondato da un basso muro e ornato da vasi. Una parte del giardino lungo il parterre \u00e8 stata abilmente adibita a parcheggio. Nell\u2019asse meridionale del castello si sono conservati il giardino d\u2019inverno e la grotta con la scultura di Kronos. Nel sec. XIX vennero aggiunti alberi nuovi, in stile paesaggistico. Furono sistemati i sentieri per passeggiate con panche e tavolo di pietra, una torretta per falchi e un ruscello con una cascata artificiale.\u00a0<\/span><\/p>\n<p><span style=\"color: #000000;\"><strong>IL PROGRAMMA <\/strong><br \/>\n<strong>Ritrovo alle ore 8:30 in piazza Transalpina\u00a0<\/strong><br \/>\n<strong>Visita guidata al Castello di Kromberk\u00a0<\/strong><br \/>\n<strong>Rientro alle ore 11:30 in piazza transalpina\u00a0<\/strong><\/span><\/p>\n<p><span style=\"color: #000000;\">euro 20,00 | prenotazione obbligatoria: <strong>info@cycletaurus.com \/ +39 366 3713500<\/strong><\/span><\/p>\n<p><span style=\"color: #000000;\">in collaborazione con:\u00a0<\/span><\/p>\n<p><a href=\"https:\/\/cycletaurus.com\"><img loading=\"lazy\" decoding=\"async\" class=\"alignnone wp-image-25031\" src=\"http:\/\/controtempo.org\/wp-content\/uploads\/2020\/07\/Schermata-2020-07-20-alle-23.18.15-e1595280007200.png\" alt=\"\" width=\"157\" height=\"147\" srcset=\"https:\/\/controtempo.org\/wp-content\/uploads\/2020\/07\/Schermata-2020-07-20-alle-23.18.15-e1595280007200.png 1200w, https:\/\/controtempo.org\/wp-content\/uploads\/2020\/07\/Schermata-2020-07-20-alle-23.18.15-e1595280007200-300x280.png 300w, https:\/\/controtempo.org\/wp-content\/uploads\/2020\/07\/Schermata-2020-07-20-alle-23.18.15-e1595280007200-1024x957.png 1024w, https:\/\/controtempo.org\/wp-content\/uploads\/2020\/07\/Schermata-2020-07-20-alle-23.18.15-e1595280007200-768x717.png 768w, https:\/\/controtempo.org\/wp-content\/uploads\/2020\/07\/Schermata-2020-07-20-alle-23.18.15-e1595280007200-700x654.png 700w\" sizes=\"auto, (max-width: 157px) 100vw, 157px\" \/><\/a><\/p>\n","protected":false},"excerpt":{"rendered":"<p>Escursione transfrontaliera in bici con visita guidate al castello di Kromberk Sabato 29 agosto Ore 08:30 Il castello fu chiamato&#8230;<\/p>\n","protected":false},"featured_media":48426,"comment_status":"open","ping_status":"closed","template":"","meta":{"ngg_post_thumbnail":0,"footnotes":""},"festival":[169],"class_list":["post-50071","eventi-collaterali","type-eventi-collaterali","status-publish","has-post-thumbnail","hentry","festival-musiche-dal-mondo-2020-en"],"yoast_head":"<!-- This site is optimized with the Yoast SEO plugin v27.4 - https:\/\/yoast.com\/product\/yoast-seo-wordpress\/ -->\n<title>Escursione transfrontaliera in bici con visita guidate al castello di Kromberk - Circolo Controtempo<\/title>\n<meta name=\"robots\" content=\"index, follow, max-snippet:-1, max-image-preview:large, max-video-preview:-1\" \/>\n<link rel=\"canonical\" href=\"https:\/\/controtempo.org\/en\/eventi-collaterali\/escursione-transfrontaliera-in-bici-con-visita-guidate-al-castello-di-kromberk\/\" \/>\n<meta property=\"og:locale\" content=\"en_US\" \/>\n<meta property=\"og:type\" content=\"article\" \/>\n<meta property=\"og:title\" content=\"Escursione transfrontaliera in bici con visita guidate al castello di Kromberk - Circolo Controtempo\" \/>\n<meta property=\"og:description\" content=\"Escursione transfrontaliera in bici con visita guidate al castello di Kromberk Sabato 29 agosto Ore 08:30 Il castello fu chiamato...\" \/>\n<meta property=\"og:url\" content=\"https:\/\/controtempo.org\/en\/eventi-collaterali\/escursione-transfrontaliera-in-bici-con-visita-guidate-al-castello-di-kromberk\/\" \/>\n<meta property=\"og:site_name\" content=\"Circolo Controtempo\" \/>\n<meta property=\"og:image\" content=\"https:\/\/controtempo.org\/wp-content\/uploads\/2021\/04\/grad_kromberk.jpg\" \/>\n\t<meta property=\"og:image:width\" content=\"500\" \/>\n\t<meta property=\"og:image:height\" content=\"333\" \/>\n\t<meta property=\"og:image:type\" content=\"image\/jpeg\" \/>\n<meta name=\"twitter:card\" content=\"summary_large_image\" \/>\n<meta name=\"twitter:label1\" content=\"Est. reading time\" \/>\n\t<meta name=\"twitter:data1\" content=\"1 minute\" \/>\n<script type=\"application\/ld+json\" class=\"yoast-schema-graph\">{\"@context\":\"https:\\\/\\\/schema.org\",\"@graph\":[{\"@type\":\"WebPage\",\"@id\":\"https:\\\/\\\/controtempo.org\\\/en\\\/eventi-collaterali\\\/escursione-transfrontaliera-in-bici-con-visita-guidate-al-castello-di-kromberk\\\/\",\"url\":\"https:\\\/\\\/controtempo.org\\\/en\\\/eventi-collaterali\\\/escursione-transfrontaliera-in-bici-con-visita-guidate-al-castello-di-kromberk\\\/\",\"name\":\"Escursione transfrontaliera in bici con visita guidate al castello di Kromberk - Circolo Controtempo\",\"isPartOf\":{\"@id\":\"https:\\\/\\\/controtempo.org\\\/en\\\/#website\"},\"primaryImageOfPage\":{\"@id\":\"https:\\\/\\\/controtempo.org\\\/en\\\/eventi-collaterali\\\/escursione-transfrontaliera-in-bici-con-visita-guidate-al-castello-di-kromberk\\\/#primaryimage\"},\"image\":{\"@id\":\"https:\\\/\\\/controtempo.org\\\/en\\\/eventi-collaterali\\\/escursione-transfrontaliera-in-bici-con-visita-guidate-al-castello-di-kromberk\\\/#primaryimage\"},\"thumbnailUrl\":\"https:\\\/\\\/controtempo.org\\\/wp-content\\\/uploads\\\/2021\\\/04\\\/grad_kromberk.jpg\",\"datePublished\":\"2020-07-19T22:00:00+00:00\",\"breadcrumb\":{\"@id\":\"https:\\\/\\\/controtempo.org\\\/en\\\/eventi-collaterali\\\/escursione-transfrontaliera-in-bici-con-visita-guidate-al-castello-di-kromberk\\\/#breadcrumb\"},\"inLanguage\":\"en-US\",\"potentialAction\":[{\"@type\":\"ReadAction\",\"target\":[\"https:\\\/\\\/controtempo.org\\\/en\\\/eventi-collaterali\\\/escursione-transfrontaliera-in-bici-con-visita-guidate-al-castello-di-kromberk\\\/\"]}]},{\"@type\":\"ImageObject\",\"inLanguage\":\"en-US\",\"@id\":\"https:\\\/\\\/controtempo.org\\\/en\\\/eventi-collaterali\\\/escursione-transfrontaliera-in-bici-con-visita-guidate-al-castello-di-kromberk\\\/#primaryimage\",\"url\":\"https:\\\/\\\/controtempo.org\\\/wp-content\\\/uploads\\\/2021\\\/04\\\/grad_kromberk.jpg\",\"contentUrl\":\"https:\\\/\\\/controtempo.org\\\/wp-content\\\/uploads\\\/2021\\\/04\\\/grad_kromberk.jpg\",\"width\":500,\"height\":333},{\"@type\":\"BreadcrumbList\",\"@id\":\"https:\\\/\\\/controtempo.org\\\/en\\\/eventi-collaterali\\\/escursione-transfrontaliera-in-bici-con-visita-guidate-al-castello-di-kromberk\\\/#breadcrumb\",\"itemListElement\":[{\"@type\":\"ListItem\",\"position\":1,\"name\":\"Home\",\"item\":\"https:\\\/\\\/controtempo.org\\\/en\\\/\"},{\"@type\":\"ListItem\",\"position\":2,\"name\":\"Collaterali\",\"item\":\"https:\\\/\\\/controtempo.org\\\/en\\\/eventi-collaterali\\\/\"},{\"@type\":\"ListItem\",\"position\":3,\"name\":\"Escursione transfrontaliera in bici con visita guidate al castello di Kromberk\"}]},{\"@type\":\"WebSite\",\"@id\":\"https:\\\/\\\/controtempo.org\\\/en\\\/#website\",\"url\":\"https:\\\/\\\/controtempo.org\\\/en\\\/\",\"name\":\"Circolo Controtempo\",\"description\":\"\",\"potentialAction\":[{\"@type\":\"SearchAction\",\"target\":{\"@type\":\"EntryPoint\",\"urlTemplate\":\"https:\\\/\\\/controtempo.org\\\/en\\\/?s={search_term_string}\"},\"query-input\":{\"@type\":\"PropertyValueSpecification\",\"valueRequired\":true,\"valueName\":\"search_term_string\"}}],\"inLanguage\":\"en-US\"}]}<\/script>\n<!-- \/ Yoast SEO plugin. -->","yoast_head_json":{"title":"Escursione transfrontaliera in bici con visita guidate al castello di Kromberk - Circolo Controtempo","robots":{"index":"index","follow":"follow","max-snippet":"max-snippet:-1","max-image-preview":"max-image-preview:large","max-video-preview":"max-video-preview:-1"},"canonical":"https:\/\/controtempo.org\/en\/eventi-collaterali\/escursione-transfrontaliera-in-bici-con-visita-guidate-al-castello-di-kromberk\/","og_locale":"en_US","og_type":"article","og_title":"Escursione transfrontaliera in bici con visita guidate al castello di Kromberk - Circolo Controtempo","og_description":"Escursione transfrontaliera in bici con visita guidate al castello di Kromberk Sabato 29 agosto Ore 08:30 Il castello fu chiamato...","og_url":"https:\/\/controtempo.org\/en\/eventi-collaterali\/escursione-transfrontaliera-in-bici-con-visita-guidate-al-castello-di-kromberk\/","og_site_name":"Circolo Controtempo","og_image":[{"width":500,"height":333,"url":"https:\/\/controtempo.org\/wp-content\/uploads\/2021\/04\/grad_kromberk.jpg","type":"image\/jpeg"}],"twitter_card":"summary_large_image","twitter_misc":{"Est. reading time":"1 minute"},"schema":{"@context":"https:\/\/schema.org","@graph":[{"@type":"WebPage","@id":"https:\/\/controtempo.org\/en\/eventi-collaterali\/escursione-transfrontaliera-in-bici-con-visita-guidate-al-castello-di-kromberk\/","url":"https:\/\/controtempo.org\/en\/eventi-collaterali\/escursione-transfrontaliera-in-bici-con-visita-guidate-al-castello-di-kromberk\/","name":"Escursione transfrontaliera in bici con visita guidate al castello di Kromberk - Circolo Controtempo","isPartOf":{"@id":"https:\/\/controtempo.org\/en\/#website"},"primaryImageOfPage":{"@id":"https:\/\/controtempo.org\/en\/eventi-collaterali\/escursione-transfrontaliera-in-bici-con-visita-guidate-al-castello-di-kromberk\/#primaryimage"},"image":{"@id":"https:\/\/controtempo.org\/en\/eventi-collaterali\/escursione-transfrontaliera-in-bici-con-visita-guidate-al-castello-di-kromberk\/#primaryimage"},"thumbnailUrl":"https:\/\/controtempo.org\/wp-content\/uploads\/2021\/04\/grad_kromberk.jpg","datePublished":"2020-07-19T22:00:00+00:00","breadcrumb":{"@id":"https:\/\/controtempo.org\/en\/eventi-collaterali\/escursione-transfrontaliera-in-bici-con-visita-guidate-al-castello-di-kromberk\/#breadcrumb"},"inLanguage":"en-US","potentialAction":[{"@type":"ReadAction","target":["https:\/\/controtempo.org\/en\/eventi-collaterali\/escursione-transfrontaliera-in-bici-con-visita-guidate-al-castello-di-kromberk\/"]}]},{"@type":"ImageObject","inLanguage":"en-US","@id":"https:\/\/controtempo.org\/en\/eventi-collaterali\/escursione-transfrontaliera-in-bici-con-visita-guidate-al-castello-di-kromberk\/#primaryimage","url":"https:\/\/controtempo.org\/wp-content\/uploads\/2021\/04\/grad_kromberk.jpg","contentUrl":"https:\/\/controtempo.org\/wp-content\/uploads\/2021\/04\/grad_kromberk.jpg","width":500,"height":333},{"@type":"BreadcrumbList","@id":"https:\/\/controtempo.org\/en\/eventi-collaterali\/escursione-transfrontaliera-in-bici-con-visita-guidate-al-castello-di-kromberk\/#breadcrumb","itemListElement":[{"@type":"ListItem","position":1,"name":"Home","item":"https:\/\/controtempo.org\/en\/"},{"@type":"ListItem","position":2,"name":"Collaterali","item":"https:\/\/controtempo.org\/en\/eventi-collaterali\/"},{"@type":"ListItem","position":3,"name":"Escursione transfrontaliera in bici con visita guidate al castello di Kromberk"}]},{"@type":"WebSite","@id":"https:\/\/controtempo.org\/en\/#website","url":"https:\/\/controtempo.org\/en\/","name":"Circolo Controtempo","description":"","potentialAction":[{"@type":"SearchAction","target":{"@type":"EntryPoint","urlTemplate":"https:\/\/controtempo.org\/en\/?s={search_term_string}"},"query-input":{"@type":"PropertyValueSpecification","valueRequired":true,"valueName":"search_term_string"}}],"inLanguage":"en-US"}]}},"_links":{"self":[{"href":"https:\/\/controtempo.org\/en\/wp-json\/wp\/v2\/eventi-collaterali\/50071","targetHints":{"allow":["GET"]}}],"collection":[{"href":"https:\/\/controtempo.org\/en\/wp-json\/wp\/v2\/eventi-collaterali"}],"about":[{"href":"https:\/\/controtempo.org\/en\/wp-json\/wp\/v2\/types\/eventi-collaterali"}],"replies":[{"embeddable":true,"href":"https:\/\/controtempo.org\/en\/wp-json\/wp\/v2\/comments?post=50071"}],"version-history":[{"count":0,"href":"https:\/\/controtempo.org\/en\/wp-json\/wp\/v2\/eventi-collaterali\/50071\/revisions"}],"wp:featuredmedia":[{"embeddable":true,"href":"https:\/\/controtempo.org\/en\/wp-json\/wp\/v2\/media\/48426"}],"wp:attachment":[{"href":"https:\/\/controtempo.org\/en\/wp-json\/wp\/v2\/media?parent=50071"}],"wp:term":[{"taxonomy":"festival","embeddable":true,"href":"https:\/\/controtempo.org\/en\/wp-json\/wp\/v2\/festival?post=50071"}],"curies":[{"name":"wp","href":"https:\/\/api.w.org\/{rel}","templated":true}]}}

<h3 style="text-align: justify;"><span style="color: #000000;">Escursione transfrontaliera in bici con visita guidate al castello di Kromberk</span></h3>
<p>Sabato 29 agosto<br />
Ore 08:30</p>
<p style="text-align: justify;"><span style="color: #000000;">Il castello fu chiamato con il come del suo proprietario Giovanni Maria Coronini, al quale l’imperatore conferì nel 1609 il titolo »von Cronberg« e la competenza giuridica. Il maniero è una struttura rinascimentale tipica con pianta quadrata e torri angolari. Nelle due guerre il castello subì forti danni, ma venne ristrutturato ogni volta. Dal 1954 fino 2012 vi ha sede il Museo del Goriziano (Goriški muzej). Al interno ancora oggi si trovano le sue ricche collezioni di pittura, storia culturale e con locali che ospitano mostre temporanee. L’interno è stato ideato dall’architetto Janez Suhadolc.</span></p>
<p style="text-align: justify;"><span style="color: #000000;">Il maniero è circondato da un giardino a terrazze, in parte originale e in parte ricostruito. La ricostruzione fu effettuata secondo i dati risalenti al sec. XVIII. Il parterre nella parte settentrionale è ideato in stile barocco. La modesta fontana di pietra come motivo centrale dell’asse, è divisa in quattro sezioni. Il parterre un tempo veniva circondato da un basso muro e ornato da vasi. Una parte del giardino lungo il parterre è stata abilmente adibita a parcheggio. Nell’asse meridionale del castello si sono conservati il giardino d’inverno e la grotta con la scultura di Kronos. Nel sec. XIX vennero aggiunti alberi nuovi, in stile paesaggistico. Furono sistemati i sentieri per passeggiate con panche e tavolo di pietra, una torretta per falchi e un ruscello con una cascata artificiale. </span></p>
<p><span style="color: #000000;"><strong>IL PROGRAMMA </strong><br />
<strong>Ritrovo alle ore 8:30 in piazza Transalpina </strong><br />
<strong>Visita guidata al Castello di Kromberk </strong><br />
<strong>Rientro alle ore 11:30 in piazza transalpina </strong></span></p>
<p><span style="color: #000000;">euro 20,00 | prenotazione obbligatoria: <strong>info@cycletaurus.com / +39 366 3713500</strong></span></p>
<p><span style="color: #000000;">in collaborazione con: </span></p>
<p><a href="https://cycletaurus.com"><img loading="lazy" decoding="async" class="alignnone wp-image-25031" src="http://controtempo.org/wp-content/uploads/2020/07/Schermata-2020-07-20-alle-23.18.15-e1595280007200.png" alt="" width="157" height="147" srcset="https://controtempo.org/wp-content/uploads/2020/07/Schermata-2020-07-20-alle-23.18.15-e1595280007200.png 1200w, https://controtempo.org/wp-content/uploads/2020/07/Schermata-2020-07-20-alle-23.18.15-e1595280007200-300x280.png 300w, https://controtempo.org/wp-content/uploads/2020/07/Schermata-2020-07-20-alle-23.18.15-e1595280007200-1024x957.png 1024w, https://controtempo.org/wp-content/uploads/2020/07/Schermata-2020-07-20-alle-23.18.15-e1595280007200-768x717.png 768w, https://controtempo.org/wp-content/uploads/2020/07/Schermata-2020-07-20-alle-23.18.15-e1595280007200-700x654.png 700w" sizes="auto, (max-width: 157px) 100vw, 157px" /></a></p>
