{"id":50066,"date":"2020-09-25T00:00:00","date_gmt":"2020-09-24T22:00:00","guid":{"rendered":"https:\/\/controtempo.org\/eventi-collaterali\/jazzwine-day-oreste-sabadin-clarinetto-pittura-estemporanea\/"},"modified":"2020-09-25T00:00:00","modified_gmt":"2020-09-24T22:00:00","slug":"jazzwine-day-oreste-sabadin-clarinetto-pittura-estemporanea","status":"publish","type":"eventi-collaterali","link":"https:\/\/controtempo.org\/en\/eventi-collaterali\/jazzwine-day-oreste-sabadin-clarinetto-pittura-estemporanea\/","title":{"rendered":"JAZZ&#038;WINE DAY &#8211;  Oreste Sabadin, clarinetto &#038; pittura estemporanea"},"content":{"rendered":"<p style=\"text-align: justify;\"><span style=\"color: #000000;\"><strong>Venerd\u00ec 16 ottobre,<\/strong><span style=\"color: #000000;\"><strong>ore 17.30<\/strong><br \/>\n<span style=\"color: #000000;\"><strong>Tenuta Vistorta, Sacile<\/strong><br \/>\n<span style=\"color: #000000;\">Strada Vistorta, 82, 33077 Sacile PN<\/span><\/span><\/span><\/span><\/p>\n<p style=\"text-align: justify;\"><span style=\"color: #000000;\">All\u2019interno del \u00a0progetto di pi\u00f9 ampio respiro rappresentato da<strong> Jazz &amp; Wine Italia<\/strong> nasce il\u00a0<strong>Jazz &amp; Wine Day<\/strong>,\u00a0per cui \u00e8 stata scelta la simbolica data del\u00a016 ottobre,\u00a0giornata internazionale dell\u2019alimentazione. Gli eventi si terranno in sedi non convenzionali quali cantine e luoghi solitamente chiusi al pubblico delle aziende vitivinicole, immersi in paesaggi straordinari. La musica diventer\u00e0 parte stessa del territorio circostante rappresentando ed esaltandone la bellezza<\/span><\/p>\n<p style=\"text-align: justify;\"><span style=\"color: #000000;\">Il Jazz&amp;Wine Day vuole essere una\u00a0giornata simbolo, che celebri non solo il connubio della musica jazz e del vino, ma che vuole anche porre attenzione\u00a0alla sostenibilit\u00e0, alle tradizioni locali e tipiche di ciascun territorio, esaltandone le peculiarit\u00e0 ed\u00a0alle produzioni biologiche ed ecosostenibili.\u00a0\u00a0Verr\u00e0 data la possibilit\u00e0 al pubblico non solo di ascoltare la musica e degustare i prodotti, ma di immergersi in ciascuna realt\u00e0 produttiva interiorizzandone le scelte, per una totale immersione nel\u00a0Made in Italy.<\/span><\/p>\n<p style=\"text-align: justify;\"><span style=\"color: #000000;\">Controtempo, promotore dell\u2019iniziativa, la celebra con una esibizione di<strong> Oreste Sabadin<\/strong>. L\u2019artista si esibir\u00e0 con una performance di improvvisazione pittorica su carta in grande formato. La tecnica mista prevede l\u2019utilizzo di prodotti ed elementi come terricci e spezie, ed anche erbe, foglie, fiori, ed eventualmente anche qualche tocco di colori \u201cconvenzionali\u201d. Il pubblico potr\u00e0 osservare l\u2019artista al lavoro e seguire le logiche della realizzazione estemporanea di una nuova opera, dialogare con lui e, alla fine, brindare insieme con i vini di tenuta Vistorta.<\/span><\/p>\n<p><strong><span style=\"color: #000000;\"><span style=\"caret-color: #000000;\">Ingresso \u00a0\u20ac 10,00<br \/>\nPrenotazione obbligatoria a ticket@controtempo.org<br \/>\n<\/span><\/span><\/strong><\/p>\n<p style=\"text-align: center;\">in collaborazione con:<\/p>\n<p style=\"text-align: center;\">\u00a0 \u00a0<img loading=\"lazy\" decoding=\"async\" class=\"alignnone wp-image-10890\" src=\"http:\/\/controtempo.org\/wp-content\/uploads\/2017\/09\/logo-vistorta-1.jpg\" alt=\"\" width=\"272\" height=\"163\" \/>\u00a0 \u00a0 <img loading=\"lazy\" decoding=\"async\" class=\"alignnone wp-image-25052 size-thumbnail\" src=\"http:\/\/controtempo.org\/wp-content\/uploads\/2020\/07\/image0-150x150.jpeg\" alt=\"\" width=\"150\" height=\"150\" \/><\/p>\n<p>&nbsp;<\/p>\n<p>&nbsp;<\/p>\n","protected":false},"excerpt":{"rendered":"<p>Venerd\u00ec 16 ottobre,ore 17.30 Tenuta Vistorta, Sacile Strada Vistorta, 82, 33077 Sacile PN All\u2019interno del \u00a0progetto di pi\u00f9 ampio respiro&#8230;<\/p>\n","protected":false},"featured_media":48416,"comment_status":"open","ping_status":"closed","template":"","meta":{"ngg_post_thumbnail":0,"footnotes":""},"festival":[156],"class_list":["post-50066","eventi-collaterali","type-eventi-collaterali","status-publish","has-post-thumbnail","hentry","festival-il-volo-del-jazz-2020-en"],"yoast_head":"<!-- This site is optimized with the Yoast SEO plugin v27.5 - https:\/\/yoast.com\/product\/yoast-seo-wordpress\/ -->\n<title>JAZZ&amp;WINE DAY - Oreste Sabadin, clarinetto &amp; pittura estemporanea - Circolo Controtempo<\/title>\n<meta name=\"robots\" content=\"index, follow, max-snippet:-1, max-image-preview:large, max-video-preview:-1\" \/>\n<link rel=\"canonical\" href=\"https:\/\/controtempo.org\/en\/eventi-collaterali\/jazzwine-day-oreste-sabadin-clarinetto-pittura-estemporanea\/\" \/>\n<meta property=\"og:locale\" content=\"en_US\" \/>\n<meta property=\"og:type\" content=\"article\" \/>\n<meta property=\"og:title\" content=\"JAZZ&amp;WINE DAY - Oreste Sabadin, clarinetto &amp; pittura estemporanea - Circolo Controtempo\" \/>\n<meta property=\"og:description\" content=\"Venerd\u00ec 16 ottobre,ore 17.30 Tenuta Vistorta, Sacile Strada Vistorta, 82, 33077 Sacile PN All\u2019interno del \u00a0progetto di pi\u00f9 ampio respiro...\" \/>\n<meta property=\"og:url\" content=\"https:\/\/controtempo.org\/en\/eventi-collaterali\/jazzwine-day-oreste-sabadin-clarinetto-pittura-estemporanea\/\" \/>\n<meta property=\"og:site_name\" content=\"Circolo Controtempo\" \/>\n<meta property=\"og:image\" content=\"https:\/\/controtempo.org\/wp-content\/uploads\/2021\/04\/sabadin-1.png\" \/>\n\t<meta property=\"og:image:width\" content=\"390\" \/>\n\t<meta property=\"og:image:height\" content=\"390\" \/>\n\t<meta property=\"og:image:type\" content=\"image\/png\" \/>\n<meta name=\"twitter:card\" content=\"summary_large_image\" \/>\n<meta name=\"twitter:label1\" content=\"Est. reading time\" \/>\n\t<meta name=\"twitter:data1\" content=\"1 minute\" \/>\n<script type=\"application\/ld+json\" class=\"yoast-schema-graph\">{\"@context\":\"https:\\\/\\\/schema.org\",\"@graph\":[{\"@type\":\"WebPage\",\"@id\":\"https:\\\/\\\/controtempo.org\\\/en\\\/eventi-collaterali\\\/jazzwine-day-oreste-sabadin-clarinetto-pittura-estemporanea\\\/\",\"url\":\"https:\\\/\\\/controtempo.org\\\/en\\\/eventi-collaterali\\\/jazzwine-day-oreste-sabadin-clarinetto-pittura-estemporanea\\\/\",\"name\":\"JAZZ&WINE DAY - Oreste Sabadin, clarinetto & pittura estemporanea - Circolo Controtempo\",\"isPartOf\":{\"@id\":\"https:\\\/\\\/controtempo.org\\\/en\\\/#website\"},\"primaryImageOfPage\":{\"@id\":\"https:\\\/\\\/controtempo.org\\\/en\\\/eventi-collaterali\\\/jazzwine-day-oreste-sabadin-clarinetto-pittura-estemporanea\\\/#primaryimage\"},\"image\":{\"@id\":\"https:\\\/\\\/controtempo.org\\\/en\\\/eventi-collaterali\\\/jazzwine-day-oreste-sabadin-clarinetto-pittura-estemporanea\\\/#primaryimage\"},\"thumbnailUrl\":\"https:\\\/\\\/controtempo.org\\\/wp-content\\\/uploads\\\/2021\\\/04\\\/sabadin-1.png\",\"datePublished\":\"2020-09-24T22:00:00+00:00\",\"breadcrumb\":{\"@id\":\"https:\\\/\\\/controtempo.org\\\/en\\\/eventi-collaterali\\\/jazzwine-day-oreste-sabadin-clarinetto-pittura-estemporanea\\\/#breadcrumb\"},\"inLanguage\":\"en-US\",\"potentialAction\":[{\"@type\":\"ReadAction\",\"target\":[\"https:\\\/\\\/controtempo.org\\\/en\\\/eventi-collaterali\\\/jazzwine-day-oreste-sabadin-clarinetto-pittura-estemporanea\\\/\"]}]},{\"@type\":\"ImageObject\",\"inLanguage\":\"en-US\",\"@id\":\"https:\\\/\\\/controtempo.org\\\/en\\\/eventi-collaterali\\\/jazzwine-day-oreste-sabadin-clarinetto-pittura-estemporanea\\\/#primaryimage\",\"url\":\"https:\\\/\\\/controtempo.org\\\/wp-content\\\/uploads\\\/2021\\\/04\\\/sabadin-1.png\",\"contentUrl\":\"https:\\\/\\\/controtempo.org\\\/wp-content\\\/uploads\\\/2021\\\/04\\\/sabadin-1.png\",\"width\":390,\"height\":390},{\"@type\":\"BreadcrumbList\",\"@id\":\"https:\\\/\\\/controtempo.org\\\/en\\\/eventi-collaterali\\\/jazzwine-day-oreste-sabadin-clarinetto-pittura-estemporanea\\\/#breadcrumb\",\"itemListElement\":[{\"@type\":\"ListItem\",\"position\":1,\"name\":\"Home\",\"item\":\"https:\\\/\\\/controtempo.org\\\/en\\\/\"},{\"@type\":\"ListItem\",\"position\":2,\"name\":\"Collaterali\",\"item\":\"https:\\\/\\\/controtempo.org\\\/en\\\/eventi-collaterali\\\/\"},{\"@type\":\"ListItem\",\"position\":3,\"name\":\"JAZZ&#038;WINE DAY &#8211; Oreste Sabadin, clarinetto &#038; pittura estemporanea\"}]},{\"@type\":\"WebSite\",\"@id\":\"https:\\\/\\\/controtempo.org\\\/en\\\/#website\",\"url\":\"https:\\\/\\\/controtempo.org\\\/en\\\/\",\"name\":\"Circolo Controtempo\",\"description\":\"\",\"potentialAction\":[{\"@type\":\"SearchAction\",\"target\":{\"@type\":\"EntryPoint\",\"urlTemplate\":\"https:\\\/\\\/controtempo.org\\\/en\\\/?s={search_term_string}\"},\"query-input\":{\"@type\":\"PropertyValueSpecification\",\"valueRequired\":true,\"valueName\":\"search_term_string\"}}],\"inLanguage\":\"en-US\"}]}<\/script>\n<!-- \/ Yoast SEO plugin. -->","yoast_head_json":{"title":"JAZZ&WINE DAY - Oreste Sabadin, clarinetto & pittura estemporanea - Circolo Controtempo","robots":{"index":"index","follow":"follow","max-snippet":"max-snippet:-1","max-image-preview":"max-image-preview:large","max-video-preview":"max-video-preview:-1"},"canonical":"https:\/\/controtempo.org\/en\/eventi-collaterali\/jazzwine-day-oreste-sabadin-clarinetto-pittura-estemporanea\/","og_locale":"en_US","og_type":"article","og_title":"JAZZ&WINE DAY - Oreste Sabadin, clarinetto & pittura estemporanea - Circolo Controtempo","og_description":"Venerd\u00ec 16 ottobre,ore 17.30 Tenuta Vistorta, Sacile Strada Vistorta, 82, 33077 Sacile PN All\u2019interno del \u00a0progetto di pi\u00f9 ampio respiro...","og_url":"https:\/\/controtempo.org\/en\/eventi-collaterali\/jazzwine-day-oreste-sabadin-clarinetto-pittura-estemporanea\/","og_site_name":"Circolo Controtempo","og_image":[{"width":390,"height":390,"url":"https:\/\/controtempo.org\/wp-content\/uploads\/2021\/04\/sabadin-1.png","type":"image\/png"}],"twitter_card":"summary_large_image","twitter_misc":{"Est. reading time":"1 minute"},"schema":{"@context":"https:\/\/schema.org","@graph":[{"@type":"WebPage","@id":"https:\/\/controtempo.org\/en\/eventi-collaterali\/jazzwine-day-oreste-sabadin-clarinetto-pittura-estemporanea\/","url":"https:\/\/controtempo.org\/en\/eventi-collaterali\/jazzwine-day-oreste-sabadin-clarinetto-pittura-estemporanea\/","name":"JAZZ&WINE DAY - Oreste Sabadin, clarinetto & pittura estemporanea - Circolo Controtempo","isPartOf":{"@id":"https:\/\/controtempo.org\/en\/#website"},"primaryImageOfPage":{"@id":"https:\/\/controtempo.org\/en\/eventi-collaterali\/jazzwine-day-oreste-sabadin-clarinetto-pittura-estemporanea\/#primaryimage"},"image":{"@id":"https:\/\/controtempo.org\/en\/eventi-collaterali\/jazzwine-day-oreste-sabadin-clarinetto-pittura-estemporanea\/#primaryimage"},"thumbnailUrl":"https:\/\/controtempo.org\/wp-content\/uploads\/2021\/04\/sabadin-1.png","datePublished":"2020-09-24T22:00:00+00:00","breadcrumb":{"@id":"https:\/\/controtempo.org\/en\/eventi-collaterali\/jazzwine-day-oreste-sabadin-clarinetto-pittura-estemporanea\/#breadcrumb"},"inLanguage":"en-US","potentialAction":[{"@type":"ReadAction","target":["https:\/\/controtempo.org\/en\/eventi-collaterali\/jazzwine-day-oreste-sabadin-clarinetto-pittura-estemporanea\/"]}]},{"@type":"ImageObject","inLanguage":"en-US","@id":"https:\/\/controtempo.org\/en\/eventi-collaterali\/jazzwine-day-oreste-sabadin-clarinetto-pittura-estemporanea\/#primaryimage","url":"https:\/\/controtempo.org\/wp-content\/uploads\/2021\/04\/sabadin-1.png","contentUrl":"https:\/\/controtempo.org\/wp-content\/uploads\/2021\/04\/sabadin-1.png","width":390,"height":390},{"@type":"BreadcrumbList","@id":"https:\/\/controtempo.org\/en\/eventi-collaterali\/jazzwine-day-oreste-sabadin-clarinetto-pittura-estemporanea\/#breadcrumb","itemListElement":[{"@type":"ListItem","position":1,"name":"Home","item":"https:\/\/controtempo.org\/en\/"},{"@type":"ListItem","position":2,"name":"Collaterali","item":"https:\/\/controtempo.org\/en\/eventi-collaterali\/"},{"@type":"ListItem","position":3,"name":"JAZZ&#038;WINE DAY &#8211; Oreste Sabadin, clarinetto &#038; pittura estemporanea"}]},{"@type":"WebSite","@id":"https:\/\/controtempo.org\/en\/#website","url":"https:\/\/controtempo.org\/en\/","name":"Circolo Controtempo","description":"","potentialAction":[{"@type":"SearchAction","target":{"@type":"EntryPoint","urlTemplate":"https:\/\/controtempo.org\/en\/?s={search_term_string}"},"query-input":{"@type":"PropertyValueSpecification","valueRequired":true,"valueName":"search_term_string"}}],"inLanguage":"en-US"}]}},"_links":{"self":[{"href":"https:\/\/controtempo.org\/en\/wp-json\/wp\/v2\/eventi-collaterali\/50066","targetHints":{"allow":["GET"]}}],"collection":[{"href":"https:\/\/controtempo.org\/en\/wp-json\/wp\/v2\/eventi-collaterali"}],"about":[{"href":"https:\/\/controtempo.org\/en\/wp-json\/wp\/v2\/types\/eventi-collaterali"}],"replies":[{"embeddable":true,"href":"https:\/\/controtempo.org\/en\/wp-json\/wp\/v2\/comments?post=50066"}],"version-history":[{"count":0,"href":"https:\/\/controtempo.org\/en\/wp-json\/wp\/v2\/eventi-collaterali\/50066\/revisions"}],"wp:featuredmedia":[{"embeddable":true,"href":"https:\/\/controtempo.org\/en\/wp-json\/wp\/v2\/media\/48416"}],"wp:attachment":[{"href":"https:\/\/controtempo.org\/en\/wp-json\/wp\/v2\/media?parent=50066"}],"wp:term":[{"taxonomy":"festival","embeddable":true,"href":"https:\/\/controtempo.org\/en\/wp-json\/wp\/v2\/festival?post=50066"}],"curies":[{"name":"wp","href":"https:\/\/api.w.org\/{rel}","templated":true}]}}

<p style="text-align: justify;"><span style="color: #000000;"><strong>Venerdì 16 ottobre,</strong><span style="color: #000000;"><strong>ore 17.30</strong><br />
<span style="color: #000000;"><strong>Tenuta Vistorta, Sacile</strong><br />
<span style="color: #000000;">Strada Vistorta, 82, 33077 Sacile PN</span></span></span></span></p>
<p style="text-align: justify;"><span style="color: #000000;">All’interno del  progetto di più ampio respiro rappresentato da<strong> Jazz &amp; Wine Italia</strong> nasce il <strong>Jazz &amp; Wine Day</strong>, per cui è stata scelta la simbolica data del 16 ottobre, giornata internazionale dell’alimentazione. Gli eventi si terranno in sedi non convenzionali quali cantine e luoghi solitamente chiusi al pubblico delle aziende vitivinicole, immersi in paesaggi straordinari. La musica diventerà parte stessa del territorio circostante rappresentando ed esaltandone la bellezza</span></p>
<p style="text-align: justify;"><span style="color: #000000;">Il Jazz&amp;Wine Day vuole essere una giornata simbolo, che celebri non solo il connubio della musica jazz e del vino, ma che vuole anche porre attenzione alla sostenibilità, alle tradizioni locali e tipiche di ciascun territorio, esaltandone le peculiarità ed alle produzioni biologiche ed ecosostenibili.  Verrà data la possibilità al pubblico non solo di ascoltare la musica e degustare i prodotti, ma di immergersi in ciascuna realtà produttiva interiorizzandone le scelte, per una totale immersione nel Made in Italy.</span></p>
<p style="text-align: justify;"><span style="color: #000000;">Controtempo, promotore dell’iniziativa, la celebra con una esibizione di<strong> Oreste Sabadin</strong>. L’artista si esibirà con una performance di improvvisazione pittorica su carta in grande formato. La tecnica mista prevede l’utilizzo di prodotti ed elementi come terricci e spezie, ed anche erbe, foglie, fiori, ed eventualmente anche qualche tocco di colori “convenzionali”. Il pubblico potrà osservare l’artista al lavoro e seguire le logiche della realizzazione estemporanea di una nuova opera, dialogare con lui e, alla fine, brindare insieme con i vini di tenuta Vistorta.</span></p>
<p><strong><span style="color: #000000;"><span style="caret-color: #000000;">Ingresso  € 10,00<br />
Prenotazione obbligatoria a ticket@controtempo.org<br />
</span></span></strong></p>
<p style="text-align: center;">in collaborazione con:</p>
<p style="text-align: center;">   <img loading="lazy" decoding="async" class="alignnone wp-image-10890" src="http://controtempo.org/wp-content/uploads/2017/09/logo-vistorta-1.jpg" alt="" width="272" height="163" />    <img loading="lazy" decoding="async" class="alignnone wp-image-25052 size-thumbnail" src="http://controtempo.org/wp-content/uploads/2020/07/image0-150x150.jpeg" alt="" width="150" height="150" /></p>
<p>&nbsp;</p>
<p>&nbsp;</p>

<p>Venerdì 16 ottobre,ore 17.30 Tenuta Vistorta, Sacile Strada Vistorta, 82, 33077 Sacile PN All’interno del  progetto di più ampio respiro&#8230;</p>

<!-- This site is optimized with the Yoast SEO plugin v27.5 - https://yoast.com/product/yoast-seo-wordpress/ -->
<title>JAZZ&amp;WINE DAY - Oreste Sabadin, clarinetto &amp; pittura estemporanea - Circolo Controtempo</title>
<meta name="robots" content="index, follow, max-snippet:-1, max-image-preview:large, max-video-preview:-1" />
<link rel="canonical" href="https://controtempo.org/en/eventi-collaterali/jazzwine-day-oreste-sabadin-clarinetto-pittura-estemporanea/" />
<meta property="og:locale" content="en_US" />
<meta property="og:type" content="article" />
<meta property="og:title" content="JAZZ&amp;WINE DAY - Oreste Sabadin, clarinetto &amp; pittura estemporanea - Circolo Controtempo" />
<meta property="og:description" content="Venerdì 16 ottobre,ore 17.30 Tenuta Vistorta, Sacile Strada Vistorta, 82, 33077 Sacile PN All’interno del  progetto di più ampio respiro..." />
<meta property="og:url" content="https://controtempo.org/en/eventi-collaterali/jazzwine-day-oreste-sabadin-clarinetto-pittura-estemporanea/" />
<meta property="og:site_name" content="Circolo Controtempo" />
<meta property="og:image" content="https://controtempo.org/wp-content/uploads/2021/04/sabadin-1.png" />
	<meta property="og:image:width" content="390" />
	<meta property="og:image:height" content="390" />
	<meta property="og:image:type" content="image/png" />
<meta name="twitter:card" content="summary_large_image" />
<meta name="twitter:label1" content="Est. reading time" />
	<meta name="twitter:data1" content="1 minute" />
<script type="application/ld+json" class="yoast-schema-graph">{"@context":"https:\/\/schema.org","@graph":[{"@type":"WebPage","@id":"https:\/\/controtempo.org\/en\/eventi-collaterali\/jazzwine-day-oreste-sabadin-clarinetto-pittura-estemporanea\/","url":"https:\/\/controtempo.org\/en\/eventi-collaterali\/jazzwine-day-oreste-sabadin-clarinetto-pittura-estemporanea\/","name":"JAZZ&WINE DAY - Oreste Sabadin, clarinetto & pittura estemporanea - Circolo Controtempo","isPartOf":{"@id":"https:\/\/controtempo.org\/en\/#website"},"primaryImageOfPage":{"@id":"https:\/\/controtempo.org\/en\/eventi-collaterali\/jazzwine-day-oreste-sabadin-clarinetto-pittura-estemporanea\/#primaryimage"},"image":{"@id":"https:\/\/controtempo.org\/en\/eventi-collaterali\/jazzwine-day-oreste-sabadin-clarinetto-pittura-estemporanea\/#primaryimage"},"thumbnailUrl":"https:\/\/controtempo.org\/wp-content\/uploads\/2021\/04\/sabadin-1.png","datePublished":"2020-09-24T22:00:00+00:00","breadcrumb":{"@id":"https:\/\/controtempo.org\/en\/eventi-collaterali\/jazzwine-day-oreste-sabadin-clarinetto-pittura-estemporanea\/#breadcrumb"},"inLanguage":"en-US","potentialAction":[{"@type":"ReadAction","target":["https:\/\/controtempo.org\/en\/eventi-collaterali\/jazzwine-day-oreste-sabadin-clarinetto-pittura-estemporanea\/"]}]},{"@type":"ImageObject","inLanguage":"en-US","@id":"https:\/\/controtempo.org\/en\/eventi-collaterali\/jazzwine-day-oreste-sabadin-clarinetto-pittura-estemporanea\/#primaryimage","url":"https:\/\/controtempo.org\/wp-content\/uploads\/2021\/04\/sabadin-1.png","contentUrl":"https:\/\/controtempo.org\/wp-content\/uploads\/2021\/04\/sabadin-1.png","width":390,"height":390},{"@type":"BreadcrumbList","@id":"https:\/\/controtempo.org\/en\/eventi-collaterali\/jazzwine-day-oreste-sabadin-clarinetto-pittura-estemporanea\/#breadcrumb","itemListElement":[{"@type":"ListItem","position":1,"name":"Home","item":"https:\/\/controtempo.org\/en\/"},{"@type":"ListItem","position":2,"name":"Collaterali","item":"https:\/\/controtempo.org\/en\/eventi-collaterali\/"},{"@type":"ListItem","position":3,"name":"JAZZ&#038;WINE DAY &#8211; Oreste Sabadin, clarinetto &#038; pittura estemporanea"}]},{"@type":"WebSite","@id":"https:\/\/controtempo.org\/en\/#website","url":"https:\/\/controtempo.org\/en\/","name":"Circolo Controtempo","description":"","potentialAction":[{"@type":"SearchAction","target":{"@type":"EntryPoint","urlTemplate":"https:\/\/controtempo.org\/en\/?s={search_term_string}"},"query-input":{"@type":"PropertyValueSpecification","valueRequired":true,"valueName":"search_term_string"}}],"inLanguage":"en-US"}]}</script>
<!-- / Yoast SEO plugin. -->

Venerdì 16 ottobre,ore 17.30 Tenuta Vistorta, Sacile Strada Vistorta, 82, 33077 Sacile PN All’interno del  progetto di più ampio respiro...
